From mboxrd@z Thu Jan 1 00:00:00 1970 Return-Path: Received: from mails.dpdk.org (mails.dpdk.org [217.70.189.124]) by inbox.dpdk.org (Postfix) with ESMTP id 51D3643319 for ; Mon, 13 Nov 2023 08:10:41 +0100 (CET) Received: from mails.dpdk.org (localhost [127.0.0.1]) by mails.dpdk.org (Postfix) with ESMTP id 4BF784026C; Mon, 13 Nov 2023 08:10:41 +0100 (CET) Received: from mail-lj1-f226.google.com (mail-lj1-f226.google.com [209.85.208.226]) by mails.dpdk.org (Postfix) with ESMTP id 4EBE14026C for ; Mon, 13 Nov 2023 08:10:26 +0100 (CET) Received: by mail-lj1-f226.google.com with SMTP id 38308e7fff4ca-2c50cf61f6dso57003491fa.2 for ; Sun, 12 Nov 2023 23:10:26 -0800 (PST) DKIM-Signature: v=1; a=rsa-sha256; c=relaxed/relaxed; d=iol.unh.edu; s=unh-iol; t=1699859426; x=1700464226; darn=dpdk.org; h=cc:to:from:subject:message-id:date:from:to:cc:subject:date :message-id:reply-to; bh=gRULpAcqa1Y1+GI4J39xlqk85RLfsB1R31RGtOkLpMw=; b=BnZ8HChEks0H/9bGahVo/OAyw2KTfoQxvP37jbcvEyLCLuD6litcsy58BX3LSc/rvh pKU3tCMUJFodZIibINRrj1mHY1BgRzrnu3GVzrQjfgzd1VD1I33N3gjLRBcR4TQdOpdu poNniCk6kj7oOipmfCIykBZ0MAHPPiSqgoSPc= X-Google-DKIM-Signature: v=1; a=rsa-sha256; c=relaxed/relaxed; d=1e100.net; s=20230601; t=1699859426; x=1700464226; h=cc:to:from:subject:message-id:date:x-gm-message-state:from:to:cc :subject:date:message-id:reply-to; bh=gRULpAcqa1Y1+GI4J39xlqk85RLfsB1R31RGtOkLpMw=; b=sfoupUAUuPB0BgSIS/CUjYTwE8XhQOx9ifByh9X9kQnuLHdKgWKiNNjJ9XobJZba8/ nMDRhuIUocgUgN1aPhBix77jc5WaYTwPx0FFdguP0SA6DYwSR5N4WsgtMjlxvoTAC4fc fngcbuBxnWrP32g9z9gXTD/kyqSNxVTODPgNCmBp6D2uQKTuc0UTmDIyHqqOrEKn72+t txTsJwduICU5zoXsUQX9Yp6ahHxJer5jH9+gjDHDFAukkY9qqVqoD+48gB07Q4R5Cg/F neYMttb/yQBabrE9wFMG/adPt8U7Ks0OZqW5EqCP9bxI/afiBxlE7lh8qVNbgazg4MyZ wsZw== X-Gm-Message-State: AOJu0YzXL9fCxLlVmPynSxgnW1hWg+hRnh1rb+nR6KRCYqJ1076FTuyj GrSUb4wSiKYPC3dE5tcnqHdur/8Q54rbVhLV77Urax/CtljZ/1Ydc1iYrMyIUHQJKw== X-Google-Smtp-Source: AGHT+IEK/DNtmjTqM0AaVsYrTD/QMdnjvvhqnAsFJRftmtFBK08KCAVwrTXOgN72Jl2HsnYPO6esUp5j92kN X-Received: by 2002:a2e:9b85:0:b0:2c5:23ac:3672 with SMTP id z5-20020a2e9b85000000b002c523ac3672mr3908214lji.45.1699859426032; Sun, 12 Nov 2023 23:10:26 -0800 (PST) Received: from postal.iol.unh.edu (postal.iol.unh.edu. [2606:4100:3880:1234::84]) by smtp-relay.gmail.com with ESMTPS id q23-20020a2e9157000000b002c7ed09f07bsm492534ljg.23.2023.11.12.23.10.25 (version=TLS1_2 cipher=ECDHE-ECDSA-AES128-GCM-SHA256 bits=128/128); Sun, 12 Nov 2023 23:10:26 -0800 (PST) X-Relaying-Domain: iol.unh.edu Date: Sun, 12 Nov 2023 23:10:26 -0800 (PST) Message-ID: <6551cbe2.2e0a0220.9ae0.3806SMTPIN_ADDED_MISSING@mx.google.com> Received: from [172.21.0.3] (unknown [172.18.0.240]) by postal.iol.unh.edu (Postfix) with ESMTP id CD60F605C318; Mon, 13 Nov 2023 02:10:24 -0500 (EST) Subject: |FAILURE| [GIT MASTER] 7849366693a2a2cbc5279a6bfd39cbb457fe7c96 From: dpdklab@iol.unh.edu To: Test Report Cc: dpdk-test-reports@iol.unh.edu, Xueming Li , Christian Ehrhardt , Kevin Traynor , Luca Boccassi Content-Type: text/plain X-BeenThere: test-report@dpdk.org X-Mailman-Version: 2.1.29 Precedence: list List-Id: automatic DPDK test reports List-Unsubscribe: , List-Archive: List-Post: List-Help: List-Subscribe: , Errors-To: test-report-bounces@dpdk.org _Testing issues_ Branch: tags/v22.11 7849366693a2a2cbc5279a6bfd39cbb457fe7c96 --> testing fail Test environment and result as below: +---------------------+----------------+ | Environment | dpdk_unit_test | +=====================+================+ | Windows Server 2019 | FAIL | +---------------------+----------------+ | CentOS Stream 9 | PASS | +---------------------+----------------+ | Debian Bullseye | PASS | +---------------------+----------------+ | Fedora 37 | PASS | +---------------------+----------------+ | CentOS Stream 8 | PASS | +---------------------+----------------+ | Debian Buster | PASS | +---------------------+----------------+ | Fedora 38 | PASS | +---------------------+----------------+ | RHEL8 | PASS | +---------------------+----------------+ | openSUSE Leap 15 | PASS | +---------------------+----------------+ | Ubuntu 20.04 | PASS | +---------------------+----------------+ | RHEL 7 | PASS | +---------------------+----------------+ | Ubuntu 22.04 | PASS | +---------------------+----------------+ ==== 20 line log output for Windows Server 2019 (dpdk_unit_test): ==== 85/93 DPDK:fast-tests / power_autotest SKIP 0.12s exit status 77 86/93 DPDK:fast-tests / power_kvm_vm_autotest SKIP 0.12s exit status 77 87/93 DPDK:fast-tests / power_intel_uncore_autotest SKIP 0.12s exit status 77 88/93 DPDK:fast-tests / reorder_autotest SKIP 0.12s exit status 77 89/93 DPDK:fast-tests / service_autotest OK 3.42s 90/93 DPDK:fast-tests / thash_autotest OK 0.12s 91/93 DPDK:fast-tests / threads_autotest OK 0.71s 92/93 DPDK:fast-tests / trace_autotest SKIP 0.12s exit status 77 93/93 DPDK:fast-tests / metrics_autotest OK 0.12s Ok: 49 Expected Fail: 0 Fail: 1 Unexpected Pass: 0 Skipped: 43 Timeout: 0 Full log written to C:\Users\builder\jenkins\workspace\Generic-VM-Unit-Test-DPDK\dpdk\build\meson-logs\testlog.txt ==== End log output ==== Windows Server 2019 Kernel: 10.0 Compiler: clang 14.0 and gcc 8.1.0 (MinGW) CentOS Stream 9 Kernel: 4.18.0-240.10.1.el8_3.x86_64 Compiler: gcc 11.3.1 20220421 Debian Bullseye Kernel: 5.4.0-122-generic Compiler: gcc 10.2.1-6 Fedora 37 Kernel: Depends on container host system Compiler: gcc 12.3.1 CentOS Stream 8 Kernel: 4.18.0-240.10.1.el8_3.x86_64 Compiler: gcc 8.4.1 20200928 Debian Buster Kernel: 5.4.0-122-generic Compiler: gcc 8.3.0-6 Fedora 38 Kernel: Depends on container host Compiler: clang 16.0.3 RHEL8 Kernel: 4.18.0-240.10.1.el8_3.x86_64 Compiler: gcc 8.3.1 20191121 (Red Hat 8.3.1-5) openSUSE Leap 15 Kernel: 4.18.0-240.10.1.el8_3.x86_64 Compiler: gcc 7.5.0 Ubuntu 20.04 Kernel: 5.4.0-153-generic Compiler: gcc 9.4.0-1ubuntu1~20.04.1 RHEL 7 Kernel: 4.18.0-240.10.1.el8_3.x86_64 Compiler: gcc 4.8.5 20150623 (Red Hat 4.8.5-44) Ubuntu 22.04 Kernel: 4.18.0-240.10.1.el8_3.x86_64 Compiler: gcc 11.3.0 To view detailed results, visit: https://lab.dpdk.org/results/dashboard/tarballs/26955/ UNH-IOL DPDK Community Lab To manage your email subscriptions, visit: https://lab.dpdk.org/results/dashboard/preferences/subscriptions/