From mboxrd@z Thu Jan 1 00:00:00 1970 Return-Path: Received: from mails.dpdk.org (mails.dpdk.org [217.70.189.124]) by inbox.dpdk.org (Postfix) with ESMTP id 42BC343335 for ; Wed, 15 Nov 2023 08:15:51 +0100 (CET) Received: from mails.dpdk.org (localhost [127.0.0.1]) by mails.dpdk.org (Postfix) with ESMTP id 271D6400EF; Wed, 15 Nov 2023 08:15:51 +0100 (CET) Received: from mail-wr1-f98.google.com (mail-wr1-f98.google.com [209.85.221.98]) by mails.dpdk.org (Postfix) with ESMTP id D88DF400EF for ; Wed, 15 Nov 2023 08:15:49 +0100 (CET) Received: by mail-wr1-f98.google.com with SMTP id ffacd0b85a97d-32f78dcf036so288301f8f.0 for ; Tue, 14 Nov 2023 23:15:49 -0800 (PST) DKIM-Signature: v=1; a=rsa-sha256; c=relaxed/relaxed; d=iol.unh.edu; s=unh-iol; t=1700032549; x=1700637349; darn=dpdk.org; h=cc:to:from:subject:message-id:date:from:to:cc:subject:date :message-id:reply-to; bh=0vpsY2OYP/xUe/6pv4u2ggf+k5bnzLt3loX6nNZNpac=; b=hQhKVSbYx04vgVQW3+KDiY/x/7U07jjLrhJusaQTG4t05tjbsq/s3qg5R3FHFJ9Ckv jY8fhHCzg9VERm6Bn/6pj7SI62OovnmGOC5espUjVJVI6cgxGHoaw9wJJoXv2lbItdR+ yCKVbCPieVmUxYlmE+mHSIRDkwK/wzvmBro78= X-Google-DKIM-Signature: v=1; a=rsa-sha256; c=relaxed/relaxed; d=1e100.net; s=20230601; t=1700032549; x=1700637349; h=cc:to:from:subject:message-id:date:x-gm-message-state:from:to:cc :subject:date:message-id:reply-to; bh=0vpsY2OYP/xUe/6pv4u2ggf+k5bnzLt3loX6nNZNpac=; b=uaJLVWVyAsJskNvUQZZiN3JQzLQCYc/xBz/+6QwyoAsTTuOef2+NFh6cTBALAsqX1h KRFQd61Y3Mq9bc7Q+KvgT+5ZeUQTBx7pu1s+FUpT+XdFN/V1jIZvoxGhS1zL1fGgU7FE YnD5xuThzkDaOX3lWIyFaZxtFeimYR53M/kGu5xA/xKnOReSqjHXLsgJZ2PIX56AVR6m ZV/DbjLxjEb93ETGcSEbmibIorFdtw//0vbaDXWPH0/7gw560iymh8mDmwQxg1bYfAhl xf3f3NPqAUWwFPg5VUnYoCGKtowFGtENtdSl6aeW7lkzeaU+07AIzCBwtLdtaGSCZQ1i kOlA== X-Gm-Message-State: AOJu0YxSQYKuc/o5AOBl6fWepfTWZY/NtJaP/13ROLfhQP0pLFY5gCwl HiI9G2+BiOS084TEushD66kibuOvl++qcNHY73cUI7fz6eSmtw== X-Google-Smtp-Source: AGHT+IE0cU215Grebpk/634Z1NnnBN4p6nYGl22fpbbt4p7s2QlFLEEW6CSlKBW5mEBgqtJIW8Q0ybJ87FcT X-Received: by 2002:a5d:5c06:0:b0:32f:88f9:ba44 with SMTP id cc6-20020a5d5c06000000b0032f88f9ba44mr4191235wrb.25.1700032549394; Tue, 14 Nov 2023 23:15:49 -0800 (PST) Received: from postal.iol.unh.edu (postal.iol.unh.edu. [132.177.123.84]) by smtp-relay.gmail.com with ESMTPS id g18-20020adffc92000000b0032de7314a21sm2187797wrr.105.2023.11.14.23.15.49 (version=TLS1_2 cipher=ECDHE-ECDSA-AES128-GCM-SHA256 bits=128/128); Tue, 14 Nov 2023 23:15:49 -0800 (PST) X-Relaying-Domain: iol.unh.edu Date: Tue, 14 Nov 2023 23:15:49 -0800 (PST) Message-ID: <65547025.df0a0220.e2f0.600dSMTPIN_ADDED_MISSING@mx.google.com> Received: from [172.21.0.3] (unknown [172.18.0.240]) by postal.iol.unh.edu (Postfix) with ESMTP id 3DBA7605C318; Wed, 15 Nov 2023 02:15:48 -0500 (EST) Subject: |FAILURE| [GIT MASTER] 7849366693a2a2cbc5279a6bfd39cbb457fe7c96 From: dpdklab@iol.unh.edu To: Test Report Cc: dpdk-test-reports@iol.unh.edu, Xueming Li , Christian Ehrhardt , Kevin Traynor , Luca Boccassi Content-Type: text/plain X-BeenThere: test-report@dpdk.org X-Mailman-Version: 2.1.29 Precedence: list List-Id: automatic DPDK test reports List-Unsubscribe: , List-Archive: List-Post: List-Help: List-Subscribe: , Errors-To: test-report-bounces@dpdk.org _Testing issues_ Branch: tags/v22.11 7849366693a2a2cbc5279a6bfd39cbb457fe7c96 --> testing fail Test environment and result as below: +---------------------+----------------+ | Environment | dpdk_unit_test | +=====================+================+ | Windows Server 2019 | FAIL | +---------------------+----------------+ | CentOS Stream 9 | PASS | +---------------------+----------------+ | CentOS Stream 8 | PASS | +---------------------+----------------+ | Debian Buster | PASS | +---------------------+----------------+ | Debian Bullseye | PASS | +---------------------+----------------+ | Fedora 38 | PASS | +---------------------+----------------+ | openSUSE Leap 15 | PASS | +---------------------+----------------+ | Fedora 37 | PASS | +---------------------+----------------+ ==== 20 line log output for Windows Server 2019 (dpdk_unit_test): ==== 85/93 DPDK:fast-tests / power_autotest SKIP 0.12s exit status 77 86/93 DPDK:fast-tests / power_kvm_vm_autotest SKIP 0.12s exit status 77 87/93 DPDK:fast-tests / power_intel_uncore_autotest SKIP 0.12s exit status 77 88/93 DPDK:fast-tests / reorder_autotest SKIP 0.12s exit status 77 89/93 DPDK:fast-tests / service_autotest OK 3.44s 90/93 DPDK:fast-tests / thash_autotest OK 0.12s 91/93 DPDK:fast-tests / threads_autotest OK 0.68s 92/93 DPDK:fast-tests / trace_autotest SKIP 0.12s exit status 77 93/93 DPDK:fast-tests / metrics_autotest OK 0.12s Ok: 49 Expected Fail: 0 Fail: 1 Unexpected Pass: 0 Skipped: 43 Timeout: 0 Full log written to C:\Users\builder\jenkins\workspace\Generic-VM-Unit-Test-DPDK\dpdk\build\meson-logs\testlog.txt ==== End log output ==== Windows Server 2019 Kernel: 10.0 Compiler: clang 14.0 and gcc 8.1.0 (MinGW) CentOS Stream 9 Kernel: 4.18.0-240.10.1.el8_3.x86_64 Compiler: gcc 11.3.1 20220421 CentOS Stream 8 Kernel: 4.18.0-240.10.1.el8_3.x86_64 Compiler: gcc 8.4.1 20200928 Debian Buster Kernel: 5.4.0-122-generic Compiler: gcc 8.3.0-6 Debian Bullseye Kernel: 5.4.0-122-generic Compiler: gcc 10.2.1-6 Fedora 38 Kernel: Depends on container host Compiler: gcc 13.1.1 openSUSE Leap 15 Kernel: 4.18.0-240.10.1.el8_3.x86_64 Compiler: gcc 7.5.0 Fedora 37 Kernel: Depends on container host system Compiler: gcc 12.3.1 To view detailed results, visit: https://lab.dpdk.org/results/dashboard/tarballs/26998/ UNH-IOL DPDK Community Lab To manage your email subscriptions, visit: https://lab.dpdk.org/results/dashboard/preferences/subscriptions/