From mboxrd@z Thu Jan 1 00:00:00 1970 Return-Path: Received: from mails.dpdk.org (mails.dpdk.org [217.70.189.124]) by inbox.dpdk.org (Postfix) with ESMTP id 3AB814333F for ; Thu, 16 Nov 2023 07:09:58 +0100 (CET) Received: from mails.dpdk.org (localhost [127.0.0.1]) by mails.dpdk.org (Postfix) with ESMTP id 357A840150; Thu, 16 Nov 2023 07:09:58 +0100 (CET) Received: from mail-wm1-f98.google.com (mail-wm1-f98.google.com [209.85.128.98]) by mails.dpdk.org (Postfix) with ESMTP id 7315E40150 for ; Thu, 16 Nov 2023 07:09:57 +0100 (CET) Received: by mail-wm1-f98.google.com with SMTP id 5b1f17b1804b1-4083dbc43cfso2880265e9.3 for ; Wed, 15 Nov 2023 22:09:57 -0800 (PST) DKIM-Signature: v=1; a=rsa-sha256; c=relaxed/relaxed; d=iol.unh.edu; s=unh-iol; t=1700114997; x=1700719797; darn=dpdk.org; h=cc:to:from:subject:message-id:date:from:to:cc:subject:date :message-id:reply-to; bh=Bu5pToMeQ3PaH/3Y4VIv6Oza+XzIS+xjj+eSrt8EmTw=; b=Y75M9pncRP3KDJzeJ2E9F4SVvi3dCG1FAklk/6wy3HHrPrF9tRqjMDQvgmD+k5GtpT wKMtzgx7cC4eJ1PtHDNuPGs5r4JCiJiEH8fiX9qWfPPkFbWesGXP46ESYCCbnCHD7NFp kzpyhFlOob1i7+8QpfTiPB7L/ub9UJsMGVSlQ= X-Google-DKIM-Signature: v=1; a=rsa-sha256; c=relaxed/relaxed; d=1e100.net; s=20230601; t=1700114997; x=1700719797; h=cc:to:from:subject:message-id:date:x-gm-message-state:from:to:cc :subject:date:message-id:reply-to; bh=Bu5pToMeQ3PaH/3Y4VIv6Oza+XzIS+xjj+eSrt8EmTw=; b=nilv4fvx2mvue4edpcEvn7mODdcVZSuqZb9r5fAmFy60FNlxAvOFo7iHjmfeNGcNk2 GxdGrXs8epOr39UrW6Pc4MPZH2RpDVMkaXpYQPi1eDIBdp/vdWFh+Cf37YAB4E+i0GNJ +U/TPL5v95UCLmDZGeYbD2BkCgkwxZHcAqEbOqiRAQZtWiGcTkJqoQ9Ls26A1CApU/7M RvS8a0CZCcQR/BUpsn0sO5390XvzF43EMUTsR1pDtNjfhppGs7k1c5QWv0Ph4f4AqCOx nk9neQdyufCk8rcvzfEv8U1CgEvob6nk1GPMdpsw+o+XB/t4yvmhpmSXlt1lqCHrSwKf DhTg== X-Gm-Message-State: AOJu0YzV2pExbliYDb1rIWRabb9tvcC6+7imu2oF/oCnzMY0C3+AgRXD wx4Mq+wKUGpdykNlEhYnPzqXCDgPoG8wJYZxhGAzAR/+0CsDPkeMLEWpQky8W4ha0w== X-Google-Smtp-Source: AGHT+IFg2CBYqDhcj0RrYeJ/sw1KuLPhmE8er7OcUUMWYLqEPoE5RGlNw580e3omHUtglZ86lSt7jb6y0V/0 X-Received: by 2002:a05:600c:474b:b0:40a:4609:9c90 with SMTP id w11-20020a05600c474b00b0040a46099c90mr13193108wmo.29.1700114997139; Wed, 15 Nov 2023 22:09:57 -0800 (PST) Received: from postal.iol.unh.edu (postal.iol.unh.edu. [2606:4100:3880:1234::84]) by smtp-relay.gmail.com with ESMTPS id j17-20020a05600c485100b00408bbe46a95sm137080wmo.21.2023.11.15.22.09.57 (version=TLS1_2 cipher=ECDHE-ECDSA-AES128-GCM-SHA256 bits=128/128); Wed, 15 Nov 2023 22:09:57 -0800 (PST) X-Relaying-Domain: iol.unh.edu Date: Wed, 15 Nov 2023 22:09:57 -0800 (PST) Message-ID: <6555b235.050a0220.15f5a.3b64SMTPIN_ADDED_MISSING@mx.google.com> Received: from [172.21.0.4] (unknown [172.18.0.240]) by postal.iol.unh.edu (Postfix) with ESMTP id 3EAFC605C318; Thu, 16 Nov 2023 01:09:56 -0500 (EST) Subject: |FAILURE| [GIT MASTER] 7849366693a2a2cbc5279a6bfd39cbb457fe7c96 From: dpdklab@iol.unh.edu To: Test Report Cc: dpdk-test-reports@iol.unh.edu, Xueming Li , Christian Ehrhardt , Kevin Traynor , Luca Boccassi Content-Type: text/plain X-BeenThere: test-report@dpdk.org X-Mailman-Version: 2.1.29 Precedence: list List-Id: automatic DPDK test reports List-Unsubscribe: , List-Archive: List-Post: List-Help: List-Subscribe: , Errors-To: test-report-bounces@dpdk.org _Testing issues_ Branch: tags/v22.11 7849366693a2a2cbc5279a6bfd39cbb457fe7c96 --> testing fail Test environment and result as below: +---------------------+----------------+ | Environment | dpdk_unit_test | +=====================+================+ | Windows Server 2019 | FAIL | +---------------------+----------------+ | Debian Buster | PASS | +---------------------+----------------+ | CentOS Stream 9 | PASS | +---------------------+----------------+ ==== 20 line log output for Windows Server 2019 (dpdk_unit_test): ==== 85/93 DPDK:fast-tests / power_autotest SKIP 0.11s exit status 77 86/93 DPDK:fast-tests / power_kvm_vm_autotest SKIP 0.11s exit status 77 87/93 DPDK:fast-tests / power_intel_uncore_autotest SKIP 0.12s exit status 77 88/93 DPDK:fast-tests / reorder_autotest SKIP 0.11s exit status 77 89/93 DPDK:fast-tests / service_autotest OK 3.67s 90/93 DPDK:fast-tests / thash_autotest OK 0.22s 91/93 DPDK:fast-tests / threads_autotest OK 0.68s 92/93 DPDK:fast-tests / trace_autotest SKIP 0.12s exit status 77 93/93 DPDK:fast-tests / metrics_autotest OK 0.11s Ok: 49 Expected Fail: 0 Fail: 1 Unexpected Pass: 0 Skipped: 43 Timeout: 0 Full log written to C:\Users\builder\jenkins\workspace\Generic-VM-Unit-Test-DPDK\dpdk\build\meson-logs\testlog.txt ==== End log output ==== Windows Server 2019 Kernel: 10.0 Compiler: clang 14.0 and gcc 8.1.0 (MinGW) Debian Buster Kernel: 5.4.0-122-generic Compiler: gcc 8.3.0-6 CentOS Stream 9 Kernel: 4.18.0-240.10.1.el8_3.x86_64 Compiler: gcc 11.3.1 20220421 To view detailed results, visit: https://lab.dpdk.org/results/dashboard/tarballs/27015/ UNH-IOL DPDK Community Lab To manage your email subscriptions, visit: https://lab.dpdk.org/results/dashboard/preferences/subscriptions/