From mboxrd@z Thu Jan 1 00:00:00 1970 Return-Path: Received: from mails.dpdk.org (mails.dpdk.org [217.70.189.124]) by inbox.dpdk.org (Postfix) with ESMTP id BC4DF43379 for ; Mon, 20 Nov 2023 07:34:56 +0100 (CET) Received: from mails.dpdk.org (localhost [127.0.0.1]) by mails.dpdk.org (Postfix) with ESMTP id B866442DB1; Mon, 20 Nov 2023 07:34:56 +0100 (CET) Received: from mail-pg1-f226.google.com (mail-pg1-f226.google.com [209.85.215.226]) by mails.dpdk.org (Postfix) with ESMTP id 7616240266 for ; Mon, 20 Nov 2023 07:34:18 +0100 (CET) Received: by mail-pg1-f226.google.com with SMTP id 41be03b00d2f7-5bd85b1939aso2118658a12.2 for ; Sun, 19 Nov 2023 22:34:18 -0800 (PST) DKIM-Signature: v=1; a=rsa-sha256; c=relaxed/relaxed; d=iol.unh.edu; s=unh-iol; t=1700462057; x=1701066857; darn=dpdk.org; h=cc:to:from:subject:message-id:date:from:to:cc:subject:date :message-id:reply-to; bh=BTuRXFjpnztkBo4C7pQ2Of4HB2MD5YzN3QVM97Fiivk=; b=Q4jPF5WkrNdiugdMQVsQFnaAmTMq+tYX9/cwpDUeEepMarHgE3uJkVPQsNVKu+pBTg iikcPYfZERLMIpBvM5T+Z7Qye98WLNUbkB78cevYQ5Zli+f4Fvn92/NZ6nBpUtDVt5Yc 76cKWNk8UADDMbls1+786La5owD0frZLarJko= X-Google-DKIM-Signature: v=1; a=rsa-sha256; c=relaxed/relaxed; d=1e100.net; s=20230601; t=1700462057; x=1701066857; h=cc:to:from:subject:message-id:date:x-gm-message-state:from:to:cc :subject:date:message-id:reply-to; bh=BTuRXFjpnztkBo4C7pQ2Of4HB2MD5YzN3QVM97Fiivk=; b=QEZ2kngJly5neuy4rzN3DV6xEQZLeuT6dplaOjcjC80C8v9ybb88TyFG2dYjdrWwgY Xb0y021F6cTex/O04bwnB7bTa1P91n/7ddU/tb8bfWkdoYAR/5ZA8VM5LaBwwWDvR72c 54cNokzjQaYG5gQZI+6PEWh4TysUDbXUvFnuuZl+Y8XKUXLwpvF/wox8t0bjsNQRTEiQ LweDhZcWYkNe5/z4APBSfsQKUD0m4pfa3T++vIZbvu28/vYZ87adEKHTZRQGPam28BFr V1R1b9UBF0AZYUQ/PWV86qx1JbqbdWvDzX1M8IWSopw8JZMmvSmGNt9Vbbpl/h+Gb6ww bNJQ== X-Gm-Message-State: AOJu0Yxm8AQ2G+ugLmGsn9bRDY5f4T0q8VRhG1whvrjnEBtdVib6lUIC eZV6y5baP425Pzmzjidptwu1ysBplBJ2A/b6qdaB8dlLmuPrDg== X-Google-Smtp-Source: AGHT+IF6hTt69vrDMIpYKj4mOMLyS2TGuZEmwqzO4nKJP6DDWmfUilInXIMTrHNUJJ437peIKkntxbpPGpxQ X-Received: by 2002:a05:6a20:4323:b0:188:8a66:8e8d with SMTP id h35-20020a056a20432300b001888a668e8dmr4336030pzk.45.1700462057668; Sun, 19 Nov 2023 22:34:17 -0800 (PST) Received: from postal.iol.unh.edu (postal.iol.unh.edu. [132.177.123.84]) by smtp-relay.gmail.com with ESMTPS id 13-20020a170902c10d00b001bbc8fa4bdesm179144pli.77.2023.11.19.22.34.17 (version=TLS1_2 cipher=ECDHE-ECDSA-AES128-GCM-SHA256 bits=128/128); Sun, 19 Nov 2023 22:34:17 -0800 (PST) X-Relaying-Domain: iol.unh.edu Date: Sun, 19 Nov 2023 22:34:17 -0800 (PST) Message-ID: <655afde9.170a0220.15cf4.76f3SMTPIN_ADDED_MISSING@mx.google.com> Received: from [172.21.0.3] (unknown [172.18.0.240]) by postal.iol.unh.edu (Postfix) with ESMTP id A80426051823; Mon, 20 Nov 2023 01:34:16 -0500 (EST) Subject: |FAILURE| [GIT MASTER] 7849366693a2a2cbc5279a6bfd39cbb457fe7c96 From: dpdklab@iol.unh.edu To: Test Report Cc: dpdk-test-reports@iol.unh.edu, Xueming Li , Christian Ehrhardt , Kevin Traynor , Luca Boccassi Content-Type: text/plain X-BeenThere: test-report@dpdk.org X-Mailman-Version: 2.1.29 Precedence: list List-Id: automatic DPDK test reports List-Unsubscribe: , List-Archive: List-Post: List-Help: List-Subscribe: , Errors-To: test-report-bounces@dpdk.org _Testing issues_ Branch: tags/v22.11 7849366693a2a2cbc5279a6bfd39cbb457fe7c96 --> testing fail Test environment and result as below: +---------------------+----------------+ | Environment | dpdk_unit_test | +=====================+================+ | Windows Server 2019 | FAIL | +---------------------+----------------+ | CentOS Stream 8 | PASS | +---------------------+----------------+ | Debian Buster | PASS | +---------------------+----------------+ | CentOS Stream 9 | PASS | +---------------------+----------------+ | Debian Bullseye | PASS | +---------------------+----------------+ | RHEL 7 | PASS | +---------------------+----------------+ ==== 20 line log output for Windows Server 2019 (dpdk_unit_test): ==== 85/93 DPDK:fast-tests / power_autotest SKIP 0.12s exit status 77 86/93 DPDK:fast-tests / power_kvm_vm_autotest SKIP 0.12s exit status 77 87/93 DPDK:fast-tests / power_intel_uncore_autotest SKIP 0.12s exit status 77 88/93 DPDK:fast-tests / reorder_autotest SKIP 0.25s exit status 77 89/93 DPDK:fast-tests / service_autotest OK 3.87s 90/93 DPDK:fast-tests / thash_autotest OK 0.20s 91/93 DPDK:fast-tests / threads_autotest OK 0.75s 92/93 DPDK:fast-tests / trace_autotest SKIP 0.12s exit status 77 93/93 DPDK:fast-tests / metrics_autotest OK 0.12s Ok: 49 Expected Fail: 0 Fail: 1 Unexpected Pass: 0 Skipped: 43 Timeout: 0 Full log written to C:\Users\builder\jenkins\workspace\Generic-VM-Unit-Test-DPDK\dpdk\build\meson-logs\testlog.txt ==== End log output ==== Windows Server 2019 Kernel: 10.0 Compiler: clang 14.0 and gcc 8.1.0 (MinGW) CentOS Stream 8 Kernel: 4.18.0-240.10.1.el8_3.x86_64 Compiler: gcc 8.4.1 20200928 Debian Buster Kernel: 5.4.0-122-generic Compiler: gcc 8.3.0-6 CentOS Stream 9 Kernel: 4.18.0-240.10.1.el8_3.x86_64 Compiler: gcc 11.3.1 20220421 Debian Bullseye Kernel: 5.4.0-122-generic Compiler: gcc 10.2.1-6 RHEL 7 Kernel: 4.18.0-240.10.1.el8_3.x86_64 Compiler: gcc 4.8.5 20150623 (Red Hat 4.8.5-44) To view detailed results, visit: https://lab.dpdk.org/results/dashboard/tarballs/27047/ UNH-IOL DPDK Community Lab To manage your email subscriptions, visit: https://lab.dpdk.org/results/dashboard/preferences/subscriptions/