From mboxrd@z Thu Jan 1 00:00:00 1970 Return-Path: Received: from mails.dpdk.org (mails.dpdk.org [217.70.189.124]) by inbox.dpdk.org (Postfix) with ESMTP id 4621F43379 for ; Mon, 20 Nov 2023 07:37:49 +0100 (CET) Received: from mails.dpdk.org (localhost [127.0.0.1]) by mails.dpdk.org (Postfix) with ESMTP id 3F6BA40266; Mon, 20 Nov 2023 07:37:49 +0100 (CET) Received: from mail-il1-f228.google.com (mail-il1-f228.google.com [209.85.166.228]) by mails.dpdk.org (Postfix) with ESMTP id 6DCA140266 for ; Mon, 20 Nov 2023 07:37:26 +0100 (CET) Received: by mail-il1-f228.google.com with SMTP id e9e14a558f8ab-358ff34cd9eso16382055ab.1 for ; Sun, 19 Nov 2023 22:37:26 -0800 (PST) DKIM-Signature: v=1; a=rsa-sha256; c=relaxed/relaxed; d=iol.unh.edu; s=unh-iol; t=1700462246; x=1701067046; darn=dpdk.org; h=cc:to:from:subject:message-id:date:from:to:cc:subject:date :message-id:reply-to; bh=BTuRXFjpnztkBo4C7pQ2Of4HB2MD5YzN3QVM97Fiivk=; b=U+on9EN0pomjDAUtNdqLgTz1sy4AXMFgzywZEudY1IEOnMF2A5+xmmnwYMzcIKE1hv y9knukDLkvucy7MMm+FKrX6tzlP1pp7iKwY0o56sqQL3/xlGRU3fdfS9kA5tz981te1v k4XhMsQZ7SOsCMFfBPo7YbK5VzdIL6YDGAOHc= X-Google-DKIM-Signature: v=1; a=rsa-sha256; c=relaxed/relaxed; d=1e100.net; s=20230601; t=1700462246; x=1701067046; h=cc:to:from:subject:message-id:date:x-gm-message-state:from:to:cc :subject:date:message-id:reply-to; bh=BTuRXFjpnztkBo4C7pQ2Of4HB2MD5YzN3QVM97Fiivk=; b=p/1iCZKsNH3+lj9cY9NzACW+sge558q8zPIWcXLuFFyJ9WKsCLUg/7xMfivKYtcPBZ 1/NqYAQYTibIZWLHxLq/UfqTziEEn7+aJ8ORV4htc4K6yl/FcX7aXr7tpzJlWiWFiLAE 8QF28nKcBQEfIgR45g/hxUqkI7XKdRYmcR07k+2tAff8bDmIpSVUcQxZwoH8qPD1Hy01 2mhZFd/A7+jxOu3egUWa+0SFh2O99rImRgNLDJNvbpS2SdTSM3fL2PS4AwwZqHl+S1kj /KosRWGqDQh1rf8KlI5tlwY2tQyf69QrsaIdY4EmLS16Tos/Bx+yy7gn7/0IAqULGbdk rXJg== X-Gm-Message-State: AOJu0YwXdTrTS+S6XpvvlEcjfu5+Yc9kIgLeSsDZjZ+Zv1weYAfH3EPA I9atqYUGL/b1SSYiSOYDFVYBqrbIb/p/RmcOL7/27O56OP0zc0RuopVTD3BIljHU/g== X-Google-Smtp-Source: AGHT+IGAUpDQnlB+uA/uQ98loNF2JmjTmvgDfh6I5ATz8zzb95BfJjDpCTLBxCWAe0wJag2t2I1c03f4O5R8 X-Received: by 2002:a05:6e02:12a4:b0:359:4199:1ff0 with SMTP id f4-20020a056e0212a400b0035941991ff0mr6922260ilr.16.1700462245867; Sun, 19 Nov 2023 22:37:25 -0800 (PST) Received: from postal.iol.unh.edu (postal.iol.unh.edu. [2606:4100:3880:1234::84]) by smtp-relay.gmail.com with ESMTPS id a16-20020a92c710000000b003512b165203sm325423ilp.47.2023.11.19.22.37.25 (version=TLS1_2 cipher=ECDHE-ECDSA-AES128-GCM-SHA256 bits=128/128); Sun, 19 Nov 2023 22:37:25 -0800 (PST) X-Relaying-Domain: iol.unh.edu Date: Sun, 19 Nov 2023 22:37:25 -0800 (PST) Message-ID: <655afea5.920a0220.a0da4.f57fSMTPIN_ADDED_MISSING@mx.google.com> Received: from [172.21.0.2] (unknown [172.18.0.240]) by postal.iol.unh.edu (Postfix) with ESMTP id 30BDE6051823; Mon, 20 Nov 2023 01:37:25 -0500 (EST) Subject: |FAILURE| [GIT MASTER] 7849366693a2a2cbc5279a6bfd39cbb457fe7c96 From: dpdklab@iol.unh.edu To: Test Report Cc: dpdk-test-reports@iol.unh.edu, Xueming Li , Christian Ehrhardt , Kevin Traynor , Luca Boccassi Content-Type: text/plain X-BeenThere: test-report@dpdk.org X-Mailman-Version: 2.1.29 Precedence: list List-Id: automatic DPDK test reports List-Unsubscribe: , List-Archive: List-Post: List-Help: List-Subscribe: , Errors-To: test-report-bounces@dpdk.org _Testing issues_ Branch: tags/v22.11 7849366693a2a2cbc5279a6bfd39cbb457fe7c96 --> testing fail Test environment and result as below: +---------------------+----------------+ | Environment | dpdk_unit_test | +=====================+================+ | Windows Server 2019 | FAIL | +---------------------+----------------+ | CentOS Stream 8 | PASS | +---------------------+----------------+ | Debian Buster | PASS | +---------------------+----------------+ | CentOS Stream 9 | PASS | +---------------------+----------------+ | Debian Bullseye | PASS | +---------------------+----------------+ | RHEL 7 | PASS | +---------------------+----------------+ ==== 20 line log output for Windows Server 2019 (dpdk_unit_test): ==== 85/93 DPDK:fast-tests / power_autotest SKIP 0.12s exit status 77 86/93 DPDK:fast-tests / power_kvm_vm_autotest SKIP 0.12s exit status 77 87/93 DPDK:fast-tests / power_intel_uncore_autotest SKIP 0.12s exit status 77 88/93 DPDK:fast-tests / reorder_autotest SKIP 0.25s exit status 77 89/93 DPDK:fast-tests / service_autotest OK 3.87s 90/93 DPDK:fast-tests / thash_autotest OK 0.20s 91/93 DPDK:fast-tests / threads_autotest OK 0.75s 92/93 DPDK:fast-tests / trace_autotest SKIP 0.12s exit status 77 93/93 DPDK:fast-tests / metrics_autotest OK 0.12s Ok: 49 Expected Fail: 0 Fail: 1 Unexpected Pass: 0 Skipped: 43 Timeout: 0 Full log written to C:\Users\builder\jenkins\workspace\Generic-VM-Unit-Test-DPDK\dpdk\build\meson-logs\testlog.txt ==== End log output ==== Windows Server 2019 Kernel: 10.0 Compiler: clang 14.0 and gcc 8.1.0 (MinGW) CentOS Stream 8 Kernel: 4.18.0-240.10.1.el8_3.x86_64 Compiler: gcc 8.4.1 20200928 Debian Buster Kernel: 5.4.0-122-generic Compiler: gcc 8.3.0-6 CentOS Stream 9 Kernel: 4.18.0-240.10.1.el8_3.x86_64 Compiler: gcc 11.3.1 20220421 Debian Bullseye Kernel: 5.4.0-122-generic Compiler: gcc 10.2.1-6 RHEL 7 Kernel: 4.18.0-240.10.1.el8_3.x86_64 Compiler: gcc 4.8.5 20150623 (Red Hat 4.8.5-44) To view detailed results, visit: https://lab.dpdk.org/results/dashboard/tarballs/27047/ UNH-IOL DPDK Community Lab To manage your email subscriptions, visit: https://lab.dpdk.org/results/dashboard/preferences/subscriptions/