From mboxrd@z Thu Jan 1 00:00:00 1970 Return-Path: Received: from mails.dpdk.org (mails.dpdk.org [217.70.189.124]) by inbox.dpdk.org (Postfix) with ESMTP id 318DB43389 for ; Tue, 21 Nov 2023 07:21:43 +0100 (CET) Received: from mails.dpdk.org (localhost [127.0.0.1]) by mails.dpdk.org (Postfix) with ESMTP id 2CB774025F; Tue, 21 Nov 2023 07:21:43 +0100 (CET) Received: from mail-ed1-f99.google.com (mail-ed1-f99.google.com [209.85.208.99]) by mails.dpdk.org (Postfix) with ESMTP id E07F44025F for ; Tue, 21 Nov 2023 07:21:41 +0100 (CET) Received: by mail-ed1-f99.google.com with SMTP id 4fb4d7f45d1cf-5431614d90eso7457440a12.1 for ; Mon, 20 Nov 2023 22:21:41 -0800 (PST) DKIM-Signature: v=1; a=rsa-sha256; c=relaxed/relaxed; d=iol.unh.edu; s=unh-iol; t=1700547701; x=1701152501; darn=dpdk.org; h=cc:to:from:subject:message-id:date:from:to:cc:subject:date :message-id:reply-to; bh=aR5JWtOmedZLd0QKXP4SVrdY+cbGrSEoDfnIsfDlvq4=; b=UGNTIhFOBz5uO28oIt+ivvbOVLMqNejDZrQx/AbPZOnN+mP5zcN/eaYcKE8tbllKs4 tdLvcC7ghaVOF9QjsAFgpgJWHdJCuj74dXI+W86zhQk7nTWThJ3k8Bkn3BnAs3lZ/uTp s+spfefml3QjiHz5P6lB/0HoxTjafmlKaAMv0= X-Google-DKIM-Signature: v=1; a=rsa-sha256; c=relaxed/relaxed; d=1e100.net; s=20230601; t=1700547701; x=1701152501; h=cc:to:from:subject:message-id:date:x-gm-message-state:from:to:cc :subject:date:message-id:reply-to; bh=aR5JWtOmedZLd0QKXP4SVrdY+cbGrSEoDfnIsfDlvq4=; b=HrQpvxYYOcc3Nyo228rRauX/qUDpLCYcCmloZu/n6/x/GDI/ytaBMDlfYGUUvCBvuN sbxBLdTgOwKrfcOwLKUoDQjOrtZe+TXzEWplKyUMo29XP8wYhpQToCDeSBiMJYiLmBjS OvC/Ufqz1A6l16kND0w/rJbNRoJ1fDiNjLmti9aJoUuEhwbgtzq/JKXVURAE1nAxNcTe S2KZWjxsbww7Yoj17XOx+GEybqnEU17h/R+QvDo/AQP0+CuZFDGiFyHh6kPHbn6zSlLA /5dq5r1tQF1OzlSVNE+3d/+IKRmj8F+Jy8TWE9AGtUMc0MwjnG3AvBzx5GOtKvvXMCY3 WCFg== X-Gm-Message-State: AOJu0YxdX+M0+9lRsgb4ElasCpA5T79qY2ifc6MUZg8ocWbAndXuTzd5 x5QDW5PMmR5WIBIkzgWionPnh1dGaglHH7GQMRvWxSUoFIlY+BJ8fpAS93kS3bxbLQ== X-Google-Smtp-Source: AGHT+IGDWfQUMip4+ve9D3n4fGBgibYtrFR7IQCuVkiw+xFeCOnDsmMXec2B0ZjpT/KFPNOSSwXNxx4sEuFt X-Received: by 2002:aa7:c910:0:b0:548:4afe:c58d with SMTP id b16-20020aa7c910000000b005484afec58dmr1040833edt.29.1700547701555; Mon, 20 Nov 2023 22:21:41 -0800 (PST) Received: from postal.iol.unh.edu (postal.iol.unh.edu. [2606:4100:3880:1234::84]) by smtp-relay.gmail.com with ESMTPS id fi25-20020a056402551900b00548e7314184sm143100edb.7.2023.11.20.22.21.41 (version=TLS1_2 cipher=ECDHE-ECDSA-AES128-GCM-SHA256 bits=128/128); Mon, 20 Nov 2023 22:21:41 -0800 (PST) X-Relaying-Domain: iol.unh.edu Date: Mon, 20 Nov 2023 22:21:41 -0800 (PST) Message-ID: <655c4c75.050a0220.3726c.31bdSMTPIN_ADDED_MISSING@mx.google.com> Received: from [172.21.0.3] (unknown [172.18.0.240]) by postal.iol.unh.edu (Postfix) with ESMTP id A0E506045DC3; Tue, 21 Nov 2023 01:21:40 -0500 (EST) Subject: |FAILURE| [GIT MASTER] 7849366693a2a2cbc5279a6bfd39cbb457fe7c96 From: dpdklab@iol.unh.edu To: Test Report Cc: dpdk-test-reports@iol.unh.edu, Xueming Li , Christian Ehrhardt , Kevin Traynor , Luca Boccassi Content-Type: text/plain X-BeenThere: test-report@dpdk.org X-Mailman-Version: 2.1.29 Precedence: list List-Id: automatic DPDK test reports List-Unsubscribe: , List-Archive: List-Post: List-Help: List-Subscribe: , Errors-To: test-report-bounces@dpdk.org _Testing issues_ Branch: tags/v22.11 7849366693a2a2cbc5279a6bfd39cbb457fe7c96 --> testing fail Test environment and result as below: +---------------------+----------------+ | Environment | dpdk_unit_test | +=====================+================+ | Windows Server 2019 | FAIL | +---------------------+----------------+ | CentOS Stream 8 | PASS | +---------------------+----------------+ | Debian Buster | PASS | +---------------------+----------------+ | CentOS Stream 9 | PASS | +---------------------+----------------+ | Fedora 37 | PASS | +---------------------+----------------+ ==== 20 line log output for Windows Server 2019 (dpdk_unit_test): ==== 85/93 DPDK:fast-tests / power_autotest SKIP 0.12s exit status 77 86/93 DPDK:fast-tests / power_kvm_vm_autotest SKIP 0.12s exit status 77 87/93 DPDK:fast-tests / power_intel_uncore_autotest SKIP 0.12s exit status 77 88/93 DPDK:fast-tests / reorder_autotest SKIP 0.12s exit status 77 89/93 DPDK:fast-tests / service_autotest OK 3.64s 90/93 DPDK:fast-tests / thash_autotest OK 0.15s 91/93 DPDK:fast-tests / threads_autotest OK 0.71s 92/93 DPDK:fast-tests / trace_autotest SKIP 0.12s exit status 77 93/93 DPDK:fast-tests / metrics_autotest OK 0.16s Ok: 49 Expected Fail: 0 Fail: 1 Unexpected Pass: 0 Skipped: 43 Timeout: 0 Full log written to C:\Users\builder\jenkins\workspace\Generic-VM-Unit-Test-DPDK\dpdk\build\meson-logs\testlog.txt ==== End log output ==== Windows Server 2019 Kernel: 10.0 Compiler: clang 14.0 and gcc 8.1.0 (MinGW) CentOS Stream 8 Kernel: 4.18.0-240.10.1.el8_3.x86_64 Compiler: gcc 8.4.1 20200928 Debian Buster Kernel: 5.4.0-122-generic Compiler: gcc 8.3.0-6 CentOS Stream 9 Kernel: 4.18.0-240.10.1.el8_3.x86_64 Compiler: gcc 11.3.1 20220421 Fedora 37 Kernel: Depends on container host system Compiler: gcc 12.3.1 To view detailed results, visit: https://lab.dpdk.org/results/dashboard/tarballs/27062/ UNH-IOL DPDK Community Lab To manage your email subscriptions, visit: https://lab.dpdk.org/results/dashboard/preferences/subscriptions/