From mboxrd@z Thu Jan 1 00:00:00 1970 Return-Path: Received: from mails.dpdk.org (mails.dpdk.org [217.70.189.124]) by inbox.dpdk.org (Postfix) with ESMTP id 7B1C3433A3 for ; Thu, 23 Nov 2023 08:00:39 +0100 (CET) Received: from mails.dpdk.org (localhost [127.0.0.1]) by mails.dpdk.org (Postfix) with ESMTP id 74D6E427E8; Thu, 23 Nov 2023 08:00:39 +0100 (CET) Received: from mail-ed1-f98.google.com (mail-ed1-f98.google.com [209.85.208.98]) by mails.dpdk.org (Postfix) with ESMTP id DBA20402C2 for ; Thu, 23 Nov 2023 08:00:37 +0100 (CET) Received: by mail-ed1-f98.google.com with SMTP id 4fb4d7f45d1cf-548f0b7ab11so733346a12.1 for ; Wed, 22 Nov 2023 23:00:37 -0800 (PST) DKIM-Signature: v=1; a=rsa-sha256; c=relaxed/relaxed; d=iol.unh.edu; s=unh-iol; t=1700722837; x=1701327637; darn=dpdk.org; h=cc:to:from:subject:message-id:date:from:to:cc:subject:date :message-id:reply-to; bh=vVbOrKJJ8s16bW1GBsc1GpJwkVhbBShXJIPh897759c=; b=jSdrF+CbkXHd6GNeE3bdGU9DTLRZy+0HLdTHkLL7cEopR0/uzxCUe+dPqiTPW1e2PO XseHyxY/fX79KQxVjePK3hr2ALDdTAwpv0l1BCO/7hGyWtFgi6ydrGwH3Pz+ZP+rM0OC F9ijsdED2w8MHEw+wkUdhaVjoUemsui+eUO04= X-Google-DKIM-Signature: v=1; a=rsa-sha256; c=relaxed/relaxed; d=1e100.net; s=20230601; t=1700722837; x=1701327637; h=cc:to:from:subject:message-id:date:x-gm-message-state:from:to:cc :subject:date:message-id:reply-to; bh=vVbOrKJJ8s16bW1GBsc1GpJwkVhbBShXJIPh897759c=; b=mQTGHyneDmAytJCsXJZ8tQxpSMSnMw+uLfcbFVV0fs1dGplcsJFXpRp0vutmE3qLEx +8L+qyZn8JKbV103Tv26svbGBXp/zTNJlC9BoqZVXZ9DRFzhdC0KHGbjBWoq9Azyxop5 lYA8SoW5/6wjMwbuh5YEdEvApI2OhD+tIJHIxkCVWYbPqXcQYvyEN8xa7xFyWBU+wH9y XKMyJ0GvLJH2APpuyisJzG3jsC4xpwojAOKzPlwnpi3tqOr1BfYiX+JV4tmtynAbP4Ue 2neORgwcSIHbCc2QR/LIjLpxsBiYkYx09DF+JixVBSohRgeocGfM9bPXv8MZrSni14Jn rRZA== X-Gm-Message-State: AOJu0YxPRCSJUxfaR2uGdvCZ59uv12G4EAMoiDa4WxrdCucVvkTJAwQc NDYMASAqFlLcyGEvYyeE1FkVwCLxd4cmse2XS8l2eOkRmbrZ5ETml0WocJGBsWazgA== X-Google-Smtp-Source: AGHT+IHn3kh7LHKoC3jAPPOvwWf1aZJE12mU8utY8oFIGrAI+yFCxyBXZNgUn2DWQhVQxihC/qpPckypuWR2 X-Received: by 2002:a17:906:3547:b0:a01:3df:ab1a with SMTP id s7-20020a170906354700b00a0103dfab1amr1640524eja.75.1700722837541; Wed, 22 Nov 2023 23:00:37 -0800 (PST) Received: from postal.iol.unh.edu (postal.iol.unh.edu. [2606:4100:3880:1234::84]) by smtp-relay.gmail.com with ESMTPS id q16-20020a170906b29000b0099ca9381641sm72256ejz.212.2023.11.22.23.00.37 (version=TLS1_2 cipher=ECDHE-ECDSA-AES128-GCM-SHA256 bits=128/128); Wed, 22 Nov 2023 23:00:37 -0800 (PST) X-Relaying-Domain: iol.unh.edu Date: Wed, 22 Nov 2023 23:00:37 -0800 (PST) Message-ID: <655ef895.170a0220.90431.1179SMTPIN_ADDED_MISSING@mx.google.com> Received: from [172.21.0.2] (unknown [172.18.0.240]) by postal.iol.unh.edu (Postfix) with ESMTP id 997C1605C311; Thu, 23 Nov 2023 02:00:36 -0500 (EST) Subject: |FAILURE| [GIT MASTER] 7849366693a2a2cbc5279a6bfd39cbb457fe7c96 From: dpdklab@iol.unh.edu To: Test Report Cc: dpdk-test-reports@iol.unh.edu, Xueming Li , Christian Ehrhardt , Kevin Traynor , Luca Boccassi Content-Type: text/plain X-BeenThere: test-report@dpdk.org X-Mailman-Version: 2.1.29 Precedence: list List-Id: automatic DPDK test reports List-Unsubscribe: , List-Archive: List-Post: List-Help: List-Subscribe: , Errors-To: test-report-bounces@dpdk.org _Testing issues_ Branch: tags/v22.11 7849366693a2a2cbc5279a6bfd39cbb457fe7c96 --> testing fail Test environment and result as below: +---------------------+----------------+ | Environment | dpdk_unit_test | +=====================+================+ | Windows Server 2019 | FAIL | +---------------------+----------------+ | Debian Bullseye | PASS | +---------------------+----------------+ | CentOS Stream 8 | PASS | +---------------------+----------------+ | Debian Buster | PASS | +---------------------+----------------+ | Fedora 37 | PASS | +---------------------+----------------+ | RHEL8 | PASS | +---------------------+----------------+ | CentOS Stream 9 | PASS | +---------------------+----------------+ | Ubuntu 22.04 | PASS | +---------------------+----------------+ | Ubuntu 20.04 | PASS | +---------------------+----------------+ ==== 20 line log output for Windows Server 2019 (dpdk_unit_test): ==== 85/93 DPDK:fast-tests / power_autotest SKIP 0.12s exit status 77 86/93 DPDK:fast-tests / power_kvm_vm_autotest SKIP 0.12s exit status 77 87/93 DPDK:fast-tests / power_intel_uncore_autotest SKIP 0.12s exit status 77 88/93 DPDK:fast-tests / reorder_autotest SKIP 0.12s exit status 77 89/93 DPDK:fast-tests / service_autotest OK 3.63s 90/93 DPDK:fast-tests / thash_autotest OK 0.12s 91/93 DPDK:fast-tests / threads_autotest OK 0.69s 92/93 DPDK:fast-tests / trace_autotest SKIP 0.12s exit status 77 93/93 DPDK:fast-tests / metrics_autotest OK 0.12s Ok: 49 Expected Fail: 0 Fail: 1 Unexpected Pass: 0 Skipped: 43 Timeout: 0 Full log written to C:\Users\builder\jenkins\workspace\Generic-VM-Unit-Test-DPDK\dpdk\build\meson-logs\testlog.txt ==== End log output ==== Windows Server 2019 Kernel: 10.0 Compiler: clang 14.0 and gcc 8.1.0 (MinGW) Debian Bullseye Kernel: 5.4.0-122-generic Compiler: gcc 10.2.1-6 CentOS Stream 8 Kernel: 4.18.0-240.10.1.el8_3.x86_64 Compiler: gcc 8.4.1 20200928 Debian Buster Kernel: 5.4.0-122-generic Compiler: gcc 8.3.0-6 Fedora 37 Kernel: Depends on container host system Compiler: gcc 12.3.1 RHEL8 Kernel: 4.18.0-240.10.1.el8_3.x86_64 Compiler: gcc 8.3.1 20191121 (Red Hat 8.3.1-5) CentOS Stream 9 Kernel: 4.18.0-240.10.1.el8_3.x86_64 Compiler: gcc 11.3.1 20220421 Ubuntu 22.04 Kernel: 4.18.0-240.10.1.el8_3.x86_64 Compiler: gcc 11.3.0 Ubuntu 20.04 Kernel: 5.4.0-153-generic Compiler: gcc 9.4.0-1ubuntu1~20.04.1 To view detailed results, visit: https://lab.dpdk.org/results/dashboard/tarballs/27085/ UNH-IOL DPDK Community Lab To manage your email subscriptions, visit: https://lab.dpdk.org/results/dashboard/preferences/subscriptions/