From mboxrd@z Thu Jan 1 00:00:00 1970 Return-Path: Received: from mails.dpdk.org (mails.dpdk.org [217.70.189.124]) by inbox.dpdk.org (Postfix) with ESMTP id 94AFE433B3 for ; Fri, 24 Nov 2023 07:51:40 +0100 (CET) Received: from mails.dpdk.org (localhost [127.0.0.1]) by mails.dpdk.org (Postfix) with ESMTP id 7171142F69; Fri, 24 Nov 2023 07:51:40 +0100 (CET) Received: from mail-il1-f226.google.com (mail-il1-f226.google.com [209.85.166.226]) by mails.dpdk.org (Postfix) with ESMTP id 1968242F31 for ; Fri, 24 Nov 2023 07:51:39 +0100 (CET) Received: by mail-il1-f226.google.com with SMTP id e9e14a558f8ab-35ab17957c3so5320665ab.3 for ; Thu, 23 Nov 2023 22:51:39 -0800 (PST) DKIM-Signature: v=1; a=rsa-sha256; c=relaxed/relaxed; d=iol.unh.edu; s=unh-iol; t=1700808698; x=1701413498; darn=dpdk.org; h=cc:to:from:subject:message-id:date:from:to:cc:subject:date :message-id:reply-to; bh=vt2BUbr5R4ZfHrL4PC0L2ZAJW00Pe6dQjmamf/hiEd8=; b=D9KgJ6i7mNWC9B6q2H91OTpsnV5yAr7i0HEaGg4m9fc2TSDcuUilXqfLjn2Sfp76/Y cC7JYpycKr2VaHutBMSwtmX6qr3jKJX3KIaSik9zWMiEHT0GY2tAOCcShRMOmMArtg+2 /GcvpMKMmB/06/8RKw6OfaWKtr850ljA4xX+I= X-Google-DKIM-Signature: v=1; a=rsa-sha256; c=relaxed/relaxed; d=1e100.net; s=20230601; t=1700808698; x=1701413498; h=cc:to:from:subject:message-id:date:x-gm-message-state:from:to:cc :subject:date:message-id:reply-to; bh=vt2BUbr5R4ZfHrL4PC0L2ZAJW00Pe6dQjmamf/hiEd8=; b=GQqwZk3GQdoY4qL9jsDtnmr1ttHtnDS9WhkAT2jqAj6bFFjx/S42LrccTbWjEF87M5 kGwmVWwGUFxOCbO1zASfLvatCe+hl31dtZqAXdkvIJEqYQKnmemsI3fJOBNabjGKgK0Z Fygol8wcxrxQkrxs6RW9gSfiQJD4A9X/BVpT8mjqj79bAElihKY0m8KeQowUe6KfmqX6 tXtW2EHw389PHcZKHq6Gcd9eTJ3FXVApt3sBtpIGBmNl2TLZyDpMpnvtcbJBFwFhc4/l 89thu/UORRimgrFEP9JvuVMC1Px55P6O5n8T6ZnhdMsf079yXPFkdbb8IGohB3kG6BWB zzpQ== X-Gm-Message-State: AOJu0YwGs1nSyldyhgKvE2e1slghEfahdd1qPgrtoxlXE//3swfTvrXz 5QSgW6BvZamsChSSs/Uzu/HHqvLpEYliwWl9JnOBxDO88Zjh6Q== X-Google-Smtp-Source: AGHT+IF7SKcrJmmz92ZienChG1iFqTq+JFZkwsjGHQX3rzCmOh6T0o0TygLXBUrqsh6bue7Y5KRT1ZiMegp0 X-Received: by 2002:a05:6e02:1d8f:b0:34f:7e1b:a7a2 with SMTP id h15-20020a056e021d8f00b0034f7e1ba7a2mr2360497ila.13.1700808698380; Thu, 23 Nov 2023 22:51:38 -0800 (PST) Received: from postal.iol.unh.edu (postal.iol.unh.edu. [132.177.123.84]) by smtp-relay.gmail.com with ESMTPS id v28-20020a63481c000000b005b64e8336dcsm168570pga.20.2023.11.23.22.51.38 (version=TLS1_2 cipher=ECDHE-ECDSA-AES128-GCM-SHA256 bits=128/128); Thu, 23 Nov 2023 22:51:38 -0800 (PST) X-Relaying-Domain: iol.unh.edu Date: Thu, 23 Nov 2023 22:51:38 -0800 (PST) Message-ID: <656047fa.630a0220.ea5d6.70d5SMTPIN_ADDED_MISSING@mx.google.com> Received: from [172.21.0.2] (unknown [172.18.0.240]) by postal.iol.unh.edu (Postfix) with ESMTP id 7A356605C311; Fri, 24 Nov 2023 01:51:37 -0500 (EST) Subject: |FAILURE| [GIT MASTER] 7849366693a2a2cbc5279a6bfd39cbb457fe7c96 From: dpdklab@iol.unh.edu To: Test Report Cc: dpdk-test-reports@iol.unh.edu, Xueming Li , Christian Ehrhardt , Kevin Traynor , Luca Boccassi Content-Type: text/plain X-BeenThere: test-report@dpdk.org X-Mailman-Version: 2.1.29 Precedence: list List-Id: automatic DPDK test reports List-Unsubscribe: , List-Archive: List-Post: List-Help: List-Subscribe: , Errors-To: test-report-bounces@dpdk.org _Testing issues_ Branch: tags/v22.11 7849366693a2a2cbc5279a6bfd39cbb457fe7c96 --> testing fail Test environment and result as below: +---------------------+----------------+ | Environment | dpdk_unit_test | +=====================+================+ | Windows Server 2019 | FAIL | +---------------------+----------------+ | Debian Buster | PASS | +---------------------+----------------+ | CentOS Stream 9 | PASS | +---------------------+----------------+ | Fedora 37 | PASS | +---------------------+----------------+ | Fedora 38 | PASS | +---------------------+----------------+ | CentOS Stream 8 | PASS | +---------------------+----------------+ ==== 20 line log output for Windows Server 2019 (dpdk_unit_test): ==== 85/93 DPDK:fast-tests / power_autotest SKIP 0.12s exit status 77 86/93 DPDK:fast-tests / power_kvm_vm_autotest SKIP 0.12s exit status 77 87/93 DPDK:fast-tests / power_intel_uncore_autotest SKIP 0.12s exit status 77 88/93 DPDK:fast-tests / reorder_autotest SKIP 0.12s exit status 77 89/93 DPDK:fast-tests / service_autotest OK 3.66s 90/93 DPDK:fast-tests / thash_autotest OK 0.12s 91/93 DPDK:fast-tests / threads_autotest OK 0.68s 92/93 DPDK:fast-tests / trace_autotest SKIP 0.12s exit status 77 93/93 DPDK:fast-tests / metrics_autotest OK 0.12s Ok: 49 Expected Fail: 0 Fail: 1 Unexpected Pass: 0 Skipped: 43 Timeout: 0 Full log written to C:\Users\builder\jenkins\workspace\Generic-VM-Unit-Test-DPDK\dpdk\build\meson-logs\testlog.txt ==== End log output ==== Windows Server 2019 Kernel: 10.0 Compiler: clang 14.0 and gcc 8.1.0 (MinGW) Debian Buster Kernel: 5.4.0-122-generic Compiler: gcc 8.3.0-6 CentOS Stream 9 Kernel: 4.18.0-240.10.1.el8_3.x86_64 Compiler: gcc 11.3.1 20220421 Fedora 37 Kernel: Depends on container host system Compiler: gcc 12.3.1 Fedora 38 Kernel: Depends on container host Compiler: gcc 13.1.1 CentOS Stream 8 Kernel: 4.18.0-240.10.1.el8_3.x86_64 Compiler: gcc 8.4.1 20200928 To view detailed results, visit: https://lab.dpdk.org/results/dashboard/tarballs/27107/ UNH-IOL DPDK Community Lab To manage your email subscriptions, visit: https://lab.dpdk.org/results/dashboard/preferences/subscriptions/