From mboxrd@z Thu Jan 1 00:00:00 1970 Return-Path: Received: from mails.dpdk.org (mails.dpdk.org [217.70.189.124]) by inbox.dpdk.org (Postfix) with ESMTP id 34A36433CB for ; Sun, 26 Nov 2023 07:42:59 +0100 (CET) Received: from mails.dpdk.org (localhost [127.0.0.1]) by mails.dpdk.org (Postfix) with ESMTP id 16A14402AF; Sun, 26 Nov 2023 07:42:59 +0100 (CET) Received: from mail-yb1-f225.google.com (mail-yb1-f225.google.com [209.85.219.225]) by mails.dpdk.org (Postfix) with ESMTP id 7D0274029C for ; Sun, 26 Nov 2023 07:42:57 +0100 (CET) Received: by mail-yb1-f225.google.com with SMTP id 3f1490d57ef6-daef74513e1so2761925276.2 for ; Sat, 25 Nov 2023 22:42:57 -0800 (PST) DKIM-Signature: v=1; a=rsa-sha256; c=relaxed/relaxed; d=iol.unh.edu; s=unh-iol; t=1700980977; x=1701585777; darn=dpdk.org; h=cc:to:from:subject:message-id:date:from:to:cc:subject:date :message-id:reply-to; bh=gECbacZTsPiocYwDPHuuk2/KRCQjEAjyEA4Iv8Hm5iM=; b=WVWUWxZqyliiFko2+Hit9WtAaYe6kKjGgzr7NZV+OEK27aWelhWUGfQmtnBYIbCyoL ej+Or+iDJ4kfWpe1QrhK17Uhlpw5u3NxrkUVG9/1IhwrJCZ8SQ8cW+shMDkrk7YmM/Vy q9Mp5YhbR3CulMSKdSi6wYTqEHmRlY38koSBE= X-Google-DKIM-Signature: v=1; a=rsa-sha256; c=relaxed/relaxed; d=1e100.net; s=20230601; t=1700980977; x=1701585777; h=cc:to:from:subject:message-id:date:x-gm-message-state:from:to:cc :subject:date:message-id:reply-to; bh=gECbacZTsPiocYwDPHuuk2/KRCQjEAjyEA4Iv8Hm5iM=; b=sUw6nuBIkZzIptyfyVBGAGajRIo5xjIkIZkckEziwWd3o1UVTmjwqaixfvpxbhXwjC OR/uwiFgwxbw5OS8n6VRwX+plMSfLa8wGkxiR0udQOXGgMt6mLVRqE01OTkp3ze9ZruU MZwl40uIFVsgIvIbgzdwpPXz+zsWSkFC20ES7WBPFDquMxXGYH924rpXe4p9HJSYrfF7 K3IL/qVgDwm/QtiwmOFTHI44NArXke/k9uUOL4f3upe3BVBBbrZfqHarJCHlOG2UQJIE dAse282LROieXCOyPe+q8cZuRm1Idc9919uG2yLAzjDqb2fo+/QTOuZH8ihQ5raJ4ONc ++RA== X-Gm-Message-State: AOJu0YwUyMaeK2C5tr9OQgbrOmXOi+1bf2K1ZzHTk7T/ZWrW0CIFew2w bcCOzZfcyGSSlLOHdXw8QWZ/58pnCqmAtNY9VrZmHoBVNrOQUw== X-Google-Smtp-Source: AGHT+IEm5ExEANxSKnXXjikO4RhGd85kp0tdBiAOjRtl/ye+DrYBhWxM151dR353Fql9pPOLKxODImHIMq8P X-Received: by 2002:a25:157:0:b0:d9f:16a0:2770 with SMTP id 84-20020a250157000000b00d9f16a02770mr6777369ybb.7.1700980976819; Sat, 25 Nov 2023 22:42:56 -0800 (PST) Received: from postal.iol.unh.edu (postal.iol.unh.edu. [132.177.123.84]) by smtp-relay.gmail.com with ESMTPS id u5-20020a05621411a500b0067a3faacbe2sm5972qvv.38.2023.11.25.22.42.56 (version=TLS1_2 cipher=ECDHE-ECDSA-AES128-GCM-SHA256 bits=128/128); Sat, 25 Nov 2023 22:42:56 -0800 (PST) X-Relaying-Domain: iol.unh.edu Date: Sat, 25 Nov 2023 22:42:56 -0800 (PST) Message-ID: <6562e8f0.050a0220.84388.06a9SMTPIN_ADDED_MISSING@mx.google.com> Received: from [172.21.0.2] (unknown [172.18.0.240]) by postal.iol.unh.edu (Postfix) with ESMTP id 7E3CF6051831; Sun, 26 Nov 2023 01:42:56 -0500 (EST) Subject: |FAILURE| [GIT MASTER] 7849366693a2a2cbc5279a6bfd39cbb457fe7c96 From: dpdklab@iol.unh.edu To: Test Report Cc: dpdk-test-reports@iol.unh.edu, Xueming Li , Christian Ehrhardt , Kevin Traynor , Luca Boccassi Content-Type: text/plain X-BeenThere: test-report@dpdk.org X-Mailman-Version: 2.1.29 Precedence: list List-Id: automatic DPDK test reports List-Unsubscribe: , List-Archive: List-Post: List-Help: List-Subscribe: , Errors-To: test-report-bounces@dpdk.org _Testing issues_ Branch: tags/v22.11 7849366693a2a2cbc5279a6bfd39cbb457fe7c96 --> testing fail Test environment and result as below: +---------------------+----------------+ | Environment | dpdk_unit_test | +=====================+================+ | Windows Server 2019 | FAIL | +---------------------+----------------+ | CentOS Stream 9 | PASS | +---------------------+----------------+ | CentOS Stream 8 | PASS | +---------------------+----------------+ ==== 20 line log output for Windows Server 2019 (dpdk_unit_test): ==== 85/93 DPDK:fast-tests / power_autotest SKIP 0.12s exit status 77 86/93 DPDK:fast-tests / power_kvm_vm_autotest SKIP 0.12s exit status 77 87/93 DPDK:fast-tests / power_intel_uncore_autotest SKIP 0.12s exit status 77 88/93 DPDK:fast-tests / reorder_autotest SKIP 0.12s exit status 77 89/93 DPDK:fast-tests / service_autotest OK 3.42s 90/93 DPDK:fast-tests / thash_autotest OK 0.12s 91/93 DPDK:fast-tests / threads_autotest OK 0.68s 92/93 DPDK:fast-tests / trace_autotest SKIP 0.12s exit status 77 93/93 DPDK:fast-tests / metrics_autotest OK 0.12s Ok: 49 Expected Fail: 0 Fail: 1 Unexpected Pass: 0 Skipped: 43 Timeout: 0 Full log written to C:\Users\builder\jenkins\workspace\Generic-VM-Unit-Test-DPDK\dpdk\build\meson-logs\testlog.txt ==== End log output ==== Windows Server 2019 Kernel: 10.0 Compiler: clang 14.0 and gcc 8.1.0 (MinGW) CentOS Stream 9 Kernel: 4.18.0-240.10.1.el8_3.x86_64 Compiler: gcc 11.3.1 20220421 CentOS Stream 8 Kernel: 4.18.0-240.10.1.el8_3.x86_64 Compiler: gcc 8.4.1 20200928 To view detailed results, visit: https://lab.dpdk.org/results/dashboard/tarballs/27123/ UNH-IOL DPDK Community Lab To manage your email subscriptions, visit: https://lab.dpdk.org/results/dashboard/preferences/subscriptions/