From mboxrd@z Thu Jan 1 00:00:00 1970 Return-Path: Received: from mails.dpdk.org (mails.dpdk.org [217.70.189.124]) by inbox.dpdk.org (Postfix) with ESMTP id CCB72433DD for ; Mon, 27 Nov 2023 08:08:18 +0100 (CET) Received: from mails.dpdk.org (localhost [127.0.0.1]) by mails.dpdk.org (Postfix) with ESMTP id C6A2C40261; Mon, 27 Nov 2023 08:08:18 +0100 (CET) Received: from mail-yb1-f227.google.com (mail-yb1-f227.google.com [209.85.219.227]) by mails.dpdk.org (Postfix) with ESMTP id CB88D40150 for ; Mon, 27 Nov 2023 08:08:17 +0100 (CET) Received: by mail-yb1-f227.google.com with SMTP id 3f1490d57ef6-dae0ab8ac3eso3406899276.0 for ; Sun, 26 Nov 2023 23:08:17 -0800 (PST) DKIM-Signature: v=1; a=rsa-sha256; c=relaxed/relaxed; d=iol.unh.edu; s=unh-iol; t=1701068897; x=1701673697; darn=dpdk.org; h=cc:to:from:subject:message-id:date:from:to:cc:subject:date :message-id:reply-to; bh=BpIRM8ntrM1Q4VZMPenOXzZMPK0WnEt770Y3Xey3zFY=; b=IhA1r6L5J0grBk5PfpKha+Eh+sqJlFATZ8rd2i8UqJQiwJ9S+Qss3GZf2wMbwhzmVN gRpX9KEAiB1ozwyLH+TDfKjBeQlJM3UhlUxYx+kYFQvmddhK9lGHRlfn9OPGAPtLfSL4 SNJ6GILH3ShbVjl2iUtfev84k2tiau44Uncn0= X-Google-DKIM-Signature: v=1; a=rsa-sha256; c=relaxed/relaxed; d=1e100.net; s=20230601; t=1701068897; x=1701673697; h=cc:to:from:subject:message-id:date:x-gm-message-state:from:to:cc :subject:date:message-id:reply-to; bh=BpIRM8ntrM1Q4VZMPenOXzZMPK0WnEt770Y3Xey3zFY=; b=rxfMqdKei6RSfcdJNPofU5NvSsFJPStYthPnhF1EoiudMO4bfLff29qwRV28LiCiEr Px2u8xgJ/+mLSTkC6ECIth6w04FlHWvKAMx7IFqhQVQr2wx6StxId9W7Oxe+UvwkzmkK ICPqG4o57KNfa3MGNfbBjxC4aacVKePi13pbDQ8jtY5m2FQj/Pe8ruZXyHQk9Q+GX+Zh TCmBeIykoWLalczrdmYrNnppMUuPvlovjEmtNOpV8GBpzaq8HeOd0iTXqlCI8DQOIhEU mDBzvI5/IRZbE5vKTYkRWbl7A7DBNWqWRR+8tHPQW2hTVxX1dS6MCqznT4LXN2zOPzRj j43A== X-Gm-Message-State: AOJu0YxoEPwSMbh2Qj+8qZ6JH7Jl956uZ7hPKIcsKUkODufSRHvXC1Rs 1zj8qa6ppmKrAYUUtxVOuTzRR8ENgfQ6Qzk9sJh7c11VyrdvFw== X-Google-Smtp-Source: AGHT+IErKXVajfCh4XFqWzvu8jO087tBx/nZWCZ4InWIfYzse0Ko2iSzyqX5m1UZovITrxXJXPu/prKiLJtP X-Received: by 2002:a25:d817:0:b0:d9a:642b:3500 with SMTP id p23-20020a25d817000000b00d9a642b3500mr10276238ybg.12.1701068896844; Sun, 26 Nov 2023 23:08:16 -0800 (PST) Received: from postal.iol.unh.edu (postal.iol.unh.edu. [132.177.123.84]) by smtp-relay.gmail.com with ESMTPS id h10-20020a256c0a000000b00da046d44f0fsm782957ybc.19.2023.11.26.23.08.16 (version=TLS1_2 cipher=ECDHE-ECDSA-AES128-GCM-SHA256 bits=128/128); Sun, 26 Nov 2023 23:08:16 -0800 (PST) X-Relaying-Domain: iol.unh.edu Date: Sun, 26 Nov 2023 23:08:16 -0800 (PST) Message-ID: <65644060.250a0220.209c.b560SMTPIN_ADDED_MISSING@mx.google.com> Received: from [172.21.0.2] (unknown [172.18.0.240]) by postal.iol.unh.edu (Postfix) with ESMTP id 386316051831; Mon, 27 Nov 2023 02:08:16 -0500 (EST) Subject: |FAILURE| [GIT MASTER] 7849366693a2a2cbc5279a6bfd39cbb457fe7c96 From: dpdklab@iol.unh.edu To: Test Report Cc: dpdk-test-reports@iol.unh.edu, Xueming Li , Christian Ehrhardt , Kevin Traynor , Luca Boccassi Content-Type: text/plain X-BeenThere: test-report@dpdk.org X-Mailman-Version: 2.1.29 Precedence: list List-Id: automatic DPDK test reports List-Unsubscribe: , List-Archive: List-Post: List-Help: List-Subscribe: , Errors-To: test-report-bounces@dpdk.org _Testing issues_ Branch: tags/v22.11 7849366693a2a2cbc5279a6bfd39cbb457fe7c96 --> testing fail Test environment and result as below: +---------------------+----------------+ | Environment | dpdk_unit_test | +=====================+================+ | Windows Server 2019 | FAIL | +---------------------+----------------+ | CentOS Stream 8 | PASS | +---------------------+----------------+ | Debian Buster | PASS | +---------------------+----------------+ | CentOS Stream 9 | PASS | +---------------------+----------------+ | Debian Bullseye | PASS | +---------------------+----------------+ | RHEL 7 | PASS | +---------------------+----------------+ | Fedora 37 | PASS | +---------------------+----------------+ ==== 20 line log output for Windows Server 2019 (dpdk_unit_test): ==== 85/93 DPDK:fast-tests / power_autotest SKIP 0.11s exit status 77 86/93 DPDK:fast-tests / power_kvm_vm_autotest SKIP 0.11s exit status 77 87/93 DPDK:fast-tests / power_intel_uncore_autotest SKIP 0.11s exit status 77 88/93 DPDK:fast-tests / reorder_autotest SKIP 0.11s exit status 77 89/93 DPDK:fast-tests / service_autotest OK 3.62s 90/93 DPDK:fast-tests / thash_autotest OK 0.12s 91/93 DPDK:fast-tests / threads_autotest OK 0.68s 92/93 DPDK:fast-tests / trace_autotest SKIP 0.12s exit status 77 93/93 DPDK:fast-tests / metrics_autotest OK 0.12s Ok: 49 Expected Fail: 0 Fail: 1 Unexpected Pass: 0 Skipped: 43 Timeout: 0 Full log written to C:\Users\builder\jenkins\workspace\Generic-VM-Unit-Test-DPDK\dpdk\build\meson-logs\testlog.txt ==== End log output ==== Windows Server 2019 Kernel: 10.0 Compiler: clang 14.0 and gcc 8.1.0 (MinGW) CentOS Stream 8 Kernel: 4.18.0-240.10.1.el8_3.x86_64 Compiler: gcc 8.4.1 20200928 Debian Buster Kernel: 5.4.0-122-generic Compiler: gcc 8.3.0-6 CentOS Stream 9 Kernel: 4.18.0-240.10.1.el8_3.x86_64 Compiler: gcc 11.3.1 20220421 Debian Bullseye Kernel: 5.4.0-122-generic Compiler: gcc 10.2.1-6 RHEL 7 Kernel: 4.18.0-240.10.1.el8_3.x86_64 Compiler: gcc 4.8.5 20150623 (Red Hat 4.8.5-44) Fedora 37 Kernel: Depends on container host system Compiler: gcc 12.3.1 To view detailed results, visit: https://lab.dpdk.org/results/dashboard/tarballs/27126/ UNH-IOL DPDK Community Lab To manage your email subscriptions, visit: https://lab.dpdk.org/results/dashboard/preferences/subscriptions/