From mboxrd@z Thu Jan 1 00:00:00 1970 Return-Path: Received: from mails.dpdk.org (mails.dpdk.org [217.70.189.124]) by inbox.dpdk.org (Postfix) with ESMTP id A0FB3433DD for ; Mon, 27 Nov 2023 08:36:55 +0100 (CET) Received: from mails.dpdk.org (localhost [127.0.0.1]) by mails.dpdk.org (Postfix) with ESMTP id 98CA740261; Mon, 27 Nov 2023 08:36:55 +0100 (CET) Received: from mail-qt1-f225.google.com (mail-qt1-f225.google.com [209.85.160.225]) by mails.dpdk.org (Postfix) with ESMTP id BFB8640150 for ; Mon, 27 Nov 2023 08:36:53 +0100 (CET) Received: by mail-qt1-f225.google.com with SMTP id d75a77b69052e-423a459d616so9283421cf.1 for ; Sun, 26 Nov 2023 23:36:53 -0800 (PST) DKIM-Signature: v=1; a=rsa-sha256; c=relaxed/relaxed; d=iol.unh.edu; s=unh-iol; t=1701070613; x=1701675413; darn=dpdk.org; h=cc:to:from:subject:message-id:date:from:to:cc:subject:date :message-id:reply-to; bh=NfBXD1d1EChtITJz4UkuEIUgVF17gtEoQRIntBdhabE=; b=BII9c98c4ngSleo13Blz2a4svhGQOgyTZE8Ear6qEMIF8j7t5FmlmBWCOGBjoRbgYc T4No3SoaCJ0xG5Dk3zMDs6/O8P94LtE4BnstASOQN37MbqVqoZ4ydkheD2jw2xMWm2mg fUhbCQh5pEOdjdRrC99WSwOLby82f1T9yTQGc= X-Google-DKIM-Signature: v=1; a=rsa-sha256; c=relaxed/relaxed; d=1e100.net; s=20230601; t=1701070613; x=1701675413; h=cc:to:from:subject:message-id:date:x-gm-message-state:from:to:cc :subject:date:message-id:reply-to; bh=NfBXD1d1EChtITJz4UkuEIUgVF17gtEoQRIntBdhabE=; b=iqxtkeqcMzOH9J8evfVVLQd61EBcyowDBtLEQJCP0I7JXl3/YGeHLny4nflefXwlwp LwDnVxuFmyQlyu/7r+oXRxxEjlT5tBjyPGC87TyksYWUxYa3ygRpjnSxuW8t8m4qmG/8 aDld7e2lghqluhkhzKx3g0kmXEW2m60vq231aHbWX2d4ZOXmROBhzzozfz3IttVAdZma OsMULMUt1aJEQmLL6d9TmHyZ6vq1NJG8kcbtVEbP3uP3vvwsz/yhkgx9N+ptfOvjH3NV xye7CEs27W2EuloeVEnkD1TbTVQtj9t6af+EloOVfvpi/87ixBoBkn+kcVkiE6wtpo6r Vvlg== X-Gm-Message-State: AOJu0YwCTeWzcdOqsTzz4jt6X++t/B7klQzTe5cBtSWExTILuNOA3S6G GQe/Q60iKt7LaliyEmZzGHfp3BD5K8YZsXn7h+uFmY+0nsD0fDd/ktoKGb+dL3B1CA== X-Google-Smtp-Source: AGHT+IFy3KOfZ+VW/vTo1+FANJWpRtSQq3HZiDFZ58CZ2/4djBXP/9CsKsuyXyP7ldNw/tU0aLCj8iYMOdCF X-Received: by 2002:ac8:4e13:0:b0:423:a846:6a53 with SMTP id c19-20020ac84e13000000b00423a8466a53mr5208057qtw.33.1701070613185; Sun, 26 Nov 2023 23:36:53 -0800 (PST) Received: from postal.iol.unh.edu (postal.iol.unh.edu. [2606:4100:3880:1234::84]) by smtp-relay.gmail.com with ESMTPS id o5-20020ac84285000000b0042028443c22sm397444qtl.0.2023.11.26.23.36.53 (version=TLS1_2 cipher=ECDHE-ECDSA-AES128-GCM-SHA256 bits=128/128); Sun, 26 Nov 2023 23:36:53 -0800 (PST) X-Relaying-Domain: iol.unh.edu Date: Sun, 26 Nov 2023 23:36:53 -0800 (PST) Message-ID: <65644715.c80a0220.71e9f.d25eSMTPIN_ADDED_MISSING@mx.google.com> Received: from [172.21.0.2] (unknown [172.18.0.240]) by postal.iol.unh.edu (Postfix) with ESMTP id 6DEBB6051831; Mon, 27 Nov 2023 02:36:52 -0500 (EST) Subject: |FAILURE| [GIT MASTER] 7849366693a2a2cbc5279a6bfd39cbb457fe7c96 From: dpdklab@iol.unh.edu To: Test Report Cc: dpdk-test-reports@iol.unh.edu, Xueming Li , Christian Ehrhardt , Kevin Traynor , Luca Boccassi Content-Type: text/plain X-BeenThere: test-report@dpdk.org X-Mailman-Version: 2.1.29 Precedence: list List-Id: automatic DPDK test reports List-Unsubscribe: , List-Archive: List-Post: List-Help: List-Subscribe: , Errors-To: test-report-bounces@dpdk.org _Testing issues_ Branch: tags/v22.11 7849366693a2a2cbc5279a6bfd39cbb457fe7c96 --> testing fail Test environment and result as below: +---------------------+----------------+ | Environment | dpdk_unit_test | +=====================+================+ | Windows Server 2019 | FAIL | +---------------------+----------------+ | CentOS Stream 8 | PASS | +---------------------+----------------+ | Debian Buster | PASS | +---------------------+----------------+ | CentOS Stream 9 | PASS | +---------------------+----------------+ | Debian Bullseye | PASS | +---------------------+----------------+ | RHEL 7 | PASS | +---------------------+----------------+ | Fedora 37 | PASS | +---------------------+----------------+ | Ubuntu 22.04 | PASS | +---------------------+----------------+ | Fedora 38 | PASS | +---------------------+----------------+ | RHEL8 | PASS | +---------------------+----------------+ | openSUSE Leap 15 | PASS | +---------------------+----------------+ ==== 20 line log output for Windows Server 2019 (dpdk_unit_test): ==== 85/93 DPDK:fast-tests / power_autotest SKIP 0.11s exit status 77 86/93 DPDK:fast-tests / power_kvm_vm_autotest SKIP 0.11s exit status 77 87/93 DPDK:fast-tests / power_intel_uncore_autotest SKIP 0.11s exit status 77 88/93 DPDK:fast-tests / reorder_autotest SKIP 0.11s exit status 77 89/93 DPDK:fast-tests / service_autotest OK 3.62s 90/93 DPDK:fast-tests / thash_autotest OK 0.12s 91/93 DPDK:fast-tests / threads_autotest OK 0.68s 92/93 DPDK:fast-tests / trace_autotest SKIP 0.12s exit status 77 93/93 DPDK:fast-tests / metrics_autotest OK 0.12s Ok: 49 Expected Fail: 0 Fail: 1 Unexpected Pass: 0 Skipped: 43 Timeout: 0 Full log written to C:\Users\builder\jenkins\workspace\Generic-VM-Unit-Test-DPDK\dpdk\build\meson-logs\testlog.txt ==== End log output ==== Windows Server 2019 Kernel: 10.0 Compiler: clang 14.0 and gcc 8.1.0 (MinGW) CentOS Stream 8 Kernel: 4.18.0-240.10.1.el8_3.x86_64 Compiler: gcc 8.4.1 20200928 Debian Buster Kernel: 5.4.0-122-generic Compiler: gcc 8.3.0-6 CentOS Stream 9 Kernel: 4.18.0-240.10.1.el8_3.x86_64 Compiler: gcc 11.3.1 20220421 Debian Bullseye Kernel: 5.4.0-122-generic Compiler: gcc 10.2.1-6 RHEL 7 Kernel: 4.18.0-240.10.1.el8_3.x86_64 Compiler: gcc 4.8.5 20150623 (Red Hat 4.8.5-44) Fedora 37 Kernel: Depends on container host system Compiler: gcc 12.3.1 Ubuntu 22.04 Kernel: 4.18.0-240.10.1.el8_3.x86_64 Compiler: gcc 11.3.0 Fedora 38 Kernel: Depends on container host Compiler: clang 16.0.3 RHEL8 Kernel: 4.18.0-240.10.1.el8_3.x86_64 Compiler: gcc 8.3.1 20191121 (Red Hat 8.3.1-5) openSUSE Leap 15 Kernel: 4.18.0-240.10.1.el8_3.x86_64 Compiler: gcc 7.5.0 To view detailed results, visit: https://lab.dpdk.org/results/dashboard/tarballs/27126/ UNH-IOL DPDK Community Lab To manage your email subscriptions, visit: https://lab.dpdk.org/results/dashboard/preferences/subscriptions/