From mboxrd@z Thu Jan 1 00:00:00 1970 Return-Path: Received: from mails.dpdk.org (mails.dpdk.org [217.70.189.124]) by inbox.dpdk.org (Postfix) with ESMTP id AEB77433DD for ; Mon, 27 Nov 2023 08:44:53 +0100 (CET) Received: from mails.dpdk.org (localhost [127.0.0.1]) by mails.dpdk.org (Postfix) with ESMTP id A7D9F40261; Mon, 27 Nov 2023 08:44:53 +0100 (CET) Received: from mail-vs1-f97.google.com (mail-vs1-f97.google.com [209.85.217.97]) by mails.dpdk.org (Postfix) with ESMTP id 3DC4340150 for ; Mon, 27 Nov 2023 08:44:52 +0100 (CET) Received: by mail-vs1-f97.google.com with SMTP id ada2fe7eead31-462f139ae8bso302287137.3 for ; Sun, 26 Nov 2023 23:44:52 -0800 (PST) DKIM-Signature: v=1; a=rsa-sha256; c=relaxed/relaxed; d=iol.unh.edu; s=unh-iol; t=1701071091; x=1701675891; darn=dpdk.org; h=cc:to:from:subject:message-id:date:from:to:cc:subject:date :message-id:reply-to; bh=BullbQ9dQ9jgHWDd1pP9UqfE/Nrh6PeOPG7QHgS2HIY=; b=OnA8qR9HlNMY3yyHzcqD9FYLNMpll2pk451vcJdW7zqV78NwigdTZBuVpTbPjkysCs +/tOlWbjl5F6teWgCAFiLvohk9SwmmJMUHobzrwi3oqw/ey+V8p0BXRkoeC4Wbu2FggF pBqAMeYq3EPemo6NVsko4Jztl+33du5TC3USs= X-Google-DKIM-Signature: v=1; a=rsa-sha256; c=relaxed/relaxed; d=1e100.net; s=20230601; t=1701071091; x=1701675891; h=cc:to:from:subject:message-id:date:x-gm-message-state:from:to:cc :subject:date:message-id:reply-to; bh=BullbQ9dQ9jgHWDd1pP9UqfE/Nrh6PeOPG7QHgS2HIY=; b=b+4Uqq9DIAWtVTSo3EiaIHHVWBDaYZAmnMTPDK0Gq8KOBnCln1r10ziM+k0SFnv9Kw O2LlmbLPc/9q0m3SzN3Jf1Oek/BXc7BSJDAwNepbg4fFQgIdep9aHmCmN7LrB5Nlr45g Vuc+QNkjHFj6AeOa6DLQH9f+EVkreIolu/NT418AQDWBF+OJjTE7w+JGYCNebre+y8cW pT+6s0LoGKsemVy2a4bnP0rMA/2dn8X4BNF0rLKcGN5eDeBfPXFaxTuOHk8AI9qzYVwg rDxG6KO+mbu3dUNoPHGaCXhXReAg68xNvMu2iqi7WqJdQxOUo7l0PtluKxJ6XJLdO48j qYcA== X-Gm-Message-State: AOJu0YxnKjCqtfl8LSV0+DiRacEHjmHUpeT5NdOA/nCIesyCR3CDBV7h /7VNELjV+5VNjAmwn6AnBKZdQy6PlIrv4RKN+TxfzKX4MxsH7I8+D27h3Y10R1hNKQ== X-Google-Smtp-Source: AGHT+IGL6g2Xj1Wu3DKzmH9g3I/3/tw9Z7LjW01wYg2DKi64p5hBQawv87v2K3d3jTk+3jVrBWW/zaF4QPYJ X-Received: by 2002:a67:ff8d:0:b0:462:7ca4:a538 with SMTP id v13-20020a67ff8d000000b004627ca4a538mr9143713vsq.30.1701071091684; Sun, 26 Nov 2023 23:44:51 -0800 (PST) Received: from postal.iol.unh.edu (postal.iol.unh.edu. [2606:4100:3880:1234::84]) by smtp-relay.gmail.com with ESMTPS id h2-20020a056102358200b0044f50b7af34sm738825vsu.4.2023.11.26.23.44.51 (version=TLS1_2 cipher=ECDHE-ECDSA-AES128-GCM-SHA256 bits=128/128); Sun, 26 Nov 2023 23:44:51 -0800 (PST) X-Relaying-Domain: iol.unh.edu Date: Sun, 26 Nov 2023 23:44:51 -0800 (PST) Message-ID: <656448f3.050a0220.f7536.72a1SMTPIN_ADDED_MISSING@mx.google.com> Received: from [172.21.0.2] (unknown [172.18.0.240]) by postal.iol.unh.edu (Postfix) with ESMTP id 9C53C6051831; Mon, 27 Nov 2023 02:44:50 -0500 (EST) Subject: |FAILURE| [GIT MASTER] 7849366693a2a2cbc5279a6bfd39cbb457fe7c96 From: dpdklab@iol.unh.edu To: Test Report Cc: dpdk-test-reports@iol.unh.edu, Xueming Li , Christian Ehrhardt , Kevin Traynor , Luca Boccassi Content-Type: text/plain X-BeenThere: test-report@dpdk.org X-Mailman-Version: 2.1.29 Precedence: list List-Id: automatic DPDK test reports List-Unsubscribe: , List-Archive: List-Post: List-Help: List-Subscribe: , Errors-To: test-report-bounces@dpdk.org _Testing issues_ Branch: tags/v22.11 7849366693a2a2cbc5279a6bfd39cbb457fe7c96 --> testing fail Test environment and result as below: +---------------------+----------------+ | Environment | dpdk_unit_test | +=====================+================+ | Windows Server 2019 | FAIL | +---------------------+----------------+ | CentOS Stream 8 | PASS | +---------------------+----------------+ | Debian Buster | PASS | +---------------------+----------------+ | CentOS Stream 9 | PASS | +---------------------+----------------+ | Debian Bullseye | PASS | +---------------------+----------------+ | RHEL 7 | PASS | +---------------------+----------------+ | Fedora 37 | PASS | +---------------------+----------------+ | Ubuntu 22.04 | PASS | +---------------------+----------------+ | Fedora 38 | PASS | +---------------------+----------------+ | RHEL8 | PASS | +---------------------+----------------+ | openSUSE Leap 15 | PASS | +---------------------+----------------+ | Ubuntu 20.04 | PASS | +---------------------+----------------+ ==== 20 line log output for Windows Server 2019 (dpdk_unit_test): ==== 85/93 DPDK:fast-tests / power_autotest SKIP 0.11s exit status 77 86/93 DPDK:fast-tests / power_kvm_vm_autotest SKIP 0.11s exit status 77 87/93 DPDK:fast-tests / power_intel_uncore_autotest SKIP 0.11s exit status 77 88/93 DPDK:fast-tests / reorder_autotest SKIP 0.11s exit status 77 89/93 DPDK:fast-tests / service_autotest OK 3.62s 90/93 DPDK:fast-tests / thash_autotest OK 0.12s 91/93 DPDK:fast-tests / threads_autotest OK 0.68s 92/93 DPDK:fast-tests / trace_autotest SKIP 0.12s exit status 77 93/93 DPDK:fast-tests / metrics_autotest OK 0.12s Ok: 49 Expected Fail: 0 Fail: 1 Unexpected Pass: 0 Skipped: 43 Timeout: 0 Full log written to C:\Users\builder\jenkins\workspace\Generic-VM-Unit-Test-DPDK\dpdk\build\meson-logs\testlog.txt ==== End log output ==== Windows Server 2019 Kernel: 10.0 Compiler: clang 14.0 and gcc 8.1.0 (MinGW) CentOS Stream 8 Kernel: 4.18.0-240.10.1.el8_3.x86_64 Compiler: gcc 8.4.1 20200928 Debian Buster Kernel: 5.4.0-122-generic Compiler: gcc 8.3.0-6 CentOS Stream 9 Kernel: 4.18.0-240.10.1.el8_3.x86_64 Compiler: gcc 11.3.1 20220421 Debian Bullseye Kernel: 5.4.0-122-generic Compiler: gcc 10.2.1-6 RHEL 7 Kernel: 4.18.0-240.10.1.el8_3.x86_64 Compiler: gcc 4.8.5 20150623 (Red Hat 4.8.5-44) Fedora 37 Kernel: Depends on container host system Compiler: gcc 12.3.1 Ubuntu 22.04 Kernel: 4.18.0-240.10.1.el8_3.x86_64 Compiler: gcc 11.3.0 Fedora 38 Kernel: Depends on container host Compiler: clang 16.0.3 RHEL8 Kernel: 4.18.0-240.10.1.el8_3.x86_64 Compiler: gcc 8.3.1 20191121 (Red Hat 8.3.1-5) openSUSE Leap 15 Kernel: 4.18.0-240.10.1.el8_3.x86_64 Compiler: gcc 7.5.0 Ubuntu 20.04 Kernel: 5.4.0-153-generic Compiler: gcc 9.4.0-1ubuntu1~20.04.1 To view detailed results, visit: https://lab.dpdk.org/results/dashboard/tarballs/27126/ UNH-IOL DPDK Community Lab To manage your email subscriptions, visit: https://lab.dpdk.org/results/dashboard/preferences/subscriptions/