From mboxrd@z Thu Jan 1 00:00:00 1970 Return-Path: Received: from mails.dpdk.org (mails.dpdk.org [217.70.189.124]) by inbox.dpdk.org (Postfix) with ESMTP id E440D433DD for ; Mon, 27 Nov 2023 09:05:40 +0100 (CET) Received: from mails.dpdk.org (localhost [127.0.0.1]) by mails.dpdk.org (Postfix) with ESMTP id C139040261; Mon, 27 Nov 2023 09:05:40 +0100 (CET) Received: from mail-io1-f99.google.com (mail-io1-f99.google.com [209.85.166.99]) by mails.dpdk.org (Postfix) with ESMTP id 8B19240150 for ; Mon, 27 Nov 2023 09:05:39 +0100 (CET) Received: by mail-io1-f99.google.com with SMTP id ca18e2360f4ac-7b37405f64aso104542039f.2 for ; Mon, 27 Nov 2023 00:05:39 -0800 (PST) DKIM-Signature: v=1; a=rsa-sha256; c=relaxed/relaxed; d=iol.unh.edu; s=unh-iol; t=1701072339; x=1701677139; darn=dpdk.org; h=cc:to:from:subject:message-id:date:from:to:cc:subject:date :message-id:reply-to; bh=BullbQ9dQ9jgHWDd1pP9UqfE/Nrh6PeOPG7QHgS2HIY=; b=SCLoEcsZG10dyOApBfhcHJCbn5CIjOpgnxRXM2xU2bFd6UUecNVLhpD1fRa0lZhaFY 3pG/dxSAz2mNGJHk0Wd5Ow6nX3XPYO3S2FJWzvbvUPTQWg1ZkhFkks5Jd87qshG6Ssjx lhYkMlzzuyCSbJWhfQI0NdnJz+qml0sv58wbk= X-Google-DKIM-Signature: v=1; a=rsa-sha256; c=relaxed/relaxed; d=1e100.net; s=20230601; t=1701072339; x=1701677139; h=cc:to:from:subject:message-id:date:x-gm-message-state:from:to:cc :subject:date:message-id:reply-to; bh=BullbQ9dQ9jgHWDd1pP9UqfE/Nrh6PeOPG7QHgS2HIY=; b=Y4ifObmDZMY3ypuTKbhX1wXwFqnJaIjUASikqy32lt2PM2SEFXaAY5mks6brRdjAzU W0S8UzQX/SIo2RV+NLyzp6k9Ethod+yMTveTit0YSOHuqG86a3B0YM9UFGb36Np7YjZY OfVnFSStxA17R7MUhvZyq++uVGYzlT4ivT5AZCVNUulrkEvhsJf+lVfOpaf4vw74PlGE q6yYiAmMl6wwuStiHZ44BipfdtB6BKGaIEkmhv9Dnl6JePm2Zo/UMk4zoO31p2hN5ZMH hMxLAeaD2EXLGCS5eByx/GhcUqMFhePNzgFY6E2PQ5H4XRfbkS0lctPpm0jOAgd/xgx1 6Tbw== X-Gm-Message-State: AOJu0YzEYtXwlCDphsYpkwsJIBl8Ic036k+mqG6IC36UEU1zjz9HNeke 76TaKREQMPv/cpZyC59P8bph1c82AUMJ89xzOgcz0uXRFeSA9OnPejOrkcpEC2HBPA== X-Google-Smtp-Source: AGHT+IFgdD4UZGKD/XafnoWypfFsNPuOKGijhpvpiX9JTPu26HjECPN8TNPKNk+YEfjBZmMBtLlNV4V7bTPb X-Received: by 2002:a5e:c741:0:b0:794:e96f:b87d with SMTP id g1-20020a5ec741000000b00794e96fb87dmr6746679iop.0.1701072338904; Mon, 27 Nov 2023 00:05:38 -0800 (PST) Received: from postal.iol.unh.edu (postal.iol.unh.edu. [2606:4100:3880:1234::84]) by smtp-relay.gmail.com with ESMTPS id l12-20020a02a88c000000b00466c2f8b6b5sm33472jam.47.2023.11.27.00.05.38 (version=TLS1_2 cipher=ECDHE-ECDSA-AES128-GCM-SHA256 bits=128/128); Mon, 27 Nov 2023 00:05:38 -0800 (PST) X-Relaying-Domain: iol.unh.edu Date: Mon, 27 Nov 2023 00:05:38 -0800 (PST) Message-ID: <65644dd2.020a0220.f5fbe.0d16SMTPIN_ADDED_MISSING@mx.google.com> Received: from [172.21.0.2] (unknown [172.18.0.240]) by postal.iol.unh.edu (Postfix) with ESMTP id 6958E6051831; Mon, 27 Nov 2023 03:05:38 -0500 (EST) Subject: |FAILURE| [GIT MASTER] 7849366693a2a2cbc5279a6bfd39cbb457fe7c96 From: dpdklab@iol.unh.edu To: Test Report Cc: dpdk-test-reports@iol.unh.edu, Xueming Li , Christian Ehrhardt , Kevin Traynor , Luca Boccassi Content-Type: text/plain X-BeenThere: test-report@dpdk.org X-Mailman-Version: 2.1.29 Precedence: list List-Id: automatic DPDK test reports List-Unsubscribe: , List-Archive: List-Post: List-Help: List-Subscribe: , Errors-To: test-report-bounces@dpdk.org _Testing issues_ Branch: tags/v22.11 7849366693a2a2cbc5279a6bfd39cbb457fe7c96 --> testing fail Test environment and result as below: +---------------------+----------------+ | Environment | dpdk_unit_test | +=====================+================+ | Windows Server 2019 | FAIL | +---------------------+----------------+ | CentOS Stream 8 | PASS | +---------------------+----------------+ | Debian Buster | PASS | +---------------------+----------------+ | CentOS Stream 9 | PASS | +---------------------+----------------+ | Debian Bullseye | PASS | +---------------------+----------------+ | RHEL 7 | PASS | +---------------------+----------------+ | Fedora 37 | PASS | +---------------------+----------------+ | Ubuntu 22.04 | PASS | +---------------------+----------------+ | Fedora 38 | PASS | +---------------------+----------------+ | RHEL8 | PASS | +---------------------+----------------+ | openSUSE Leap 15 | PASS | +---------------------+----------------+ | Ubuntu 20.04 | PASS | +---------------------+----------------+ ==== 20 line log output for Windows Server 2019 (dpdk_unit_test): ==== 85/93 DPDK:fast-tests / power_autotest SKIP 0.11s exit status 77 86/93 DPDK:fast-tests / power_kvm_vm_autotest SKIP 0.11s exit status 77 87/93 DPDK:fast-tests / power_intel_uncore_autotest SKIP 0.11s exit status 77 88/93 DPDK:fast-tests / reorder_autotest SKIP 0.11s exit status 77 89/93 DPDK:fast-tests / service_autotest OK 3.62s 90/93 DPDK:fast-tests / thash_autotest OK 0.12s 91/93 DPDK:fast-tests / threads_autotest OK 0.68s 92/93 DPDK:fast-tests / trace_autotest SKIP 0.12s exit status 77 93/93 DPDK:fast-tests / metrics_autotest OK 0.12s Ok: 49 Expected Fail: 0 Fail: 1 Unexpected Pass: 0 Skipped: 43 Timeout: 0 Full log written to C:\Users\builder\jenkins\workspace\Generic-VM-Unit-Test-DPDK\dpdk\build\meson-logs\testlog.txt ==== End log output ==== Windows Server 2019 Kernel: 10.0 Compiler: clang 14.0 and gcc 8.1.0 (MinGW) CentOS Stream 8 Kernel: 4.18.0-240.10.1.el8_3.x86_64 Compiler: gcc 8.4.1 20200928 Debian Buster Kernel: 5.4.0-122-generic Compiler: gcc 8.3.0-6 CentOS Stream 9 Kernel: 4.18.0-240.10.1.el8_3.x86_64 Compiler: gcc 11.3.1 20220421 Debian Bullseye Kernel: 5.4.0-122-generic Compiler: gcc 10.2.1-6 RHEL 7 Kernel: 4.18.0-240.10.1.el8_3.x86_64 Compiler: gcc 4.8.5 20150623 (Red Hat 4.8.5-44) Fedora 37 Kernel: Depends on container host system Compiler: gcc 12.3.1 Ubuntu 22.04 Kernel: 4.18.0-240.10.1.el8_3.x86_64 Compiler: gcc 11.3.0 Fedora 38 Kernel: Depends on container host Compiler: clang 16.0.3 RHEL8 Kernel: 4.18.0-240.10.1.el8_3.x86_64 Compiler: gcc 8.3.1 20191121 (Red Hat 8.3.1-5) openSUSE Leap 15 Kernel: 4.18.0-240.10.1.el8_3.x86_64 Compiler: gcc 7.5.0 Ubuntu 20.04 Kernel: 5.4.0-153-generic Compiler: gcc 9.4.0-1ubuntu1~20.04.1 To view detailed results, visit: https://lab.dpdk.org/results/dashboard/tarballs/27126/ UNH-IOL DPDK Community Lab To manage your email subscriptions, visit: https://lab.dpdk.org/results/dashboard/preferences/subscriptions/