From mboxrd@z Thu Jan 1 00:00:00 1970 Return-Path: Received: from mails.dpdk.org (mails.dpdk.org [217.70.189.124]) by inbox.dpdk.org (Postfix) with ESMTP id 9292E433FB for ; Wed, 29 Nov 2023 08:45:02 +0100 (CET) Received: from mails.dpdk.org (localhost [127.0.0.1]) by mails.dpdk.org (Postfix) with ESMTP id 9A26242E71; Wed, 29 Nov 2023 08:45:01 +0100 (CET) Received: from mail-oo1-f97.google.com (mail-oo1-f97.google.com [209.85.161.97]) by mails.dpdk.org (Postfix) with ESMTP id 015BC4021F for ; Wed, 29 Nov 2023 08:41:26 +0100 (CET) Received: by mail-oo1-f97.google.com with SMTP id 006d021491bc7-587b1231dbeso3461176eaf.3 for ; Tue, 28 Nov 2023 23:41:25 -0800 (PST) DKIM-Signature: v=1; a=rsa-sha256; c=relaxed/relaxed; d=iol.unh.edu; s=unh-iol; t=1701243685; x=1701848485; darn=dpdk.org; h=cc:to:from:subject:message-id:date:from:to:cc:subject:date :message-id:reply-to; bh=CIPoy0Cx8V8vp0b+6sosrRveiJXOeXuy+xUWhfVFc+4=; b=eMI5rpzRG5EHjtaTm8MKkt7jCp8y9eJarNyeEyksNZlM0jx9odKyte4Tii25XOkf9t 9QMFbMI8xsGT5zLHNrfe5orNw2bffzrKs8ZGaXveYzT0IsVhE8FgQEFxKPlddMjn/s6y mdrg+aBgHeKk7MBdUFUwzq5Fo+KP54xAs1Vxo= X-Google-DKIM-Signature: v=1; a=rsa-sha256; c=relaxed/relaxed; d=1e100.net; s=20230601; t=1701243685; x=1701848485; h=cc:to:from:subject:message-id:date:x-gm-message-state:from:to:cc :subject:date:message-id:reply-to; bh=CIPoy0Cx8V8vp0b+6sosrRveiJXOeXuy+xUWhfVFc+4=; b=nTvADO8jueBvj8bmRj6o9iB1yaaua3ej0YJ9kT8uWYeKjz/9682a8Fm4xMHFRHtMDD ZZbjoFlQMAu2yMZCP1F/oWCpSZpm+6Dmu5muEbgNS/4F9WICDSqho+DhidOqEIYh3vtf 6A3XPcMuCMsz2qiCjG0JmlYokS7qzOr6cSxZ2LBXjdnrpTH2F9kVAkYLe5klke1QDuDA LspZ+nDNpZAl6DfUUHO+Go8a5nqyw/5dDRDJcZmGiVuA1TAN9/ZPvo+X69fMpQ2gUeDC gffhYyR21X4jZPPCXyozAb+9gsppUHKOS8DmXjTWHXAFoyxVuT2O5xpK6svVHCd8Lkbs hTgw== X-Gm-Message-State: AOJu0YwuGlwCHIfBf69hpw8q3O44kn+agdpwiCAilkQRuvh6kvmU4pqC OVh00GENcXY0b1SqrxtFp2SiksoOzFUcjUL5o7Fhm1LBDAGD7SGA8k4If7uhuVdruA== X-Google-Smtp-Source: AGHT+IG8TZccQ6fwGjsgBLPkwkA/23uN+Z699YvD05sosrjEJfSpz6OVU4DHW27Q17ZWNFD67osn8ISPSe54 X-Received: by 2002:a4a:3055:0:b0:58d:8c22:92d3 with SMTP id z21-20020a4a3055000000b0058d8c2292d3mr7412449ooz.4.1701243685408; Tue, 28 Nov 2023 23:41:25 -0800 (PST) Received: from postal.iol.unh.edu (postal.iol.unh.edu. [2606:4100:3880:1234::84]) by smtp-relay.gmail.com with ESMTPS id t62-20020a4a5441000000b00589e7a63a08sm1022163ooa.27.2023.11.28.23.41.25 (version=TLS1_2 cipher=ECDHE-ECDSA-AES128-GCM-SHA256 bits=128/128); Tue, 28 Nov 2023 23:41:25 -0800 (PST) X-Relaying-Domain: iol.unh.edu Date: Tue, 28 Nov 2023 23:41:25 -0800 (PST) Message-ID: <6566eb25.4a0a0220.3e8eb.74e0SMTPIN_ADDED_MISSING@mx.google.com> Received: from [172.17.0.6] (unknown [172.18.0.214]) by postal.iol.unh.edu (Postfix) with ESMTP id E2B636051823; Wed, 29 Nov 2023 02:41:24 -0500 (EST) Subject: |FAILURE| [GIT MASTER] 7849366693a2a2cbc5279a6bfd39cbb457fe7c96 From: dpdklab@iol.unh.edu To: Test Report Cc: dpdk-test-reports@iol.unh.edu, Xueming Li , Christian Ehrhardt , Kevin Traynor , Luca Boccassi Content-Type: text/plain X-BeenThere: test-report@dpdk.org X-Mailman-Version: 2.1.29 Precedence: list List-Id: automatic DPDK test reports List-Unsubscribe: , List-Archive: List-Post: List-Help: List-Subscribe: , Errors-To: test-report-bounces@dpdk.org _Testing issues_ Branch: tags/v22.11 7849366693a2a2cbc5279a6bfd39cbb457fe7c96 --> testing fail Test environment and result as below: +---------------------+----------------+ | Environment | dpdk_unit_test | +=====================+================+ | Windows Server 2019 | FAIL | +---------------------+----------------+ | CentOS Stream 8 | PASS | +---------------------+----------------+ | CentOS Stream 9 | PASS | +---------------------+----------------+ | Debian Buster | PASS | +---------------------+----------------+ | openSUSE Leap 15 | PASS | +---------------------+----------------+ | Debian Bullseye | PASS | +---------------------+----------------+ | Fedora 38 | PASS | +---------------------+----------------+ ==== 20 line log output for Windows Server 2019 (dpdk_unit_test): ==== 85/93 DPDK:fast-tests / power_autotest SKIP 0.12s exit status 77 86/93 DPDK:fast-tests / power_kvm_vm_autotest SKIP 0.12s exit status 77 87/93 DPDK:fast-tests / power_intel_uncore_autotest SKIP 0.12s exit status 77 88/93 DPDK:fast-tests / reorder_autotest SKIP 0.11s exit status 77 89/93 DPDK:fast-tests / service_autotest OK 3.53s 90/93 DPDK:fast-tests / thash_autotest OK 0.12s 91/93 DPDK:fast-tests / threads_autotest OK 0.68s 92/93 DPDK:fast-tests / trace_autotest SKIP 0.16s exit status 77 93/93 DPDK:fast-tests / metrics_autotest OK 0.12s Ok: 49 Expected Fail: 0 Fail: 1 Unexpected Pass: 0 Skipped: 43 Timeout: 0 Full log written to C:\Users\builder\jenkins\workspace\Generic-VM-Unit-Test-DPDK\dpdk\build\meson-logs\testlog.txt ==== End log output ==== Windows Server 2019 Kernel: 10.0 Compiler: clang 14.0 and gcc 8.1.0 (MinGW) CentOS Stream 8 Kernel: 4.18.0-240.10.1.el8_3.x86_64 Compiler: gcc 8.4.1 20200928 CentOS Stream 9 Kernel: 4.18.0-240.10.1.el8_3.x86_64 Compiler: gcc 11.3.1 20220421 Debian Buster Kernel: 5.4.0-122-generic Compiler: gcc 8.3.0-6 openSUSE Leap 15 Kernel: 4.18.0-240.10.1.el8_3.x86_64 Compiler: gcc 7.5.0 Debian Bullseye Kernel: 5.4.0-122-generic Compiler: gcc 10.2.1-6 Fedora 38 Kernel: Depends on container host Compiler: gcc 13.1.1 To view detailed results, visit: https://lab.dpdk.org/results/dashboard/tarballs/27155/ UNH-IOL DPDK Community Lab To manage your email subscriptions, visit: https://lab.dpdk.org/results/dashboard/preferences/subscriptions/