From mboxrd@z Thu Jan 1 00:00:00 1970 Return-Path: Received: from mails.dpdk.org (mails.dpdk.org [217.70.189.124]) by inbox.dpdk.org (Postfix) with ESMTP id 9BAAC43429 for ; Sat, 2 Dec 2023 08:24:44 +0100 (CET) Received: from mails.dpdk.org (localhost [127.0.0.1]) by mails.dpdk.org (Postfix) with ESMTP id 9614E40278; Sat, 2 Dec 2023 08:24:44 +0100 (CET) Received: from mail-yb1-f227.google.com (mail-yb1-f227.google.com [209.85.219.227]) by mails.dpdk.org (Postfix) with ESMTP id 73B914025C for ; Sat, 2 Dec 2023 08:24:43 +0100 (CET) Received: by mail-yb1-f227.google.com with SMTP id 3f1490d57ef6-db8892a5f96so59595276.2 for ; Fri, 01 Dec 2023 23:24:43 -0800 (PST) DKIM-Signature: v=1; a=rsa-sha256; c=relaxed/relaxed; d=iol.unh.edu; s=unh-iol; t=1701501883; x=1702106683; darn=dpdk.org; h=cc:to:from:subject:message-id:date:from:to:cc:subject:date :message-id:reply-to; bh=XZrly++wuQvjZRE45P5/6EbSfFogxtJHtoqShVoB4jA=; b=SOqnWIFM0Gykn11t9QZMaAfqdzvWlJAkDtnUwt3C65uQhrUL43ZSGaIqUKXSB9zGpg gd8Y871WKlf3tRwPN3ShvKkE6QNjatqOyL1H7sch3ANXSr1OjZkZvhEXPatQH1HoCbJ5 1hmny5W6K5Q0g9VEdHpTEKDeHW3vyINP6izLY= X-Google-DKIM-Signature: v=1; a=rsa-sha256; c=relaxed/relaxed; d=1e100.net; s=20230601; t=1701501883; x=1702106683; h=cc:to:from:subject:message-id:date:x-gm-message-state:from:to:cc :subject:date:message-id:reply-to; bh=XZrly++wuQvjZRE45P5/6EbSfFogxtJHtoqShVoB4jA=; b=Lqd0ZrjXbVqBV4f8d8Z6IFMexZyaIhOabZZwDlLus+7fXiMWQ0UWLSDGK/A0DcKoEs /CKEyG3KPvMChrZxyOal2Fauagm07WBeZeCBwMyT+xEWQOZaxHwfdSTiE8NGJoKrmXK7 bzyyaBql3G0ZqfShp9E3YG78ALjSizBtg5keZbdwBZh/9JRukdbtyPvCTdtJA7YpTDKu srGYqYYzNIa7niMYsTv8VO2A4K32w7HKu8LlGTDB6pNCQOve/dgMY/B9JoHgi9R25koM tMS1bDEw5tbV92t4d3B5Ys3dHa+MMYkg0a9haiJrJu716TvK7UsB4yvio3lmKaa7lnYW f40Q== X-Gm-Message-State: AOJu0Yy7ZjIdryvhTCN3ibFg7gWfSdLR90ScItJs45/LgzyITIdn+kxU C8vuqoUZ/VyPk1pkr1PXPAfxXiUKZqPZT6F4d4kFtgU4AQWofw== X-Google-Smtp-Source: AGHT+IGj45gQKjddrMuB02TWlX1CCmuJY1QbKrP5J26AWgBjX1X838KhJx6mHtxu1cIodNANkP2TjkdIH6xe X-Received: by 2002:a25:8801:0:b0:db4:7084:cb75 with SMTP id c1-20020a258801000000b00db47084cb75mr773664ybl.22.1701501882864; Fri, 01 Dec 2023 23:24:42 -0800 (PST) Received: from postal.iol.unh.edu (postal.iol.unh.edu. [132.177.123.84]) by smtp-relay.gmail.com with ESMTPS id x8-20020a814a08000000b0059ecdd3572dsm480537ywa.75.2023.12.01.23.24.42 (version=TLS1_2 cipher=ECDHE-ECDSA-AES128-GCM-SHA256 bits=128/128); Fri, 01 Dec 2023 23:24:42 -0800 (PST) X-Relaying-Domain: iol.unh.edu Date: Fri, 01 Dec 2023 23:24:42 -0800 (PST) Message-ID: <656adbba.810a0220.3c289.4a45SMTPIN_ADDED_MISSING@mx.google.com> Received: from [172.17.0.2] (unknown [172.18.0.214]) by postal.iol.unh.edu (Postfix) with ESMTP id 7DD776051831; Sat, 2 Dec 2023 02:24:42 -0500 (EST) Subject: |FAILURE| [GIT MASTER] 7849366693a2a2cbc5279a6bfd39cbb457fe7c96 From: dpdklab@iol.unh.edu To: Test Report Cc: dpdk-test-reports@iol.unh.edu, Xueming Li , Christian Ehrhardt , Kevin Traynor , Luca Boccassi Content-Type: text/plain X-BeenThere: test-report@dpdk.org X-Mailman-Version: 2.1.29 Precedence: list List-Id: automatic DPDK test reports List-Unsubscribe: , List-Archive: List-Post: List-Help: List-Subscribe: , Errors-To: test-report-bounces@dpdk.org _Testing issues_ Branch: tags/v22.11 7849366693a2a2cbc5279a6bfd39cbb457fe7c96 --> testing fail Test environment and result as below: +---------------------+----------------+ | Environment | dpdk_unit_test | +=====================+================+ | Windows Server 2019 | FAIL | +---------------------+----------------+ | CentOS Stream 8 | PASS | +---------------------+----------------+ | Fedora 37 | PASS | +---------------------+----------------+ ==== 20 line log output for Windows Server 2019 (dpdk_unit_test): ==== 87/93 DPDK:fast-tests / power_intel_uncore_autotest SKIP 0.12s exit status 77 88/93 DPDK:fast-tests / reorder_autotest SKIP 0.23s exit status 77 89/93 DPDK:fast-tests / service_autotest FAIL 3.79s (exit status 4294967295 or signal 4294967167 SIGinvalid) >>> MALLOC_PERTURB_=123 DPDK_TEST=service_autotest C:\Users\builder\jenkins\workspace\Generic-VM-Unit-Test-DPDK\dpdk\build\app\test\dpdk-test.exe 90/93 DPDK:fast-tests / thash_autotest OK 0.19s 91/93 DPDK:fast-tests / threads_autotest OK 0.74s 92/93 DPDK:fast-tests / trace_autotest SKIP 0.19s exit status 77 93/93 DPDK:fast-tests / metrics_autotest OK 0.12s Ok: 48 Expected Fail: 0 Fail: 2 Unexpected Pass: 0 Skipped: 43 Timeout: 0 Full log written to C:\Users\builder\jenkins\workspace\Generic-VM-Unit-Test-DPDK\dpdk\build\meson-logs\testlog.txt ==== End log output ==== Windows Server 2019 Kernel: 10.0 Compiler: clang 14.0 and gcc 8.1.0 (MinGW) CentOS Stream 8 Kernel: 4.18.0-240.10.1.el8_3.x86_64 Compiler: gcc 8.4.1 20200928 Fedora 37 Kernel: Depends on container host system Compiler: gcc 12.3.1 To view detailed results, visit: https://lab.dpdk.org/results/dashboard/tarballs/27187/ UNH-IOL DPDK Community Lab To manage your email subscriptions, visit: https://lab.dpdk.org/results/dashboard/preferences/subscriptions/