From mboxrd@z Thu Jan 1 00:00:00 1970 Return-Path: Received: from mails.dpdk.org (mails.dpdk.org [217.70.189.124]) by inbox.dpdk.org (Postfix) with ESMTP id 7431543429 for ; Sat, 2 Dec 2023 08:44:45 +0100 (CET) Received: from mails.dpdk.org (localhost [127.0.0.1]) by mails.dpdk.org (Postfix) with ESMTP id 6C93740278; Sat, 2 Dec 2023 08:44:45 +0100 (CET) Received: from mail-io1-f98.google.com (mail-io1-f98.google.com [209.85.166.98]) by mails.dpdk.org (Postfix) with ESMTP id D129B4025C for ; Sat, 2 Dec 2023 08:44:43 +0100 (CET) Received: by mail-io1-f98.google.com with SMTP id ca18e2360f4ac-7b3968cc62aso65255439f.0 for ; Fri, 01 Dec 2023 23:44:43 -0800 (PST) DKIM-Signature: v=1; a=rsa-sha256; c=relaxed/relaxed; d=iol.unh.edu; s=unh-iol; t=1701503083; x=1702107883; darn=dpdk.org; h=cc:to:from:subject:message-id:date:from:to:cc:subject:date :message-id:reply-to; bh=1SEo9gBHwYKzK+f66Y4jU6UTjbFwpTxfPCfnx5gt3lg=; b=Shgd4YWPMysRVjj/GKjWWbIc6ck0RpJHoSSzsYePO7fDVJ2UaNN8X+rVwdv46N2AFm NjA9edRR+k5oJyH7ii3+ndASAM96/O2JCv/3Ehm30MG7FCziH55nPwSLwwLelQaFbzRe U3OTTgCcSskuLvRaK9VfRgf/PskDJt8RZpWbk= X-Google-DKIM-Signature: v=1; a=rsa-sha256; c=relaxed/relaxed; d=1e100.net; s=20230601; t=1701503083; x=1702107883; h=cc:to:from:subject:message-id:date:x-gm-message-state:from:to:cc :subject:date:message-id:reply-to; bh=1SEo9gBHwYKzK+f66Y4jU6UTjbFwpTxfPCfnx5gt3lg=; b=ldIFZ6IFeN4Swqvhzg/rsjcjB8usL2z7h2S5//bmEEeMTsYN8ciEKXEs4m0/UYkRCQ 33RKFODOpCR6+DisM3jBKLuZGOsWJnUXHG6tThKRRG7aWuuAK5lFgsd6ujC9DJRvWDkz JNzg4t0yN+mJ9wZbNTsyhhFyYn/BFRtq5Wuhpyo9oXy7PfFhxRgiAyr6xnmtjBpE9N80 U+YO7nsipsju70OTSTRnpHa3WhFYcsRLRkE0p9YxoZ/1yymVH+0dDCe5SeJgA0BlMjcM nh6TxEh4mnlMvNrKhJmKSkWqGl9yCkxXC1akcfW39DHHRSQAiQy6weZgzhnICUsqn8iQ nTcQ== X-Gm-Message-State: AOJu0YxR6U0KjGeyzCxbqgd9vhZB2pYVjXktHpo2oFe7y0fKAd8G4s5W ago5jBZYlI4s4JSspZOu7NBsm9qw5fq5bDfVOLdDSCv/0eb8ng== X-Google-Smtp-Source: AGHT+IH0QE8DWgWXUJ0tzvubAlhA5kHmgcUl+FpF7qkL1+xAtvrppKE06kXY2ih1uE2DTOFL0v4jeP8k0TO/ X-Received: by 2002:a92:c807:0:b0:35d:5994:ffc3 with SMTP id v7-20020a92c807000000b0035d5994ffc3mr717497iln.25.1701503082928; Fri, 01 Dec 2023 23:44:42 -0800 (PST) Received: from postal.iol.unh.edu (postal.iol.unh.edu. [132.177.123.84]) by smtp-relay.gmail.com with ESMTPS id t14-20020a056e02160e00b0035c8486bd49sm345463ilu.59.2023.12.01.23.44.42 (version=TLS1_2 cipher=ECDHE-ECDSA-AES128-GCM-SHA256 bits=128/128); Fri, 01 Dec 2023 23:44:42 -0800 (PST) X-Relaying-Domain: iol.unh.edu Date: Fri, 01 Dec 2023 23:44:42 -0800 (PST) Message-ID: <656ae06a.050a0220.eff08.d9dfSMTPIN_ADDED_MISSING@mx.google.com> Received: from [172.17.0.3] (unknown [172.18.0.214]) by postal.iol.unh.edu (Postfix) with ESMTP id 6EEF26051831; Sat, 2 Dec 2023 02:44:42 -0500 (EST) Subject: |FAILURE| [GIT MASTER] 7849366693a2a2cbc5279a6bfd39cbb457fe7c96 From: dpdklab@iol.unh.edu To: Test Report Cc: dpdk-test-reports@iol.unh.edu, Xueming Li , Christian Ehrhardt , Kevin Traynor , Luca Boccassi Content-Type: text/plain X-BeenThere: test-report@dpdk.org X-Mailman-Version: 2.1.29 Precedence: list List-Id: automatic DPDK test reports List-Unsubscribe: , List-Archive: List-Post: List-Help: List-Subscribe: , Errors-To: test-report-bounces@dpdk.org _Testing issues_ Branch: tags/v22.11 7849366693a2a2cbc5279a6bfd39cbb457fe7c96 --> testing fail Test environment and result as below: +---------------------+----------------+ | Environment | dpdk_unit_test | +=====================+================+ | Windows Server 2019 | FAIL | +---------------------+----------------+ | CentOS Stream 8 | PASS | +---------------------+----------------+ | Fedora 37 | PASS | +---------------------+----------------+ | CentOS Stream 9 | PASS | +---------------------+----------------+ | Debian Buster | PASS | +---------------------+----------------+ | Ubuntu 22.04 | PASS | +---------------------+----------------+ | Debian Bullseye | PASS | +---------------------+----------------+ | Fedora 38 | PASS | +---------------------+----------------+ | Ubuntu 20.04 | PASS | +---------------------+----------------+ | RHEL8 | PASS | +---------------------+----------------+ | RHEL 7 | PASS | +---------------------+----------------+ | openSUSE Leap 15 | PASS | +---------------------+----------------+ ==== 20 line log output for Windows Server 2019 (dpdk_unit_test): ==== 87/93 DPDK:fast-tests / power_intel_uncore_autotest SKIP 0.12s exit status 77 88/93 DPDK:fast-tests / reorder_autotest SKIP 0.23s exit status 77 89/93 DPDK:fast-tests / service_autotest FAIL 3.79s (exit status 4294967295 or signal 4294967167 SIGinvalid) >>> MALLOC_PERTURB_=123 DPDK_TEST=service_autotest C:\Users\builder\jenkins\workspace\Generic-VM-Unit-Test-DPDK\dpdk\build\app\test\dpdk-test.exe 90/93 DPDK:fast-tests / thash_autotest OK 0.19s 91/93 DPDK:fast-tests / threads_autotest OK 0.74s 92/93 DPDK:fast-tests / trace_autotest SKIP 0.19s exit status 77 93/93 DPDK:fast-tests / metrics_autotest OK 0.12s Ok: 48 Expected Fail: 0 Fail: 2 Unexpected Pass: 0 Skipped: 43 Timeout: 0 Full log written to C:\Users\builder\jenkins\workspace\Generic-VM-Unit-Test-DPDK\dpdk\build\meson-logs\testlog.txt ==== End log output ==== Windows Server 2019 Kernel: 10.0 Compiler: clang 14.0 and gcc 8.1.0 (MinGW) CentOS Stream 8 Kernel: 4.18.0-240.10.1.el8_3.x86_64 Compiler: gcc 8.4.1 20200928 Fedora 37 Kernel: Depends on container host system Compiler: gcc 12.3.1 CentOS Stream 9 Kernel: 4.18.0-240.10.1.el8_3.x86_64 Compiler: gcc 11.3.1 20220421 Debian Buster Kernel: 5.4.0-122-generic Compiler: gcc 8.3.0-6 Ubuntu 22.04 Kernel: 4.18.0-240.10.1.el8_3.x86_64 Compiler: gcc 11.3.0 Debian Bullseye Kernel: 5.4.0-122-generic Compiler: gcc 10.2.1-6 Fedora 38 Kernel: Depends on container host Compiler: gcc 13.1.1 Ubuntu 20.04 Kernel: 5.4.0-153-generic Compiler: gcc 9.4.0-1ubuntu1~20.04.1 RHEL8 Kernel: 4.18.0-240.10.1.el8_3.x86_64 Compiler: gcc 8.3.1 20191121 (Red Hat 8.3.1-5) RHEL 7 Kernel: 4.18.0-240.10.1.el8_3.x86_64 Compiler: gcc 4.8.5 20150623 (Red Hat 4.8.5-44) openSUSE Leap 15 Kernel: 4.18.0-240.10.1.el8_3.x86_64 Compiler: gcc 7.5.0 To view detailed results, visit: https://lab.dpdk.org/results/dashboard/tarballs/27187/ UNH-IOL DPDK Community Lab To manage your email subscriptions, visit: https://lab.dpdk.org/results/dashboard/preferences/subscriptions/