From mboxrd@z Thu Jan 1 00:00:00 1970 Return-Path: Received: from mails.dpdk.org (mails.dpdk.org [217.70.189.124]) by inbox.dpdk.org (Postfix) with ESMTP id CC01E43433 for ; Sun, 3 Dec 2023 08:43:44 +0100 (CET) Received: from mails.dpdk.org (localhost [127.0.0.1]) by mails.dpdk.org (Postfix) with ESMTP id A4A154028C; Sun, 3 Dec 2023 08:43:44 +0100 (CET) Received: from mail-oo1-f97.google.com (mail-oo1-f97.google.com [209.85.161.97]) by mails.dpdk.org (Postfix) with ESMTP id EEF104027B for ; Sun, 3 Dec 2023 08:43:42 +0100 (CET) Received: by mail-oo1-f97.google.com with SMTP id 006d021491bc7-58e28e0461bso600433eaf.1 for ; Sat, 02 Dec 2023 23:43:42 -0800 (PST) DKIM-Signature: v=1; a=rsa-sha256; c=relaxed/relaxed; d=iol.unh.edu; s=unh-iol; t=1701589422; x=1702194222; darn=dpdk.org; h=cc:to:from:subject:message-id:date:from:to:cc:subject:date :message-id:reply-to; bh=/DuBrNvWj+eSStrU6xQ4zAEYV8qWTH7rjkRSSmPilwQ=; b=ciOsjiDsxwFRZwXjjGtnpV0HJ/SKzWIKnTLb4f1T8fcATjzz3Vy/xMklt7Ena5UMOb krVEh9RwdtKz8MJ5MwaQtKxMyqVZU71cn88sbIoPuuEKrd25Oi7mUsWs7gpmInpZOdrn jAwNVrxvsQd8vznTntVEoH8oHmBknpmWTEaZ4= X-Google-DKIM-Signature: v=1; a=rsa-sha256; c=relaxed/relaxed; d=1e100.net; s=20230601; t=1701589422; x=1702194222; h=cc:to:from:subject:message-id:date:x-gm-message-state:from:to:cc :subject:date:message-id:reply-to; bh=/DuBrNvWj+eSStrU6xQ4zAEYV8qWTH7rjkRSSmPilwQ=; b=WCx6uULsHdzHkDFb9I0Df4QwJ+uEHbTcgAV442C9qVyoaWLVTEsX3Emm16b+WTYhVU 4XH3+iQxffnlHY+K6Wxs2RAHosLNlyoUx7MFmX7b3zPRK6VYCSjJTGpBlJyVp4cfH4PD o/lDTY+kig0IrukaonPcMC99xHNcO3UPYvWFA9lefunjhChddrbI33ZPPRzZV5t0v1kZ sQcz5jtYIkRsmxIveDU7mEtJhz8x86DAeeDFXhQIy8Ro57EUTquGqFSANdCd1wH3Xjf/ r15gsWSiPHiqLlRzJJw6XyTqUsjSULaGf2emgVYx3o4s5ljft2qWAiAi3CcScffhH/p6 h81Q== X-Gm-Message-State: AOJu0Yz7a6q8QtsgrnWInD8siAfX5Q1RF/L7coEK4rt2BQoE2ho1dgBU oBt65bsWS02tNrebteWiRZDMZu1GNreUmyCDsm9wCknBE4EvODSkV2+cLxcoiW2LcA== X-Google-Smtp-Source: AGHT+IH1wCRxqYzj0IiMTlRKGN3c8ftrHTfgLCqiYZaeOa2Khmw19DCFK1L/7yrpRUnVzh7el6b/IdGuzkjU X-Received: by 2002:a05:6358:9144:b0:170:17ea:f4d7 with SMTP id r4-20020a056358914400b0017017eaf4d7mr2866084rwr.36.1701589422119; Sat, 02 Dec 2023 23:43:42 -0800 (PST) Received: from postal.iol.unh.edu (postal.iol.unh.edu. [2606:4100:3880:1234::84]) by smtp-relay.gmail.com with ESMTPS id u3-20020a170902bf4300b001cfb971ee12sm246092pls.42.2023.12.02.23.43.41 (version=TLS1_2 cipher=ECDHE-ECDSA-AES128-GCM-SHA256 bits=128/128); Sat, 02 Dec 2023 23:43:42 -0800 (PST) X-Relaying-Domain: iol.unh.edu Date: Sat, 02 Dec 2023 23:43:42 -0800 (PST) Message-ID: <656c31ae.170a0220.55507.81b2SMTPIN_ADDED_MISSING@mx.google.com> Received: from [172.17.0.5] (unknown [172.18.0.214]) by postal.iol.unh.edu (Postfix) with ESMTP id 477F7605C311; Sun, 3 Dec 2023 02:43:41 -0500 (EST) Subject: |FAILURE| [GIT MASTER] 7849366693a2a2cbc5279a6bfd39cbb457fe7c96 From: dpdklab@iol.unh.edu To: Test Report Cc: dpdk-test-reports@iol.unh.edu, Xueming Li , Christian Ehrhardt , Kevin Traynor , Luca Boccassi Content-Type: text/plain X-BeenThere: test-report@dpdk.org X-Mailman-Version: 2.1.29 Precedence: list List-Id: automatic DPDK test reports List-Unsubscribe: , List-Archive: List-Post: List-Help: List-Subscribe: , Errors-To: test-report-bounces@dpdk.org _Testing issues_ Branch: tags/v22.11 7849366693a2a2cbc5279a6bfd39cbb457fe7c96 --> testing fail Test environment and result as below: +---------------------+----------------+ | Environment | dpdk_unit_test | +=====================+================+ | Windows Server 2019 | FAIL | +---------------------+----------------+ | CentOS Stream 8 | PASS | +---------------------+----------------+ | CentOS Stream 9 | PASS | +---------------------+----------------+ | Debian Buster | PASS | +---------------------+----------------+ | openSUSE Leap 15 | PASS | +---------------------+----------------+ | Fedora 38 | PASS | +---------------------+----------------+ | Debian Bullseye | PASS | +---------------------+----------------+ | Ubuntu 22.04 | PASS | +---------------------+----------------+ ==== 20 line log output for Windows Server 2019 (dpdk_unit_test): ==== 85/93 DPDK:fast-tests / power_autotest SKIP 0.18s exit status 77 86/93 DPDK:fast-tests / power_kvm_vm_autotest SKIP 0.12s exit status 77 87/93 DPDK:fast-tests / power_intel_uncore_autotest SKIP 0.18s exit status 77 88/93 DPDK:fast-tests / reorder_autotest SKIP 0.12s exit status 77 89/93 DPDK:fast-tests / service_autotest OK 4.28s 90/93 DPDK:fast-tests / thash_autotest OK 0.17s 91/93 DPDK:fast-tests / threads_autotest OK 0.74s 92/93 DPDK:fast-tests / trace_autotest SKIP 0.12s exit status 77 93/93 DPDK:fast-tests / metrics_autotest OK 0.26s Ok: 49 Expected Fail: 0 Fail: 1 Unexpected Pass: 0 Skipped: 43 Timeout: 0 Full log written to C:\Users\builder\jenkins\workspace\Generic-VM-Unit-Test-DPDK\dpdk\build\meson-logs\testlog.txt ==== End log output ==== Windows Server 2019 Kernel: 10.0 Compiler: clang 14.0 and gcc 8.1.0 (MinGW) CentOS Stream 8 Kernel: 4.18.0-240.10.1.el8_3.x86_64 Compiler: gcc 8.4.1 20200928 CentOS Stream 9 Kernel: 4.18.0-240.10.1.el8_3.x86_64 Compiler: gcc 11.3.1 20220421 Debian Buster Kernel: 5.4.0-122-generic Compiler: gcc 8.3.0-6 openSUSE Leap 15 Kernel: 4.18.0-240.10.1.el8_3.x86_64 Compiler: gcc 7.5.0 Fedora 38 Kernel: Depends on container host Compiler: gcc 13.1.1 Debian Bullseye Kernel: 5.4.0-122-generic Compiler: gcc 10.2.1-6 Ubuntu 22.04 Kernel: 4.18.0-240.10.1.el8_3.x86_64 Compiler: gcc 11.3.0 To view detailed results, visit: https://lab.dpdk.org/results/dashboard/tarballs/27190/ UNH-IOL DPDK Community Lab To manage your email subscriptions, visit: https://lab.dpdk.org/results/dashboard/preferences/subscriptions/