From mboxrd@z Thu Jan 1 00:00:00 1970 Return-Path: Received: from mails.dpdk.org (mails.dpdk.org [217.70.189.124]) by inbox.dpdk.org (Postfix) with ESMTP id 9C56343433 for ; Sun, 3 Dec 2023 08:51:23 +0100 (CET) Received: from mails.dpdk.org (localhost [127.0.0.1]) by mails.dpdk.org (Postfix) with ESMTP id 9791D4028C; Sun, 3 Dec 2023 08:51:23 +0100 (CET) Received: from mail-il1-f225.google.com (mail-il1-f225.google.com [209.85.166.225]) by mails.dpdk.org (Postfix) with ESMTP id E19534027B for ; Sun, 3 Dec 2023 08:51:21 +0100 (CET) Received: by mail-il1-f225.google.com with SMTP id e9e14a558f8ab-35d53f61754so9056295ab.0 for ; Sat, 02 Dec 2023 23:51:21 -0800 (PST) DKIM-Signature: v=1; a=rsa-sha256; c=relaxed/relaxed; d=iol.unh.edu; s=unh-iol; t=1701589881; x=1702194681; darn=dpdk.org; h=cc:to:from:subject:message-id:date:from:to:cc:subject:date :message-id:reply-to; bh=babkQwFYEIGJV3x3uRF450slKxh9f/KNZjta0jAos9A=; b=SYIubBSN1tlTbd7Qg/kjKkZy8kgy0H5tnGyhkvOvs6QI9Zg96sbWWoJZGFtT9BKUtO OH2sWS1t+vU8Hj9SJKHk3F409n7NBI5qXv328dhYfIIvqjvzI3/bASM1jzhBqlyj0NSW +SNIeiMeszJu2kp5kdOcpoIM7EbyrvfXM6Hcw= X-Google-DKIM-Signature: v=1; a=rsa-sha256; c=relaxed/relaxed; d=1e100.net; s=20230601; t=1701589881; x=1702194681; h=cc:to:from:subject:message-id:date:x-gm-message-state:from:to:cc :subject:date:message-id:reply-to; bh=babkQwFYEIGJV3x3uRF450slKxh9f/KNZjta0jAos9A=; b=JdE3pB+WD4chdwU0hKui3NgqpY2LwXM3ESF9g+0/p9jxaXK1a/vE98YK2hNBd9niCX bffkobTs1qvLpVi3/wfe4j6Iw+W6tJdwRdGS+QiJfwuJT6g1UmuQs/eNwOuQ3tAf6ZWA n/nQe/6l2rlFUI7tv5q6/iS6zOQHCjycEAxHbM3AxkLgDUEvLaWCq9J0/2bkYqVdbXMu v3X5VVN7rLcuYCkrdwCZFWF4s7+WQHzn7Pr68u3mCQOiMA4r0g0mqrbygInYB1jKK+IP W5Xw3wQ5xc1BFmH6lSlN3vMQkD89HsRONkKRYAnS0Ym4FHYtp10A+rxhk1BmBPBALbJW MrBQ== X-Gm-Message-State: AOJu0YyvqbuIVKeB9cAkAU0rErAFu83VXsvlVszBznlxA9XUGDuOqwCb N7mmDSgi8FYON+FtZQ1+BxHkxRUuCMmDhSvNn4SbhJvcDnMnJe6YqCX+CTXFP0SRPA== X-Google-Smtp-Source: AGHT+IF9/b7CvYAaAQtkWb5hoFM5LWanQwMAC7sLEkQhei91GZyS0TRTK8ztl2GYkZLLSS11mWmL/aEMRikD X-Received: by 2002:a92:4b01:0:b0:35c:a2bb:3fc with SMTP id m1-20020a924b01000000b0035ca2bb03fcmr3165048ilg.26.1701589881327; Sat, 02 Dec 2023 23:51:21 -0800 (PST) Received: from postal.iol.unh.edu (postal.iol.unh.edu. [2606:4100:3880:1234::84]) by smtp-relay.gmail.com with ESMTPS id w9-20020a170902904900b001cf87f22f5fsm386459plz.141.2023.12.02.23.51.21 (version=TLS1_2 cipher=ECDHE-ECDSA-AES128-GCM-SHA256 bits=128/128); Sat, 02 Dec 2023 23:51:21 -0800 (PST) X-Relaying-Domain: iol.unh.edu Date: Sat, 02 Dec 2023 23:51:21 -0800 (PST) Message-ID: <656c3379.170a0220.457ff.d9beSMTPIN_ADDED_MISSING@mx.google.com> Received: from [172.17.0.5] (unknown [172.18.0.214]) by postal.iol.unh.edu (Postfix) with ESMTP id 78859605C311; Sun, 3 Dec 2023 02:51:20 -0500 (EST) Subject: |FAILURE| [GIT MASTER] 7849366693a2a2cbc5279a6bfd39cbb457fe7c96 From: dpdklab@iol.unh.edu To: Test Report Cc: dpdk-test-reports@iol.unh.edu, Xueming Li , Christian Ehrhardt , Kevin Traynor , Luca Boccassi Content-Type: text/plain X-BeenThere: test-report@dpdk.org X-Mailman-Version: 2.1.29 Precedence: list List-Id: automatic DPDK test reports List-Unsubscribe: , List-Archive: List-Post: List-Help: List-Subscribe: , Errors-To: test-report-bounces@dpdk.org _Testing issues_ Branch: tags/v22.11 7849366693a2a2cbc5279a6bfd39cbb457fe7c96 --> testing fail Test environment and result as below: +---------------------+----------------+ | Environment | dpdk_unit_test | +=====================+================+ | Windows Server 2019 | FAIL | +---------------------+----------------+ | CentOS Stream 8 | PASS | +---------------------+----------------+ | CentOS Stream 9 | PASS | +---------------------+----------------+ | Debian Buster | PASS | +---------------------+----------------+ | openSUSE Leap 15 | PASS | +---------------------+----------------+ | Fedora 38 | PASS | +---------------------+----------------+ | Debian Bullseye | PASS | +---------------------+----------------+ | Ubuntu 22.04 | PASS | +---------------------+----------------+ | RHEL 7 | PASS | +---------------------+----------------+ | Fedora 37 | PASS | +---------------------+----------------+ | RHEL8 | PASS | +---------------------+----------------+ ==== 20 line log output for Windows Server 2019 (dpdk_unit_test): ==== 85/93 DPDK:fast-tests / power_autotest SKIP 0.18s exit status 77 86/93 DPDK:fast-tests / power_kvm_vm_autotest SKIP 0.12s exit status 77 87/93 DPDK:fast-tests / power_intel_uncore_autotest SKIP 0.18s exit status 77 88/93 DPDK:fast-tests / reorder_autotest SKIP 0.12s exit status 77 89/93 DPDK:fast-tests / service_autotest OK 4.28s 90/93 DPDK:fast-tests / thash_autotest OK 0.17s 91/93 DPDK:fast-tests / threads_autotest OK 0.74s 92/93 DPDK:fast-tests / trace_autotest SKIP 0.12s exit status 77 93/93 DPDK:fast-tests / metrics_autotest OK 0.26s Ok: 49 Expected Fail: 0 Fail: 1 Unexpected Pass: 0 Skipped: 43 Timeout: 0 Full log written to C:\Users\builder\jenkins\workspace\Generic-VM-Unit-Test-DPDK\dpdk\build\meson-logs\testlog.txt ==== End log output ==== Windows Server 2019 Kernel: 10.0 Compiler: clang 14.0 and gcc 8.1.0 (MinGW) CentOS Stream 8 Kernel: 4.18.0-240.10.1.el8_3.x86_64 Compiler: gcc 8.4.1 20200928 CentOS Stream 9 Kernel: 4.18.0-240.10.1.el8_3.x86_64 Compiler: gcc 11.3.1 20220421 Debian Buster Kernel: 5.4.0-122-generic Compiler: gcc 8.3.0-6 openSUSE Leap 15 Kernel: 4.18.0-240.10.1.el8_3.x86_64 Compiler: gcc 7.5.0 Fedora 38 Kernel: Depends on container host Compiler: gcc 13.1.1 Debian Bullseye Kernel: 5.4.0-122-generic Compiler: gcc 10.2.1-6 Ubuntu 22.04 Kernel: 4.18.0-240.10.1.el8_3.x86_64 Compiler: gcc 11.3.0 RHEL 7 Kernel: 4.18.0-240.10.1.el8_3.x86_64 Compiler: gcc 4.8.5 20150623 (Red Hat 4.8.5-44) Fedora 37 Kernel: Depends on container host system Compiler: gcc 12.3.1 RHEL8 Kernel: 4.18.0-240.10.1.el8_3.x86_64 Compiler: gcc 8.3.1 20191121 (Red Hat 8.3.1-5) To view detailed results, visit: https://lab.dpdk.org/results/dashboard/tarballs/27190/ UNH-IOL DPDK Community Lab To manage your email subscriptions, visit: https://lab.dpdk.org/results/dashboard/preferences/subscriptions/