From mboxrd@z Thu Jan 1 00:00:00 1970 Return-Path: Received: from mails.dpdk.org (mails.dpdk.org [217.70.189.124]) by inbox.dpdk.org (Postfix) with ESMTP id A2C4343433 for ; Sun, 3 Dec 2023 08:55:47 +0100 (CET) Received: from mails.dpdk.org (localhost [127.0.0.1]) by mails.dpdk.org (Postfix) with ESMTP id 89C104028C; Sun, 3 Dec 2023 08:55:47 +0100 (CET) Received: from mail-oo1-f98.google.com (mail-oo1-f98.google.com [209.85.161.98]) by mails.dpdk.org (Postfix) with ESMTP id C13CD4027B for ; Sun, 3 Dec 2023 08:55:45 +0100 (CET) Received: by mail-oo1-f98.google.com with SMTP id 006d021491bc7-58dd3528497so2411011eaf.3 for ; Sat, 02 Dec 2023 23:55:45 -0800 (PST) DKIM-Signature: v=1; a=rsa-sha256; c=relaxed/relaxed; d=iol.unh.edu; s=unh-iol; t=1701590145; x=1702194945; darn=dpdk.org; h=cc:to:from:subject:message-id:date:from:to:cc:subject:date :message-id:reply-to; bh=QmsVeluCHt6rF5DpYd045LEJ9u1HPaGeB4dNwEOtWiU=; b=TMvYabvt7XuJ7sHoLJSo5nh9tTrAdEIMwPin23aXDz3RnEAknt5m+hKJC3anDHRLjR BcyZUB2+e9mkMMBybm/javzUXu056p7jI2yg17nmAw0ha7HQH1FzUSI36+69W19/m9DA HbCoP59Ndcqu/kffi6EcP1GQcdFmbj2bVzh9Q= X-Google-DKIM-Signature: v=1; a=rsa-sha256; c=relaxed/relaxed; d=1e100.net; s=20230601; t=1701590145; x=1702194945; h=cc:to:from:subject:message-id:date:x-gm-message-state:from:to:cc :subject:date:message-id:reply-to; bh=QmsVeluCHt6rF5DpYd045LEJ9u1HPaGeB4dNwEOtWiU=; b=QMhfeyF44TBeOc6O9KotBpxB4IhLzMMBHzjd9147G/yzx+ZJH07eF/nrJmnVRkz+FI B1XHAAoJltsbdLe5ZfVa9nzqvex3X3pLBmLPPmM+1tojBQ88WIGlc53BhMfRlkHSMiXS +Z11A9dNuiajTjdpak51GsityZ/5w1wFFkPO6tFBRhe+ptCpwxb5azf4px8vINQpHSFl Q8I2sargg6dSgFIHH3i48KLkYxcteoRGwz+TMQgJ8dEtbo2uv7kWc7EsEbVSA2pTWSXB wnscj7d/PkAsb8B7dV7EpPSd+IFn36T0BIHtx4X+x8B7E36jDj+c3FiyV/4eV5hqHhcI 1X7A== X-Gm-Message-State: AOJu0YyLrHagvumzSflgwhrFBoxucL/9+PoTg48JoPeXYYEmD911Sdei YybTKywjTZA1oHui4o2DD8VUDOjgij3XIgVCC3e5VRwBAEfpFA== X-Google-Smtp-Source: AGHT+IGjiasc8H7ZXTtG6J+p8+vqbJw2zz/RrekVhySL2IvBHo1YaBEHluagetveRrrGrYVJ8llVlHL1Jt8p X-Received: by 2002:a05:6358:904e:b0:170:17ea:f4e2 with SMTP id f14-20020a056358904e00b0017017eaf4e2mr3000765rwf.47.1701590145043; Sat, 02 Dec 2023 23:55:45 -0800 (PST) Received: from postal.iol.unh.edu (postal.iol.unh.edu. [132.177.123.84]) by smtp-relay.gmail.com with ESMTPS id 12-20020a17090a198c00b00274dd9af02bsm284114pji.9.2023.12.02.23.55.44 (version=TLS1_2 cipher=ECDHE-ECDSA-AES128-GCM-SHA256 bits=128/128); Sat, 02 Dec 2023 23:55:45 -0800 (PST) X-Relaying-Domain: iol.unh.edu Date: Sat, 02 Dec 2023 23:55:45 -0800 (PST) Message-ID: <656c3481.170a0220.e4f75.d50aSMTPIN_ADDED_MISSING@mx.google.com> Received: from [172.17.0.6] (unknown [172.18.0.214]) by postal.iol.unh.edu (Postfix) with ESMTP id 436BC605C311; Sun, 3 Dec 2023 02:55:44 -0500 (EST) Subject: |FAILURE| [GIT MASTER] 7849366693a2a2cbc5279a6bfd39cbb457fe7c96 From: dpdklab@iol.unh.edu To: Test Report Cc: dpdk-test-reports@iol.unh.edu, Xueming Li , Christian Ehrhardt , Kevin Traynor , Luca Boccassi Content-Type: text/plain X-BeenThere: test-report@dpdk.org X-Mailman-Version: 2.1.29 Precedence: list List-Id: automatic DPDK test reports List-Unsubscribe: , List-Archive: List-Post: List-Help: List-Subscribe: , Errors-To: test-report-bounces@dpdk.org _Testing issues_ Branch: tags/v22.11 7849366693a2a2cbc5279a6bfd39cbb457fe7c96 --> testing fail Test environment and result as below: +---------------------+----------------+ | Environment | dpdk_unit_test | +=====================+================+ | Windows Server 2019 | FAIL | +---------------------+----------------+ | CentOS Stream 8 | PASS | +---------------------+----------------+ | CentOS Stream 9 | PASS | +---------------------+----------------+ | Debian Buster | PASS | +---------------------+----------------+ | openSUSE Leap 15 | PASS | +---------------------+----------------+ | Fedora 38 | PASS | +---------------------+----------------+ | Debian Bullseye | PASS | +---------------------+----------------+ | Ubuntu 22.04 | PASS | +---------------------+----------------+ | RHEL 7 | PASS | +---------------------+----------------+ | Fedora 37 | PASS | +---------------------+----------------+ | RHEL8 | PASS | +---------------------+----------------+ | Ubuntu 20.04 | PASS | +---------------------+----------------+ ==== 20 line log output for Windows Server 2019 (dpdk_unit_test): ==== 85/93 DPDK:fast-tests / power_autotest SKIP 0.18s exit status 77 86/93 DPDK:fast-tests / power_kvm_vm_autotest SKIP 0.12s exit status 77 87/93 DPDK:fast-tests / power_intel_uncore_autotest SKIP 0.18s exit status 77 88/93 DPDK:fast-tests / reorder_autotest SKIP 0.12s exit status 77 89/93 DPDK:fast-tests / service_autotest OK 4.28s 90/93 DPDK:fast-tests / thash_autotest OK 0.17s 91/93 DPDK:fast-tests / threads_autotest OK 0.74s 92/93 DPDK:fast-tests / trace_autotest SKIP 0.12s exit status 77 93/93 DPDK:fast-tests / metrics_autotest OK 0.26s Ok: 49 Expected Fail: 0 Fail: 1 Unexpected Pass: 0 Skipped: 43 Timeout: 0 Full log written to C:\Users\builder\jenkins\workspace\Generic-VM-Unit-Test-DPDK\dpdk\build\meson-logs\testlog.txt ==== End log output ==== Windows Server 2019 Kernel: 10.0 Compiler: clang 14.0 and gcc 8.1.0 (MinGW) CentOS Stream 8 Kernel: 4.18.0-240.10.1.el8_3.x86_64 Compiler: gcc 8.4.1 20200928 CentOS Stream 9 Kernel: 4.18.0-240.10.1.el8_3.x86_64 Compiler: gcc 11.3.1 20220421 Debian Buster Kernel: 5.4.0-122-generic Compiler: gcc 8.3.0-6 openSUSE Leap 15 Kernel: 4.18.0-240.10.1.el8_3.x86_64 Compiler: gcc 7.5.0 Fedora 38 Kernel: Depends on container host Compiler: gcc 13.1.1 Debian Bullseye Kernel: 5.4.0-122-generic Compiler: gcc 10.2.1-6 Ubuntu 22.04 Kernel: 4.18.0-240.10.1.el8_3.x86_64 Compiler: gcc 11.3.0 RHEL 7 Kernel: 4.18.0-240.10.1.el8_3.x86_64 Compiler: gcc 4.8.5 20150623 (Red Hat 4.8.5-44) Fedora 37 Kernel: Depends on container host system Compiler: gcc 12.3.1 RHEL8 Kernel: 4.18.0-240.10.1.el8_3.x86_64 Compiler: gcc 8.3.1 20191121 (Red Hat 8.3.1-5) Ubuntu 20.04 Kernel: 5.4.0-153-generic Compiler: gcc 9.4.0-1ubuntu1~20.04.1 To view detailed results, visit: https://lab.dpdk.org/results/dashboard/tarballs/27190/ UNH-IOL DPDK Community Lab To manage your email subscriptions, visit: https://lab.dpdk.org/results/dashboard/preferences/subscriptions/