From mboxrd@z Thu Jan 1 00:00:00 1970 Return-Path: Received: from mails.dpdk.org (mails.dpdk.org [217.70.189.124]) by inbox.dpdk.org (Postfix) with ESMTP id 3B1554365D for ; Mon, 4 Dec 2023 08:34:12 +0100 (CET) Received: from mails.dpdk.org (localhost [127.0.0.1]) by mails.dpdk.org (Postfix) with ESMTP id 36A8B402E0; Mon, 4 Dec 2023 08:34:12 +0100 (CET) Received: from mail-oo1-f97.google.com (mail-oo1-f97.google.com [209.85.161.97]) by mails.dpdk.org (Postfix) with ESMTP id 8F530402AE for ; Mon, 4 Dec 2023 08:34:10 +0100 (CET) Received: by mail-oo1-f97.google.com with SMTP id 006d021491bc7-58e30de3933so905154eaf.3 for ; Sun, 03 Dec 2023 23:34:10 -0800 (PST) DKIM-Signature: v=1; a=rsa-sha256; c=relaxed/relaxed; d=iol.unh.edu; s=unh-iol; t=1701675250; x=1702280050; darn=dpdk.org; h=cc:to:from:subject:message-id:date:from:to:cc:subject:date :message-id:reply-to; bh=yakOlMMkuyRDM2djXfnZXm9Fh0grEUli+ANBoGHWtL8=; b=Ez5JcgBEoVCuiVfBDAhoCr1hy8Z9PvAnIeVxwoOxBl/76mTxevTRRIlxVjY65jUynv mgvbOo8Sq5OYav8csogJQREHpjrRT3PQf19fJxXPrY8p0DIeEMao/Z6pE/APvMi+6UVI cm9bbMDOuScZ9ledfjMRRjAyGC6p4D9jF6ZlM= X-Google-DKIM-Signature: v=1; a=rsa-sha256; c=relaxed/relaxed; d=1e100.net; s=20230601; t=1701675250; x=1702280050; h=cc:to:from:subject:message-id:date:x-gm-message-state:from:to:cc :subject:date:message-id:reply-to; bh=yakOlMMkuyRDM2djXfnZXm9Fh0grEUli+ANBoGHWtL8=; b=q22SAZmTwvkYkzy91YNd73WINa7+WERaRZG6K2dGyJ6z9wLORWUc5rL+hgjGqakGVC MxaFuQVeBs4fJZHnrgHm002TIi+P9Gkoe64OGs6oWhNMjjUP/C8T5cVarVKX/7t3SUOL 6SeldCDHVbv6ydpw67Ideusdn4I70Jizxz2EDlCz5ts4NbAWbpUBNcPhM2LKMeSzb9i0 WRPWgyx6hxFvrNVLhq2GIJ1uKHTVZO6Xm1gqnd+JFetEXRrmCUTuhTyO2SYDCa7g66ZC A8KYHr7kiJeLhTi+IQL0CAQHqCK/3ier3TBKM6k1m6Q0tAST0XdThJEdf3Or2Et+RPSs +iZw== X-Gm-Message-State: AOJu0YzvJfFkDghp0QJGZN5eB5Lr5H92rUSHWXVP4a29h3fSwf2rxuRg cxBORll9Uovp84ECqVki0r2hiXRoIdN5pYrrXKyxQnHDJAAi2bFjBRtb6pwMymRXXA== X-Google-Smtp-Source: AGHT+IE4O2oz78CmmgIJgQuXUXArqUXdD/ZbizhhNBG9j2uPYECUdonuNApnbNfwUC0H+Dy8MYGBohRpqyjv X-Received: by 2002:a05:6870:2c8c:b0:1fb:75c:3ff6 with SMTP id oh12-20020a0568702c8c00b001fb075c3ff6mr5150443oab.86.1701675249881; Sun, 03 Dec 2023 23:34:09 -0800 (PST) Received: from postal.iol.unh.edu (postal.iol.unh.edu. [2606:4100:3880:1234::84]) by smtp-relay.gmail.com with ESMTPS id eu23-20020a0568303d1700b006d9abc2d824sm79otb.7.2023.12.03.23.34.09 (version=TLS1_2 cipher=ECDHE-ECDSA-AES128-GCM-SHA256 bits=128/128); Sun, 03 Dec 2023 23:34:09 -0800 (PST) X-Relaying-Domain: iol.unh.edu Date: Sun, 03 Dec 2023 23:34:09 -0800 (PST) Message-ID: <656d80f1.050a0220.ed1bb.0013SMTPIN_ADDED_MISSING@mx.google.com> Received: from [172.17.0.8] (unknown [172.18.0.213]) by postal.iol.unh.edu (Postfix) with ESMTP id AC10B605C313; Mon, 4 Dec 2023 02:33:57 -0500 (EST) Subject: |FAILURE| [GIT MASTER] 7849366693a2a2cbc5279a6bfd39cbb457fe7c96 From: dpdklab@iol.unh.edu To: Test Report Cc: dpdk-test-reports@iol.unh.edu, Xueming Li , Christian Ehrhardt , Kevin Traynor , Luca Boccassi Content-Type: text/plain X-BeenThere: test-report@dpdk.org X-Mailman-Version: 2.1.29 Precedence: list List-Id: automatic DPDK test reports List-Unsubscribe: , List-Archive: List-Post: List-Help: List-Subscribe: , Errors-To: test-report-bounces@dpdk.org _Testing issues_ Branch: tags/v22.11 7849366693a2a2cbc5279a6bfd39cbb457fe7c96 --> testing fail Test environment and result as below: +---------------------+----------------+ | Environment | dpdk_unit_test | +=====================+================+ | Windows Server 2019 | FAIL | +---------------------+----------------+ | Debian Buster | PASS | +---------------------+----------------+ | CentOS Stream 8 | PASS | +---------------------+----------------+ | Debian Bullseye | PASS | +---------------------+----------------+ | CentOS Stream 9 | PASS | +---------------------+----------------+ | RHEL 7 | PASS | +---------------------+----------------+ | Fedora 37 | PASS | +---------------------+----------------+ | Fedora 38 | PASS | +---------------------+----------------+ | Ubuntu 22.04 | PASS | +---------------------+----------------+ ==== 20 line log output for Windows Server 2019 (dpdk_unit_test): ==== 85/93 DPDK:fast-tests / power_autotest SKIP 0.12s exit status 77 86/93 DPDK:fast-tests / power_kvm_vm_autotest SKIP 0.12s exit status 77 87/93 DPDK:fast-tests / power_intel_uncore_autotest SKIP 0.12s exit status 77 88/93 DPDK:fast-tests / reorder_autotest SKIP 0.12s exit status 77 89/93 DPDK:fast-tests / service_autotest OK 3.62s 90/93 DPDK:fast-tests / thash_autotest OK 0.12s 91/93 DPDK:fast-tests / threads_autotest OK 0.68s 92/93 DPDK:fast-tests / trace_autotest SKIP 0.12s exit status 77 93/93 DPDK:fast-tests / metrics_autotest OK 0.11s Ok: 49 Expected Fail: 0 Fail: 1 Unexpected Pass: 0 Skipped: 43 Timeout: 0 Full log written to C:\Users\builder\jenkins\workspace\Generic-VM-Unit-Test-DPDK\dpdk\build\meson-logs\testlog.txt ==== End log output ==== Windows Server 2019 Kernel: 10.0 Compiler: clang 14.0 and gcc 8.1.0 (MinGW) Debian Buster Kernel: 5.4.0-122-generic Compiler: gcc 8.3.0-6 CentOS Stream 8 Kernel: 4.18.0-240.10.1.el8_3.x86_64 Compiler: gcc 8.4.1 20200928 Debian Bullseye Kernel: 5.4.0-122-generic Compiler: gcc 10.2.1-6 CentOS Stream 9 Kernel: 4.18.0-240.10.1.el8_3.x86_64 Compiler: gcc 11.3.1 20220421 RHEL 7 Kernel: 4.18.0-240.10.1.el8_3.x86_64 Compiler: gcc 4.8.5 20150623 (Red Hat 4.8.5-44) Fedora 37 Kernel: Depends on container host system Compiler: gcc 12.3.1 Fedora 38 Kernel: Depends on container host Compiler: gcc 13.1.1 Ubuntu 22.04 Kernel: 4.18.0-240.10.1.el8_3.x86_64 Compiler: gcc 11.3.0 To view detailed results, visit: https://lab.dpdk.org/results/dashboard/tarballs/27193/ UNH-IOL DPDK Community Lab To manage your email subscriptions, visit: https://lab.dpdk.org/results/dashboard/preferences/subscriptions/