From mboxrd@z Thu Jan 1 00:00:00 1970 Return-Path: Received: from mails.dpdk.org (mails.dpdk.org [217.70.189.124]) by inbox.dpdk.org (Postfix) with ESMTP id 517DE4365D for ; Mon, 4 Dec 2023 08:34:31 +0100 (CET) Received: from mails.dpdk.org (localhost [127.0.0.1]) by mails.dpdk.org (Postfix) with ESMTP id 4D1E7402E0; Mon, 4 Dec 2023 08:34:31 +0100 (CET) Received: from mail-ot1-f97.google.com (mail-ot1-f97.google.com [209.85.210.97]) by mails.dpdk.org (Postfix) with ESMTP id E3360402AE for ; Mon, 4 Dec 2023 08:34:29 +0100 (CET) Received: by mail-ot1-f97.google.com with SMTP id 46e09a7af769-6d87cf8a297so430477a34.2 for ; Sun, 03 Dec 2023 23:34:29 -0800 (PST) DKIM-Signature: v=1; a=rsa-sha256; c=relaxed/relaxed; d=iol.unh.edu; s=unh-iol; t=1701675269; x=1702280069; darn=dpdk.org; h=cc:to:from:subject:message-id:date:from:to:cc:subject:date :message-id:reply-to; bh=yakOlMMkuyRDM2djXfnZXm9Fh0grEUli+ANBoGHWtL8=; b=K5gu7EZvOljP9e7l5/1AeGTg1dOVzF8vMBFzpCgcVHCVl1uUl+CbdsaohTXbFvUjiQ jiXOZZ9n2M0X+heJSJwv8HKRYIB33tOrB8V8BZ7xFTcpFGalxmfid8FwN7L9h+RA70XC ynQpuvtY74Y1KXwrhCkKJDt/aKY2mB99gVwwQ= X-Google-DKIM-Signature: v=1; a=rsa-sha256; c=relaxed/relaxed; d=1e100.net; s=20230601; t=1701675269; x=1702280069; h=cc:to:from:subject:message-id:date:x-gm-message-state:from:to:cc :subject:date:message-id:reply-to; bh=yakOlMMkuyRDM2djXfnZXm9Fh0grEUli+ANBoGHWtL8=; b=EGe3H1TZQyxs0+9UrLa6Q2ogsYDRT3L3D28gn7f3wYxiTxXuGBu2F220o1D9Ow55H6 sqdnjKgv6c9nhO37VGlk90z5nqncX+0HVsfot6UpmnNbhCvXs4tqOoLRqqGloB0kUgbP g8/P7xbQktTP9vz/CKmDU/9cOxN+uSK2xm0HZw0brYhDDBh6CL3aW+mK95y/kziE9ylH VpN9gu6hoK05CSeKZ/TkzRIR8pf3U1Fzw7nqgTDqc7v8F6Zegk7ehxAkXzcT6h9oRwic sJzu9lG/7u590symWnKs9JsGYFzdj8VodGv/ZJOaGOinMvdNL7h6oZ0/QZgSKQvsGCC1 LXYQ== X-Gm-Message-State: AOJu0YxvRX4KRBaUrxUWagjZ4FAAwgEwn6B2lCiqZP2waJC0MZC6Ox09 +QWh2GEnC1/E/o8dRw1ycIxRyNabYw3vV+H5ctZmC4aUen5kJV7jNVWfDZzeb5EDXw== X-Google-Smtp-Source: AGHT+IHPWljCAkQx4U16YmCYqFsJ4p0dvrNTnz4o0XS5NW21ZjAxSOTdwjJLu0cw0xw6M9rt6TV+IJGwFK/n X-Received: by 2002:a9d:4f04:0:b0:6d9:a3fb:ff7a with SMTP id d4-20020a9d4f04000000b006d9a3fbff7amr454179otl.74.1701675269295; Sun, 03 Dec 2023 23:34:29 -0800 (PST) Received: from postal.iol.unh.edu (postal.iol.unh.edu. [2606:4100:3880:1234::84]) by smtp-relay.gmail.com with ESMTPS id a24-20020a637058000000b005c20cecede7sm283480pgn.17.2023.12.03.23.34.29 (version=TLS1_2 cipher=ECDHE-ECDSA-AES128-GCM-SHA256 bits=128/128); Sun, 03 Dec 2023 23:34:29 -0800 (PST) X-Relaying-Domain: iol.unh.edu Date: Sun, 03 Dec 2023 23:34:29 -0800 (PST) Message-ID: <656d8105.630a0220.22324.7e4cSMTPIN_ADDED_MISSING@mx.google.com> Received: from [172.17.0.8] (unknown [172.18.0.213]) by postal.iol.unh.edu (Postfix) with ESMTP id 7AF42605C311; Mon, 4 Dec 2023 02:34:13 -0500 (EST) Subject: |FAILURE| [GIT MASTER] 7849366693a2a2cbc5279a6bfd39cbb457fe7c96 From: dpdklab@iol.unh.edu To: Test Report Cc: dpdk-test-reports@iol.unh.edu, Xueming Li , Christian Ehrhardt , Kevin Traynor , Luca Boccassi Content-Type: text/plain X-BeenThere: test-report@dpdk.org X-Mailman-Version: 2.1.29 Precedence: list List-Id: automatic DPDK test reports List-Unsubscribe: , List-Archive: List-Post: List-Help: List-Subscribe: , Errors-To: test-report-bounces@dpdk.org _Testing issues_ Branch: tags/v22.11 7849366693a2a2cbc5279a6bfd39cbb457fe7c96 --> testing fail Test environment and result as below: +---------------------+----------------+ | Environment | dpdk_unit_test | +=====================+================+ | Windows Server 2019 | FAIL | +---------------------+----------------+ | Debian Buster | PASS | +---------------------+----------------+ | CentOS Stream 8 | PASS | +---------------------+----------------+ | Debian Bullseye | PASS | +---------------------+----------------+ | CentOS Stream 9 | PASS | +---------------------+----------------+ | RHEL 7 | PASS | +---------------------+----------------+ | Fedora 37 | PASS | +---------------------+----------------+ | Fedora 38 | PASS | +---------------------+----------------+ | Ubuntu 22.04 | PASS | +---------------------+----------------+ ==== 20 line log output for Windows Server 2019 (dpdk_unit_test): ==== 85/93 DPDK:fast-tests / power_autotest SKIP 0.12s exit status 77 86/93 DPDK:fast-tests / power_kvm_vm_autotest SKIP 0.12s exit status 77 87/93 DPDK:fast-tests / power_intel_uncore_autotest SKIP 0.12s exit status 77 88/93 DPDK:fast-tests / reorder_autotest SKIP 0.12s exit status 77 89/93 DPDK:fast-tests / service_autotest OK 3.62s 90/93 DPDK:fast-tests / thash_autotest OK 0.12s 91/93 DPDK:fast-tests / threads_autotest OK 0.68s 92/93 DPDK:fast-tests / trace_autotest SKIP 0.12s exit status 77 93/93 DPDK:fast-tests / metrics_autotest OK 0.11s Ok: 49 Expected Fail: 0 Fail: 1 Unexpected Pass: 0 Skipped: 43 Timeout: 0 Full log written to C:\Users\builder\jenkins\workspace\Generic-VM-Unit-Test-DPDK\dpdk\build\meson-logs\testlog.txt ==== End log output ==== Windows Server 2019 Kernel: 10.0 Compiler: clang 14.0 and gcc 8.1.0 (MinGW) Debian Buster Kernel: 5.4.0-122-generic Compiler: gcc 8.3.0-6 CentOS Stream 8 Kernel: 4.18.0-240.10.1.el8_3.x86_64 Compiler: gcc 8.4.1 20200928 Debian Bullseye Kernel: 5.4.0-122-generic Compiler: gcc 10.2.1-6 CentOS Stream 9 Kernel: 4.18.0-240.10.1.el8_3.x86_64 Compiler: gcc 11.3.1 20220421 RHEL 7 Kernel: 4.18.0-240.10.1.el8_3.x86_64 Compiler: gcc 4.8.5 20150623 (Red Hat 4.8.5-44) Fedora 37 Kernel: Depends on container host system Compiler: gcc 12.3.1 Fedora 38 Kernel: Depends on container host Compiler: gcc 13.1.1 Ubuntu 22.04 Kernel: 4.18.0-240.10.1.el8_3.x86_64 Compiler: gcc 11.3.0 To view detailed results, visit: https://lab.dpdk.org/results/dashboard/tarballs/27193/ UNH-IOL DPDK Community Lab To manage your email subscriptions, visit: https://lab.dpdk.org/results/dashboard/preferences/subscriptions/