From mboxrd@z Thu Jan 1 00:00:00 1970 Return-Path: Received: from mails.dpdk.org (mails.dpdk.org [217.70.189.124]) by inbox.dpdk.org (Postfix) with ESMTP id 20E6343670 for ; Tue, 5 Dec 2023 08:38:54 +0100 (CET) Received: from mails.dpdk.org (localhost [127.0.0.1]) by mails.dpdk.org (Postfix) with ESMTP id 12DBF42DD0; Tue, 5 Dec 2023 08:38:54 +0100 (CET) Received: from mail-yw1-f225.google.com (mail-yw1-f225.google.com [209.85.128.225]) by mails.dpdk.org (Postfix) with ESMTP id D580442D45 for ; Tue, 5 Dec 2023 08:38:52 +0100 (CET) Received: by mail-yw1-f225.google.com with SMTP id 00721157ae682-5d74186170fso26763067b3.3 for ; Mon, 04 Dec 2023 23:38:52 -0800 (PST) DKIM-Signature: v=1; a=rsa-sha256; c=relaxed/relaxed; d=iol.unh.edu; s=unh-iol; t=1701761932; x=1702366732; darn=dpdk.org; h=cc:to:from:subject:message-id:date:from:to:cc:subject:date :message-id:reply-to; bh=BLt4uEfmEkwa5fZkrMl9rGKNrRdv0IRHSGiY6BQnV8Q=; b=jyCAMqQ9paU7mD8UBu6/gZ399zvfn5Of+PBO3M7ErZS9UbBAZ+oxfGrTvbHFZlD+n4 KB3Z4xLtLQKyplBmvcQJQnPIxGwGCewe4ObMaDO8fkx0RaAmXyGSuxOlQXO4Lrj1iOrU wcJxVpCBca0lPrlMsXfgIkSbdHhWkX96XDFXg= X-Google-DKIM-Signature: v=1; a=rsa-sha256; c=relaxed/relaxed; d=1e100.net; s=20230601; t=1701761932; x=1702366732; h=cc:to:from:subject:message-id:date:x-gm-message-state:from:to:cc :subject:date:message-id:reply-to; bh=BLt4uEfmEkwa5fZkrMl9rGKNrRdv0IRHSGiY6BQnV8Q=; b=ZggFN00wXUviky6RTwFgtankYWaEp62noW8wdtH6BWXO+e/iNcuK6ntMizLUs2bdUw lQc/lb8dQKnVDtF1cG4UQNCp6YZUZdIfRrnji8BI/lwAPePjt5wB49pftkkSMcB4JA0k xYa4I6nsrHXNA3KyWYj2oEX255jIxMSfcvnNQ5xhU2AWx/qobrf2SDmmuxP3jDQstik/ YNiqiPtOaQ/JhXH6jDrnlj2igJVLHxCrN1qoCFzT49OSYqKfRsvE3OVNSj4Tf1dhbrqJ dRwK6Iu5JbEkdQfhixJ8gx3Sjp46VHWiB+vWLVbNxokntkheIa+irqBSkD8yZql0cwjJ XDGg== X-Gm-Message-State: AOJu0Yyo7u4M7QLo2hhSwMdw0tcgY6X8FfulKfW4xXZYn3tVzSS/QXZ9 jj0ZTSCfx6kSf4VbeP3X2STCWNOJxNndeaMI639MYNyUGEB74g== X-Google-Smtp-Source: AGHT+IHpJWf/OMOMg8bFSRo7D+qlf8xNv+dkSNTIHciA78uW/SjGtIprwkdK7i1LNG0utCOqm+DEBkAoZpXu X-Received: by 2002:a05:690c:338a:b0:5d7:1940:7d7d with SMTP id fl10-20020a05690c338a00b005d719407d7dmr4040733ywb.84.1701761932316; Mon, 04 Dec 2023 23:38:52 -0800 (PST) Received: from postal.iol.unh.edu (postal.iol.unh.edu. [132.177.123.84]) by smtp-relay.gmail.com with ESMTPS id x20-20020a81a014000000b005d37a7cb378sm1280134ywg.21.2023.12.04.23.38.52 (version=TLS1_2 cipher=ECDHE-ECDSA-AES128-GCM-SHA256 bits=128/128); Mon, 04 Dec 2023 23:38:52 -0800 (PST) X-Relaying-Domain: iol.unh.edu Date: Mon, 04 Dec 2023 23:38:52 -0800 (PST) Message-ID: <656ed38c.810a0220.55f00.b6e4SMTPIN_ADDED_MISSING@mx.google.com> Received: from [172.17.0.5] (unknown [172.18.0.217]) by postal.iol.unh.edu (Postfix) with ESMTP id 3343F605C313; Tue, 5 Dec 2023 02:38:37 -0500 (EST) Subject: |FAILURE| [GIT MASTER] 7849366693a2a2cbc5279a6bfd39cbb457fe7c96 From: dpdklab@iol.unh.edu To: Test Report Cc: dpdk-test-reports@iol.unh.edu, Xueming Li , Christian Ehrhardt , Kevin Traynor , Luca Boccassi Content-Type: text/plain X-BeenThere: test-report@dpdk.org X-Mailman-Version: 2.1.29 Precedence: list List-Id: automatic DPDK test reports List-Unsubscribe: , List-Archive: List-Post: List-Help: List-Subscribe: , Errors-To: test-report-bounces@dpdk.org _Testing issues_ Branch: tags/v22.11 7849366693a2a2cbc5279a6bfd39cbb457fe7c96 --> testing fail Test environment and result as below: +---------------------+----------------+ | Environment | dpdk_unit_test | +=====================+================+ | Windows Server 2019 | FAIL | +---------------------+----------------+ | Debian Bullseye | PASS | +---------------------+----------------+ | CentOS Stream 8 | PASS | +---------------------+----------------+ | CentOS Stream 9 | PASS | +---------------------+----------------+ | openSUSE Leap 15 | PASS | +---------------------+----------------+ | Fedora 37 | PASS | +---------------------+----------------+ | Ubuntu 22.04 | PASS | +---------------------+----------------+ | Debian Buster | PASS | +---------------------+----------------+ | Fedora 38 | PASS | +---------------------+----------------+ | RHEL 7 | PASS | +---------------------+----------------+ | RHEL8 | PASS | +---------------------+----------------+ | Ubuntu 20.04 | PASS | +---------------------+----------------+ ==== 20 line log output for Windows Server 2019 (dpdk_unit_test): ==== 85/93 DPDK:fast-tests / power_autotest SKIP 0.12s exit status 77 86/93 DPDK:fast-tests / power_kvm_vm_autotest SKIP 0.12s exit status 77 87/93 DPDK:fast-tests / power_intel_uncore_autotest SKIP 0.11s exit status 77 88/93 DPDK:fast-tests / reorder_autotest SKIP 0.11s exit status 77 89/93 DPDK:fast-tests / service_autotest OK 3.62s 90/93 DPDK:fast-tests / thash_autotest OK 0.12s 91/93 DPDK:fast-tests / threads_autotest OK 0.69s 92/93 DPDK:fast-tests / trace_autotest SKIP 0.12s exit status 77 93/93 DPDK:fast-tests / metrics_autotest OK 0.12s Ok: 49 Expected Fail: 0 Fail: 1 Unexpected Pass: 0 Skipped: 43 Timeout: 0 Full log written to C:\Users\builder\jenkins\workspace\Generic-VM-Unit-Test-DPDK\dpdk\build\meson-logs\testlog.txt ==== End log output ==== Windows Server 2019 Kernel: 10.0 Compiler: clang 14.0 and gcc 8.1.0 (MinGW) Debian Bullseye Kernel: 5.4.0-122-generic Compiler: gcc 10.2.1-6 CentOS Stream 8 Kernel: 4.18.0-240.10.1.el8_3.x86_64 Compiler: gcc 8.4.1 20200928 CentOS Stream 9 Kernel: 4.18.0-240.10.1.el8_3.x86_64 Compiler: gcc 11.3.1 20220421 openSUSE Leap 15 Kernel: 4.18.0-240.10.1.el8_3.x86_64 Compiler: gcc 7.5.0 Fedora 37 Kernel: Depends on container host system Compiler: gcc 12.3.1 Ubuntu 22.04 Kernel: 4.18.0-240.10.1.el8_3.x86_64 Compiler: gcc 11.3.0 Debian Buster Kernel: 5.4.0-122-generic Compiler: gcc 8.3.0-6 Fedora 38 Kernel: Depends on container host Compiler: gcc 13.1.1 RHEL 7 Kernel: 4.18.0-240.10.1.el8_3.x86_64 Compiler: gcc 4.8.5 20150623 (Red Hat 4.8.5-44) RHEL8 Kernel: 4.18.0-240.10.1.el8_3.x86_64 Compiler: gcc 8.3.1 20191121 (Red Hat 8.3.1-5) Ubuntu 20.04 Kernel: 5.4.0-153-generic Compiler: gcc 9.4.0-1ubuntu1~20.04.1 To view detailed results, visit: https://lab.dpdk.org/results/dashboard/tarballs/27209/ UNH-IOL DPDK Community Lab To manage your email subscriptions, visit: https://lab.dpdk.org/results/dashboard/preferences/subscriptions/