From mboxrd@z Thu Jan 1 00:00:00 1970 Return-Path: Received: from mails.dpdk.org (mails.dpdk.org [217.70.189.124]) by inbox.dpdk.org (Postfix) with ESMTP id 1079843686 for ; Wed, 6 Dec 2023 07:05:39 +0100 (CET) Received: from mails.dpdk.org (localhost [127.0.0.1]) by mails.dpdk.org (Postfix) with ESMTP id 0AE2E402CF; Wed, 6 Dec 2023 07:05:39 +0100 (CET) Received: from mail-io1-f99.google.com (mail-io1-f99.google.com [209.85.166.99]) by mails.dpdk.org (Postfix) with ESMTP id AD271402C6 for ; Wed, 6 Dec 2023 07:05:30 +0100 (CET) Received: by mail-io1-f99.google.com with SMTP id ca18e2360f4ac-7b35b9645e1so253487039f.2 for ; Tue, 05 Dec 2023 22:05:30 -0800 (PST) DKIM-Signature: v=1; a=rsa-sha256; c=relaxed/relaxed; d=iol.unh.edu; s=unh-iol; t=1701842730; x=1702447530; darn=dpdk.org; h=cc:to:from:subject:message-id:date:from:to:cc:subject:date :message-id:reply-to; bh=kiPKKlAo2R6UHWkF9EmuOD5KHKGG4BUa0Xf1j44O2XE=; b=FfGpMHOQbwE2jPfENuMuZCgicdf9J0GpfTk1t3alxzFcZlolb7DsDEknm2GtcQNwfB K7CQoJxOZZ4WrDtIqsSvPpnT8Ev7wz47J12r+D2okdyXyyadxAeccEF/VkCeBTZf1lTp 3v3+mUNu29J/Q21zVtfEwf6JULi0ifqA0xJY8= X-Google-DKIM-Signature: v=1; a=rsa-sha256; c=relaxed/relaxed; d=1e100.net; s=20230601; t=1701842730; x=1702447530; h=cc:to:from:subject:message-id:date:x-gm-message-state:from:to:cc :subject:date:message-id:reply-to; bh=kiPKKlAo2R6UHWkF9EmuOD5KHKGG4BUa0Xf1j44O2XE=; b=bBqLtSJSDoAapAJKARnRyhvFjIb9H+LnayAMi0V7XkUF3XbI4DtIbi2iFzEJfHwGnu 9E+kF1JXFuJVfmJSEkBOcmtHqQUoZp6PkQ5AKqIFkHbBLa0a7HbGwewKasTff1H3IxTF EAGK1xdMv1gnN4m0bOaEZqj1CpzPEeHOBN4TVdNYKQ3C0z1VhO7AuG4bGtDOEHrpk9Hc BMpXnxGq8MEpHgSD8FO3WJ2H9gnmsUoaKT26d/13sfPKCRnh2SaUVbIfpuvwzauyUPxj 5sYyrNMEalzoDQd/+wL63zVIbKKwJay6h2MSK9U1YZR4SU+yEuo/TIdKjyPUtIgmv79v IIgQ== X-Gm-Message-State: AOJu0Yz9MBs+uuq0eXqYE/7D639U1sBz/3cAvA+Pd7lya4qwjAnMAGqD 24KsO7hMJHoNdMWNe/8FgIQ/QpfM9rkqqVhDpFjBCFIW1ADLWyBsHrYM4qf45l6hBg== X-Google-Smtp-Source: AGHT+IGFURwOQg7K3VknDDuqDvnCY0/If14M9ZBr6f1xVy+idsOIxsnkNUeV3PwU9NTnexlt0w1AzohjXAsQ X-Received: by 2002:a05:6602:3981:b0:79f:da3d:c47f with SMTP id bw1-20020a056602398100b0079fda3dc47fmr673920iob.13.1701842730031; Tue, 05 Dec 2023 22:05:30 -0800 (PST) Received: from postal.iol.unh.edu (postal.iol.unh.edu. [2606:4100:3880:1234::84]) by smtp-relay.gmail.com with ESMTPS id s15-20020a6b740f000000b0078371c98146sm873493iog.33.2023.12.05.22.05.29 (version=TLS1_2 cipher=ECDHE-ECDSA-AES128-GCM-SHA256 bits=128/128); Tue, 05 Dec 2023 22:05:30 -0800 (PST) X-Relaying-Domain: iol.unh.edu Date: Tue, 05 Dec 2023 22:05:30 -0800 (PST) Message-ID: <65700f2a.6b0a0220.9f991.d257SMTPIN_ADDED_MISSING@mx.google.com> Received: from [172.21.0.4] (unknown [172.18.0.240]) by postal.iol.unh.edu (Postfix) with ESMTP id 8BB89605C313; Wed, 6 Dec 2023 01:05:14 -0500 (EST) Subject: |FAILURE| [GIT MASTER] 7849366693a2a2cbc5279a6bfd39cbb457fe7c96 From: dpdklab@iol.unh.edu To: Test Report Cc: dpdk-test-reports@iol.unh.edu, Xueming Li , Christian Ehrhardt , Kevin Traynor , Luca Boccassi Content-Type: text/plain X-BeenThere: test-report@dpdk.org X-Mailman-Version: 2.1.29 Precedence: list List-Id: automatic DPDK test reports List-Unsubscribe: , List-Archive: List-Post: List-Help: List-Subscribe: , Errors-To: test-report-bounces@dpdk.org _Testing issues_ Branch: tags/v22.11 7849366693a2a2cbc5279a6bfd39cbb457fe7c96 --> testing fail Test environment and result as below: +---------------------+----------------+ | Environment | dpdk_unit_test | +=====================+================+ | Windows Server 2019 | FAIL | +---------------------+----------------+ | CentOS Stream 9 | PASS | +---------------------+----------------+ | Debian Bullseye | PASS | +---------------------+----------------+ | CentOS Stream 8 | PASS | +---------------------+----------------+ ==== 20 line log output for Windows Server 2019 (dpdk_unit_test): ==== 85/93 DPDK:fast-tests / power_autotest SKIP 0.12s exit status 77 86/93 DPDK:fast-tests / power_kvm_vm_autotest SKIP 0.12s exit status 77 87/93 DPDK:fast-tests / power_intel_uncore_autotest SKIP 0.11s exit status 77 88/93 DPDK:fast-tests / reorder_autotest SKIP 0.11s exit status 77 89/93 DPDK:fast-tests / service_autotest OK 3.62s 90/93 DPDK:fast-tests / thash_autotest OK 0.12s 91/93 DPDK:fast-tests / threads_autotest OK 0.68s 92/93 DPDK:fast-tests / trace_autotest SKIP 0.12s exit status 77 93/93 DPDK:fast-tests / metrics_autotest OK 0.12s Ok: 49 Expected Fail: 0 Fail: 1 Unexpected Pass: 0 Skipped: 43 Timeout: 0 Full log written to C:\Users\builder\jenkins\workspace\Generic-VM-Unit-Test-DPDK\dpdk\build\meson-logs\testlog.txt ==== End log output ==== Windows Server 2019 Kernel: 10.0 Compiler: clang 14.0 and gcc 8.1.0 (MinGW) CentOS Stream 9 Kernel: 4.18.0-240.10.1.el8_3.x86_64 Compiler: gcc 11.3.1 20220421 Debian Bullseye Kernel: 5.4.0-122-generic Compiler: gcc 10.2.1-6 CentOS Stream 8 Kernel: 4.18.0-240.10.1.el8_3.x86_64 Compiler: gcc 8.4.1 20200928 To view detailed results, visit: https://lab.dpdk.org/results/dashboard/tarballs/27224/ UNH-IOL DPDK Community Lab To manage your email subscriptions, visit: https://lab.dpdk.org/results/dashboard/preferences/subscriptions/