From mboxrd@z Thu Jan 1 00:00:00 1970 Return-Path: Received: from mails.dpdk.org (mails.dpdk.org [217.70.189.124]) by inbox.dpdk.org (Postfix) with ESMTP id 60E4D43686 for ; Wed, 6 Dec 2023 07:06:14 +0100 (CET) Received: from mails.dpdk.org (localhost [127.0.0.1]) by mails.dpdk.org (Postfix) with ESMTP id 5BFF2402CF; Wed, 6 Dec 2023 07:06:14 +0100 (CET) Received: from mail-oa1-f97.google.com (mail-oa1-f97.google.com [209.85.160.97]) by mails.dpdk.org (Postfix) with ESMTP id E45C2402C6 for ; Wed, 6 Dec 2023 07:06:12 +0100 (CET) Received: by mail-oa1-f97.google.com with SMTP id 586e51a60fabf-1f5bd86ceb3so3758892fac.2 for ; Tue, 05 Dec 2023 22:06:12 -0800 (PST) DKIM-Signature: v=1; a=rsa-sha256; c=relaxed/relaxed; d=iol.unh.edu; s=unh-iol; t=1701842772; x=1702447572; darn=dpdk.org; h=cc:to:from:subject:message-id:date:from:to:cc:subject:date :message-id:reply-to; bh=kiPKKlAo2R6UHWkF9EmuOD5KHKGG4BUa0Xf1j44O2XE=; b=OokFJ4YIix6EajjqM9wlk7LlNTDezoXj2talAT5AopGiB0Il3J5G8TEAwWLTWD03YY en7NkQRY2cwTBmXF2Pg8wx61Q2zjqYkZpojzM76cCXIkrsi7rgYepIKVT4YZNrh2frlU FB8iksJ0RfPeTGdU/IqflJAzYeJcH/cDKI8AM= X-Google-DKIM-Signature: v=1; a=rsa-sha256; c=relaxed/relaxed; d=1e100.net; s=20230601; t=1701842772; x=1702447572; h=cc:to:from:subject:message-id:date:x-gm-message-state:from:to:cc :subject:date:message-id:reply-to; bh=kiPKKlAo2R6UHWkF9EmuOD5KHKGG4BUa0Xf1j44O2XE=; b=FuzjyGg5zgpDxB9iMVXiaHX5EMS6BCLBtpIiyYU21Xxk8EaAKl2lo/f+FeeCWOmnex bomtt3VZXQB5ckDzJBzecujjVUnpPgmDtCWNpj94pCUsnih4NMKHgWmtfbe5/qo0zYhs h6O6xi+sf8jq/V3nyG6LhD3tTge+qVRrG56L6wESCSUQMQ7NpZHDvQmPA+49ze+8JJlQ 1KKErlz15Y9DS4Cewtx5WuTZvDZFUnX2c3nYFAseOnxMZ/XvvTkUxVl6wOHn++8MDhR6 ildq79kViLw9Z2QAFzOl8hbCwRjxvffiIfWV5GOSPQDgK73CDwtx+QDHF6VRPMs7hg/l M+YA== X-Gm-Message-State: AOJu0YyTcZX/6T75E11VKhzxclyJBAh7ZSyUq6L730SD0ACRjhC0kRkx pJseLV8rzMdaKI4C0lPa9NzO8QX04andxfTRVTB8blX+wjVZ9A== X-Google-Smtp-Source: AGHT+IETYVoRYluP/CtvopSMwEjtZHnZqkDEJDRYvbiJj0knUiLh5Z0Kxg8MzWsJ1uRJqS62aMUzeD+Etfob X-Received: by 2002:a05:6871:4587:b0:1fb:75b:2fbf with SMTP id nl7-20020a056871458700b001fb075b2fbfmr442480oab.86.1701842772292; Tue, 05 Dec 2023 22:06:12 -0800 (PST) Received: from postal.iol.unh.edu (postal.iol.unh.edu. [132.177.123.84]) by smtp-relay.gmail.com with ESMTPS id pj31-20020a056871d19f00b001f5d37b632esm868481oac.43.2023.12.05.22.06.12 (version=TLS1_2 cipher=ECDHE-ECDSA-AES128-GCM-SHA256 bits=128/128); Tue, 05 Dec 2023 22:06:12 -0800 (PST) X-Relaying-Domain: iol.unh.edu Date: Tue, 05 Dec 2023 22:06:12 -0800 (PST) Message-ID: <65700f54.050a0220.37d9b.b54dSMTPIN_ADDED_MISSING@mx.google.com> Received: from [172.21.0.3] (unknown [172.18.0.240]) by postal.iol.unh.edu (Postfix) with ESMTP id 67C18605C312; Wed, 6 Dec 2023 01:06:03 -0500 (EST) Subject: |FAILURE| [GIT MASTER] 7849366693a2a2cbc5279a6bfd39cbb457fe7c96 From: dpdklab@iol.unh.edu To: Test Report Cc: dpdk-test-reports@iol.unh.edu, Xueming Li , Christian Ehrhardt , Kevin Traynor , Luca Boccassi Content-Type: text/plain X-BeenThere: test-report@dpdk.org X-Mailman-Version: 2.1.29 Precedence: list List-Id: automatic DPDK test reports List-Unsubscribe: , List-Archive: List-Post: List-Help: List-Subscribe: , Errors-To: test-report-bounces@dpdk.org _Testing issues_ Branch: tags/v22.11 7849366693a2a2cbc5279a6bfd39cbb457fe7c96 --> testing fail Test environment and result as below: +---------------------+----------------+ | Environment | dpdk_unit_test | +=====================+================+ | Windows Server 2019 | FAIL | +---------------------+----------------+ | CentOS Stream 9 | PASS | +---------------------+----------------+ | Debian Bullseye | PASS | +---------------------+----------------+ | CentOS Stream 8 | PASS | +---------------------+----------------+ ==== 20 line log output for Windows Server 2019 (dpdk_unit_test): ==== 85/93 DPDK:fast-tests / power_autotest SKIP 0.12s exit status 77 86/93 DPDK:fast-tests / power_kvm_vm_autotest SKIP 0.12s exit status 77 87/93 DPDK:fast-tests / power_intel_uncore_autotest SKIP 0.11s exit status 77 88/93 DPDK:fast-tests / reorder_autotest SKIP 0.11s exit status 77 89/93 DPDK:fast-tests / service_autotest OK 3.62s 90/93 DPDK:fast-tests / thash_autotest OK 0.12s 91/93 DPDK:fast-tests / threads_autotest OK 0.68s 92/93 DPDK:fast-tests / trace_autotest SKIP 0.12s exit status 77 93/93 DPDK:fast-tests / metrics_autotest OK 0.12s Ok: 49 Expected Fail: 0 Fail: 1 Unexpected Pass: 0 Skipped: 43 Timeout: 0 Full log written to C:\Users\builder\jenkins\workspace\Generic-VM-Unit-Test-DPDK\dpdk\build\meson-logs\testlog.txt ==== End log output ==== Windows Server 2019 Kernel: 10.0 Compiler: clang 14.0 and gcc 8.1.0 (MinGW) CentOS Stream 9 Kernel: 4.18.0-240.10.1.el8_3.x86_64 Compiler: gcc 11.3.1 20220421 Debian Bullseye Kernel: 5.4.0-122-generic Compiler: gcc 10.2.1-6 CentOS Stream 8 Kernel: 4.18.0-240.10.1.el8_3.x86_64 Compiler: gcc 8.4.1 20200928 To view detailed results, visit: https://lab.dpdk.org/results/dashboard/tarballs/27224/ UNH-IOL DPDK Community Lab To manage your email subscriptions, visit: https://lab.dpdk.org/results/dashboard/preferences/subscriptions/