From mboxrd@z Thu Jan 1 00:00:00 1970 Return-Path: Received: from mails.dpdk.org (mails.dpdk.org [217.70.189.124]) by inbox.dpdk.org (Postfix) with ESMTP id 0C74343679 for ; Wed, 6 Dec 2023 07:31:59 +0100 (CET) Received: from mails.dpdk.org (localhost [127.0.0.1]) by mails.dpdk.org (Postfix) with ESMTP id 0754A402CF; Wed, 6 Dec 2023 07:31:59 +0100 (CET) Received: from mail-yw1-f228.google.com (mail-yw1-f228.google.com [209.85.128.228]) by mails.dpdk.org (Postfix) with ESMTP id C00F2402C6 for ; Wed, 6 Dec 2023 07:31:57 +0100 (CET) Received: by mail-yw1-f228.google.com with SMTP id 00721157ae682-5d6b9143782so49299307b3.0 for ; Tue, 05 Dec 2023 22:31:57 -0800 (PST) DKIM-Signature: v=1; a=rsa-sha256; c=relaxed/relaxed; d=iol.unh.edu; s=unh-iol; t=1701844317; x=1702449117; darn=dpdk.org; h=cc:to:from:subject:message-id:date:from:to:cc:subject:date :message-id:reply-to; bh=+qwOLzvD3WUjkyNn1MSZOvY3WWZtEdxG+fWdnbDgwIk=; b=gOpn1qoa/slKxuCLgLuARzCoSVQQATETuYViAEXR2eSz6rbORI+iOnHvootsuE8Lfl yd/yPL7qSySbINKsHhRWPf28hX8XhKRjdJ1AXsSI6497fpdBqOj/5iqqiJSMzwZQDDv9 dNCwn7uFd/mXOAzybHiRKgz4jvtIr+pch2efE= X-Google-DKIM-Signature: v=1; a=rsa-sha256; c=relaxed/relaxed; d=1e100.net; s=20230601; t=1701844317; x=1702449117; h=cc:to:from:subject:message-id:date:x-gm-message-state:from:to:cc :subject:date:message-id:reply-to; bh=+qwOLzvD3WUjkyNn1MSZOvY3WWZtEdxG+fWdnbDgwIk=; b=mspUNLGUVql0QLs6nFXJV0KhOsb2LIGBOW72b6AglZgBH2QW5CYiznF9S/gvZH7hs+ 8bajJX/4sfY4IXitNrLj5cZqIi1lXsORkJCMQgMaveGo4waznPmtG0sPV/BSOxeJG5uD JQKFAEEq7MrdfYyI2vNR4e7bXZOfAtYzfIRc3wwdOb/0G3l4OpZew9Wo02VLwWzd27lN SktBZAHjNP1icQTYv9kxg8wLPwfeddQSCjCDSy1Wxwz3rSUKZ/sUfkQ8A9jNd5zwaV61 i/GaO9TFLQseAw1omqvdWyoSoC8yejs0FLeIXehU/rJRANCFC+ZSijBzsbdMwXofs5yL gqVQ== X-Gm-Message-State: AOJu0YyroKy0eYlSlWs5CYhLQ5l24RWv8wUSd44pk2QEziGhARMrdGuq Z1WdlvoKkpgGJoM6KGCqe9/gPcKsfX9eV5hounJ2XocR84nOSA== X-Google-Smtp-Source: AGHT+IERL8EJoRzS1nXSQz1JjHnw9c8PMZWapirAdDpHQRR82D2+hVXpddyt2sdRbGHBok6rNLgrPFHk22TC X-Received: by 2002:a81:e34a:0:b0:5cc:d17:d729 with SMTP id w10-20020a81e34a000000b005cc0d17d729mr320779ywl.52.1701844317196; Tue, 05 Dec 2023 22:31:57 -0800 (PST) Received: from postal.iol.unh.edu (postal.iol.unh.edu. [132.177.123.84]) by smtp-relay.gmail.com with ESMTPS id u200-20020a0debd1000000b0057a531a4d9fsm1571013ywe.57.2023.12.05.22.31.57 (version=TLS1_2 cipher=ECDHE-ECDSA-AES128-GCM-SHA256 bits=128/128); Tue, 05 Dec 2023 22:31:57 -0800 (PST) X-Relaying-Domain: iol.unh.edu Date: Tue, 05 Dec 2023 22:31:57 -0800 (PST) Message-ID: <6570155d.0d0a0220.5d28.841eSMTPIN_ADDED_MISSING@mx.google.com> Received: from [172.21.0.2] (unknown [172.18.0.240]) by postal.iol.unh.edu (Postfix) with ESMTP id BB1C3605C311; Wed, 6 Dec 2023 01:31:41 -0500 (EST) Subject: |FAILURE| [GIT MASTER] 7849366693a2a2cbc5279a6bfd39cbb457fe7c96 From: dpdklab@iol.unh.edu To: Test Report Cc: dpdk-test-reports@iol.unh.edu, Xueming Li , Christian Ehrhardt , Kevin Traynor , Luca Boccassi Content-Type: text/plain X-BeenThere: test-report@dpdk.org X-Mailman-Version: 2.1.29 Precedence: list List-Id: automatic DPDK test reports List-Unsubscribe: , List-Archive: List-Post: List-Help: List-Subscribe: , Errors-To: test-report-bounces@dpdk.org _Testing issues_ Branch: tags/v22.11 7849366693a2a2cbc5279a6bfd39cbb457fe7c96 --> testing fail Test environment and result as below: +---------------------+----------------+ | Environment | dpdk_unit_test | +=====================+================+ | Windows Server 2019 | FAIL | +---------------------+----------------+ | CentOS Stream 9 | PASS | +---------------------+----------------+ | Debian Bullseye | PASS | +---------------------+----------------+ | CentOS Stream 8 | PASS | +---------------------+----------------+ | Debian Buster | PASS | +---------------------+----------------+ | Fedora 38 | PASS | +---------------------+----------------+ | openSUSE Leap 15 | PASS | +---------------------+----------------+ | Ubuntu 22.04 | PASS | +---------------------+----------------+ ==== 20 line log output for Windows Server 2019 (dpdk_unit_test): ==== 85/93 DPDK:fast-tests / power_autotest SKIP 0.12s exit status 77 86/93 DPDK:fast-tests / power_kvm_vm_autotest SKIP 0.12s exit status 77 87/93 DPDK:fast-tests / power_intel_uncore_autotest SKIP 0.11s exit status 77 88/93 DPDK:fast-tests / reorder_autotest SKIP 0.11s exit status 77 89/93 DPDK:fast-tests / service_autotest OK 3.62s 90/93 DPDK:fast-tests / thash_autotest OK 0.12s 91/93 DPDK:fast-tests / threads_autotest OK 0.68s 92/93 DPDK:fast-tests / trace_autotest SKIP 0.12s exit status 77 93/93 DPDK:fast-tests / metrics_autotest OK 0.12s Ok: 49 Expected Fail: 0 Fail: 1 Unexpected Pass: 0 Skipped: 43 Timeout: 0 Full log written to C:\Users\builder\jenkins\workspace\Generic-VM-Unit-Test-DPDK\dpdk\build\meson-logs\testlog.txt ==== End log output ==== Windows Server 2019 Kernel: 10.0 Compiler: clang 14.0 and gcc 8.1.0 (MinGW) CentOS Stream 9 Kernel: 4.18.0-240.10.1.el8_3.x86_64 Compiler: gcc 11.3.1 20220421 Debian Bullseye Kernel: 5.4.0-122-generic Compiler: gcc 10.2.1-6 CentOS Stream 8 Kernel: 4.18.0-240.10.1.el8_3.x86_64 Compiler: gcc 8.4.1 20200928 Debian Buster Kernel: 5.4.0-122-generic Compiler: gcc 8.3.0-6 Fedora 38 Kernel: Depends on container host Compiler: clang 16.0.3 openSUSE Leap 15 Kernel: 4.18.0-240.10.1.el8_3.x86_64 Compiler: gcc 7.5.0 Ubuntu 22.04 Kernel: 4.18.0-240.10.1.el8_3.x86_64 Compiler: gcc 11.3.0 To view detailed results, visit: https://lab.dpdk.org/results/dashboard/tarballs/27224/ UNH-IOL DPDK Community Lab To manage your email subscriptions, visit: https://lab.dpdk.org/results/dashboard/preferences/subscriptions/