From mboxrd@z Thu Jan 1 00:00:00 1970 Return-Path: Received: from mails.dpdk.org (mails.dpdk.org [217.70.189.124]) by inbox.dpdk.org (Postfix) with ESMTP id 20459436B3 for ; Sat, 9 Dec 2023 08:13:54 +0100 (CET) Received: from mails.dpdk.org (localhost [127.0.0.1]) by mails.dpdk.org (Postfix) with ESMTP id EC73C402F1; Sat, 9 Dec 2023 08:13:53 +0100 (CET) Received: from mail-pl1-f227.google.com (mail-pl1-f227.google.com [209.85.214.227]) by mails.dpdk.org (Postfix) with ESMTP id EAC42402DF for ; Sat, 9 Dec 2023 08:13:52 +0100 (CET) Received: by mail-pl1-f227.google.com with SMTP id d9443c01a7336-1d1e1edb10bso26135595ad.1 for ; Fri, 08 Dec 2023 23:13:52 -0800 (PST) DKIM-Signature: v=1; a=rsa-sha256; c=relaxed/relaxed; d=iol.unh.edu; s=unh-iol; t=1702106032; x=1702710832; darn=dpdk.org; h=cc:to:from:subject:message-id:date:from:to:cc:subject:date :message-id:reply-to; bh=viC6Xai5Nld6spV9+1Pj9g1Gscr5OqV3c7BXZgQ713M=; b=iM7btwDhz7Ptj91kcE+2CBVPZzijPqTs6pt8NO413sOMdz081fj7+qSaYtYuCYW2HB Fnnfx1OaU2H115CfhWVrVbbJETFoxOjnqOyAXIM2pTTQUWyo6oZX6/MV8oPvPpUBWY12 xyZWGQLD4FZnEGzgcQNnZNO3S8noSCE5JlL0k= X-Google-DKIM-Signature: v=1; a=rsa-sha256; c=relaxed/relaxed; d=1e100.net; s=20230601; t=1702106032; x=1702710832; h=cc:to:from:subject:message-id:date:x-gm-message-state:from:to:cc :subject:date:message-id:reply-to; bh=viC6Xai5Nld6spV9+1Pj9g1Gscr5OqV3c7BXZgQ713M=; b=tsSGgDUdqcEfuHCApsoxTd099+Zkzmv7QzzKs/2PBfoX5s68guuiWtIBHHl/hGwc0T ORHqVvGNbOhTYDJv1WKw844yXi0oRen9J+3/I/nAIJqxoGfOBKoJVN6Wm0pyxPEvWTtw ZF72kDP30gU5psqgFN8IsokzENSL5T+bP6YUjtMwPXDnIvsN1bM8/GwTJq9QzID+5FrA F+h7hI3Ccqg54wWDTogLUT7l+7CFY641FKZzMv27cpnSUzieK4cHdBbxd93kKGvUiUWX bOP0t2kN5lc9ukXbm+Iy6Vo3WxvDixTlddhr4NRW7mMMhdxDXyGwXZ3FzdlMm2/7u8yx a8rA== X-Gm-Message-State: AOJu0YxEF7hVY8tpkhZoLQPM1GfJ9tyltGO41EIC7yb483l3kwW6rAse tEmNgsrF/z+vkR2RCnc5HlmWu0N4+mtKz8gUsklfskxPDHvspnfyroCeOzlyAuzjPA== X-Google-Smtp-Source: AGHT+IG0TwCUSudTsPvwtaFANJjA4W3RylLWg5Dcz5GnI/1LKa5lNsbgkP3juj3rqCfc2smyg9QBqhFgJvNA X-Received: by 2002:a17:902:7c03:b0:1d0:8554:5dd5 with SMTP id x3-20020a1709027c0300b001d085545dd5mr1170425pll.37.1702106032076; Fri, 08 Dec 2023 23:13:52 -0800 (PST) Received: from postal.iol.unh.edu (postal.iol.unh.edu. [2606:4100:3880:1234::84]) by smtp-relay.gmail.com with ESMTPS id fr12-20020a17090ae2cc00b00286bff2c420sm189895pjb.6.2023.12.08.23.13.51 (version=TLS1_2 cipher=ECDHE-ECDSA-AES128-GCM-SHA256 bits=128/128); Fri, 08 Dec 2023 23:13:52 -0800 (PST) X-Relaying-Domain: iol.unh.edu Date: Fri, 08 Dec 2023 23:13:52 -0800 (PST) Message-ID: <657413b0.170a0220.fc200.995fSMTPIN_ADDED_MISSING@mx.google.com> Received: from [172.21.0.2] (unknown [172.18.0.240]) by postal.iol.unh.edu (Postfix) with ESMTP id 74BA16051823; Sat, 9 Dec 2023 02:13:51 -0500 (EST) Subject: |FAILURE| [GIT MASTER] 7849366693a2a2cbc5279a6bfd39cbb457fe7c96 From: dpdklab@iol.unh.edu To: Test Report Cc: dpdk-test-reports@iol.unh.edu, Xueming Li , Christian Ehrhardt , Kevin Traynor , Luca Boccassi Content-Type: text/plain X-BeenThere: test-report@dpdk.org X-Mailman-Version: 2.1.29 Precedence: list List-Id: automatic DPDK test reports List-Unsubscribe: , List-Archive: List-Post: List-Help: List-Subscribe: , Errors-To: test-report-bounces@dpdk.org _Testing issues_ Branch: tags/v22.11 7849366693a2a2cbc5279a6bfd39cbb457fe7c96 --> testing fail Test environment and result as below: +---------------------+----------------+ | Environment | dpdk_unit_test | +=====================+================+ | Windows Server 2019 | FAIL | +---------------------+----------------+ | Debian Buster | PASS | +---------------------+----------------+ | CentOS Stream 8 | PASS | +---------------------+----------------+ | CentOS Stream 9 | PASS | +---------------------+----------------+ | Debian Bullseye | PASS | +---------------------+----------------+ | Ubuntu 22.04 | PASS | +---------------------+----------------+ | Ubuntu 20.04 | PASS | +---------------------+----------------+ | openSUSE Leap 15 | PASS | +---------------------+----------------+ | Fedora 38 | PASS | +---------------------+----------------+ | RHEL8 | PASS | +---------------------+----------------+ ==== 20 line log output for Windows Server 2019 (dpdk_unit_test): ==== 85/93 DPDK:fast-tests / power_autotest SKIP 0.12s exit status 77 86/93 DPDK:fast-tests / power_kvm_vm_autotest SKIP 0.12s exit status 77 87/93 DPDK:fast-tests / power_intel_uncore_autotest SKIP 0.12s exit status 77 88/93 DPDK:fast-tests / reorder_autotest SKIP 0.12s exit status 77 89/93 DPDK:fast-tests / service_autotest OK 3.48s 90/93 DPDK:fast-tests / thash_autotest OK 0.12s 91/93 DPDK:fast-tests / threads_autotest OK 0.73s 92/93 DPDK:fast-tests / trace_autotest SKIP 0.12s exit status 77 93/93 DPDK:fast-tests / metrics_autotest OK 0.12s Ok: 49 Expected Fail: 0 Fail: 1 Unexpected Pass: 0 Skipped: 43 Timeout: 0 Full log written to C:\Users\builder\jenkins\workspace\Generic-VM-Unit-Test-DPDK\dpdk\build\meson-logs\testlog.txt ==== End log output ==== Windows Server 2019 Kernel: 10.0 Compiler: clang 14.0 and gcc 8.1.0 (MinGW) Debian Buster Kernel: 5.4.0-122-generic Compiler: gcc 8.3.0-6 CentOS Stream 8 Kernel: 4.18.0-240.10.1.el8_3.x86_64 Compiler: gcc 8.4.1 20200928 CentOS Stream 9 Kernel: 4.18.0-240.10.1.el8_3.x86_64 Compiler: gcc 11.3.1 20220421 Debian Bullseye Kernel: 5.4.0-122-generic Compiler: gcc 10.2.1-6 Ubuntu 22.04 Kernel: 4.18.0-240.10.1.el8_3.x86_64 Compiler: gcc 11.3.0 Ubuntu 20.04 Kernel: 5.4.0-153-generic Compiler: gcc 9.4.0-1ubuntu1~20.04.1 openSUSE Leap 15 Kernel: 4.18.0-240.10.1.el8_3.x86_64 Compiler: gcc 7.5.0 Fedora 38 Kernel: Depends on container host Compiler: gcc 13.1.1 RHEL8 Kernel: 4.18.0-240.10.1.el8_3.x86_64 Compiler: gcc 8.3.1 20191121 (Red Hat 8.3.1-5) To view detailed results, visit: https://lab.dpdk.org/results/dashboard/tarballs/27268/ UNH-IOL DPDK Community Lab To manage your email subscriptions, visit: https://lab.dpdk.org/results/dashboard/preferences/subscriptions/