From mboxrd@z Thu Jan 1 00:00:00 1970 Return-Path: Received: from mails.dpdk.org (mails.dpdk.org [217.70.189.124]) by inbox.dpdk.org (Postfix) with ESMTP id 2F742436DC for ; Wed, 13 Dec 2023 09:28:42 +0100 (CET) Received: from mails.dpdk.org (localhost [127.0.0.1]) by mails.dpdk.org (Postfix) with ESMTP id 1679642EB5; Wed, 13 Dec 2023 09:28:42 +0100 (CET) Received: from mail-oo1-f97.google.com (mail-oo1-f97.google.com [209.85.161.97]) by mails.dpdk.org (Postfix) with ESMTP id 812664021D for ; Wed, 13 Dec 2023 09:28:40 +0100 (CET) Received: by mail-oo1-f97.google.com with SMTP id 006d021491bc7-59067ccb090so4220354eaf.1 for ; Wed, 13 Dec 2023 00:28:40 -0800 (PST) DKIM-Signature: v=1; a=rsa-sha256; c=relaxed/relaxed; d=iol.unh.edu; s=unh-iol; t=1702456120; x=1703060920; darn=dpdk.org; h=cc:to:from:subject:message-id:date:from:to:cc:subject:date :message-id:reply-to; bh=gX47xWo8sbs+/wDAddV/PcM5VS/pZR4Ta+6e5XHhsj0=; b=M+/zXQtU7u7nS+usC9DgpAEOHF1ACkRELWVFrBD3xLHcHbumdViggBdum4BMzGnR9O jX1bPAn4I3xtTgMu/w040XV64EfzKG/tISOhUCM9BLdZtmDL+IOWC6bz0MCJB/EuLavu FJ0Q7A63hy6B8NsLqePPDGNXOS50BwJZcYhw0= X-Google-DKIM-Signature: v=1; a=rsa-sha256; c=relaxed/relaxed; d=1e100.net; s=20230601; t=1702456120; x=1703060920; h=cc:to:from:subject:message-id:date:x-gm-message-state:from:to:cc :subject:date:message-id:reply-to; bh=gX47xWo8sbs+/wDAddV/PcM5VS/pZR4Ta+6e5XHhsj0=; b=H1xzrtLxGAfRiBSqrv77c7qt1wS2zZNqiPc6JIaZ3HMXRtzwDGUdVJmI00IjdjO3iH L8DWaSXMKtMf6y92dG3M4da9iLL3ndl12W7ZAFyfD987Iq990p0qQpdNnUpgA0KDo+6t UeCYIv0U4VG9b1M/d6G3h5D/JmchIy15DRLPYVJvywYbvp2NzrWjgg84mDBCgUZZo/L7 KN7dz9NL5Xw9fvWHGF1D4GLU2VtZy/Mvw/ejspI/l5iyXMPv8hQF1DJLHRKG2b4H8c7O ZJLuRgJfrFSbR3kk9O2sp3zS9hBuIIrgXF5ojnryZdyUuVVLEq89vjohU3LJjDbD6hTf 3GJg== X-Gm-Message-State: AOJu0Ywk99ROXKrKQwLl6Ozf/tZB9nbc7/odMxVUosXq5lkdVfshBANP GPZqvzn6y8blRSsUzGBmY7AjdekguUjP+/cWyfesO7N4WQpquiN67rHurlqVek6K+A== X-Google-Smtp-Source: AGHT+IGlKvU4XXZXFIT8SNjaiBtOCixQvOqjDjE1NHxZsMq5HiBBguEL4qmqnp6g9d2ZKwBsZGM5Lsfox7xK X-Received: by 2002:a05:6808:164e:b0:3ba:c52:7242 with SMTP id az14-20020a056808164e00b003ba0c527242mr5400057oib.52.1702456119420; Wed, 13 Dec 2023 00:28:39 -0800 (PST) Received: from postal.iol.unh.edu (postal.iol.unh.edu. [2606:4100:3880:1234::84]) by smtp-relay.gmail.com with ESMTPS id l12-20020a056102242c00b00465daa2b561sm1297716vsi.0.2023.12.13.00.28.39 (version=TLS1_2 cipher=ECDHE-ECDSA-AES128-GCM-SHA256 bits=128/128); Wed, 13 Dec 2023 00:28:39 -0800 (PST) X-Relaying-Domain: iol.unh.edu Date: Wed, 13 Dec 2023 00:28:39 -0800 (PST) Message-ID: <65796b37.050a0220.b666b.4aacSMTPIN_ADDED_MISSING@mx.google.com> Received: from [172.21.0.2] (unknown [172.18.0.240]) by postal.iol.unh.edu (Postfix) with ESMTP id E61DE6051831; Wed, 13 Dec 2023 03:28:38 -0500 (EST) Subject: |FAILURE| [GIT MASTER] 7849366693a2a2cbc5279a6bfd39cbb457fe7c96 From: dpdklab@iol.unh.edu To: Test Report Cc: dpdk-test-reports@iol.unh.edu, Xueming Li , Christian Ehrhardt , Kevin Traynor , Luca Boccassi Content-Type: text/plain X-BeenThere: test-report@dpdk.org X-Mailman-Version: 2.1.29 Precedence: list List-Id: automatic DPDK test reports List-Unsubscribe: , List-Archive: List-Post: List-Help: List-Subscribe: , Errors-To: test-report-bounces@dpdk.org _Testing issues_ Branch: tags/v22.11 7849366693a2a2cbc5279a6bfd39cbb457fe7c96 --> testing fail Test environment and result as below: +---------------------+----------------+ | Environment | dpdk_unit_test | +=====================+================+ | Windows Server 2019 | FAIL | +---------------------+----------------+ | CentOS Stream 8 | PASS | +---------------------+----------------+ | Debian Buster | PASS | +---------------------+----------------+ | Fedora 38 | PASS | +---------------------+----------------+ | Debian Bullseye | PASS | +---------------------+----------------+ | CentOS Stream 9 | PASS | +---------------------+----------------+ | RHEL8 | PASS | +---------------------+----------------+ ==== 20 line log output for Windows Server 2019 (dpdk_unit_test): ==== 85/93 DPDK:fast-tests / power_autotest SKIP 0.11s exit status 77 86/93 DPDK:fast-tests / power_kvm_vm_autotest SKIP 0.11s exit status 77 87/93 DPDK:fast-tests / power_intel_uncore_autotest SKIP 0.12s exit status 77 88/93 DPDK:fast-tests / reorder_autotest SKIP 0.12s exit status 77 89/93 DPDK:fast-tests / service_autotest OK 3.63s 90/93 DPDK:fast-tests / thash_autotest OK 0.12s 91/93 DPDK:fast-tests / threads_autotest OK 0.69s 92/93 DPDK:fast-tests / trace_autotest SKIP 0.12s exit status 77 93/93 DPDK:fast-tests / metrics_autotest OK 0.12s Ok: 49 Expected Fail: 0 Fail: 1 Unexpected Pass: 0 Skipped: 43 Timeout: 0 Full log written to C:\Users\builder\jenkins\workspace\Generic-VM-Unit-Test-DPDK\dpdk\build\meson-logs\testlog.txt ==== End log output ==== Windows Server 2019 Kernel: 10.0 Compiler: clang 14.0 and gcc 8.1.0 (MinGW) CentOS Stream 8 Kernel: 4.18.0-240.10.1.el8_3.x86_64 Compiler: gcc 8.4.1 20200928 Debian Buster Kernel: 5.4.0-122-generic Compiler: gcc 8.3.0-6 Fedora 38 Kernel: Depends on container host Compiler: gcc 13.1.1 Debian Bullseye Kernel: 5.4.0-122-generic Compiler: gcc 10.2.1-6 CentOS Stream 9 Kernel: 4.18.0-240.10.1.el8_3.x86_64 Compiler: gcc 11.3.1 20220421 RHEL8 Kernel: 4.18.0-240.10.1.el8_3.x86_64 Compiler: gcc 8.3.1 20191121 (Red Hat 8.3.1-5) To view detailed results, visit: https://lab.dpdk.org/results/dashboard/tarballs/27316/ UNH-IOL DPDK Community Lab To manage your email subscriptions, visit: https://lab.dpdk.org/results/dashboard/preferences/subscriptions/