From mboxrd@z Thu Jan 1 00:00:00 1970 Return-Path: Received: from mails.dpdk.org (mails.dpdk.org [217.70.189.124]) by inbox.dpdk.org (Postfix) with ESMTP id 6C7F6436DC for ; Wed, 13 Dec 2023 09:30:36 +0100 (CET) Received: from mails.dpdk.org (localhost [127.0.0.1]) by mails.dpdk.org (Postfix) with ESMTP id 6781E42EB5; Wed, 13 Dec 2023 09:30:36 +0100 (CET) Received: from mail-io1-f98.google.com (mail-io1-f98.google.com [209.85.166.98]) by mails.dpdk.org (Postfix) with ESMTP id 858344021D for ; Wed, 13 Dec 2023 09:30:34 +0100 (CET) Received: by mail-io1-f98.google.com with SMTP id ca18e2360f4ac-7b373d61694so293589139f.2 for ; Wed, 13 Dec 2023 00:30:34 -0800 (PST) DKIM-Signature: v=1; a=rsa-sha256; c=relaxed/relaxed; d=iol.unh.edu; s=unh-iol; t=1702456234; x=1703061034; darn=dpdk.org; h=cc:to:from:subject:message-id:date:from:to:cc:subject:date :message-id:reply-to; bh=/PaKHIQqgFQJnR/1/bnlBEvDPM6oOMCCHmszYZPz7Fk=; b=ep5bzxouG5QmZojTtyv9KarzXbOZ0OD7BcREI7Ph+5uZmvVORa0VBksgSbySEvTNvL XFC1Qtp+/opMXkz3Qw3fo1B3W9Hl5QBJnBsHRrHxSwpl4seJ/i2vL0XQnHcCpZ/ch0dP tURVpheTRx6NgxAMZlJxCfrFmSgLNjRbDMfkk= X-Google-DKIM-Signature: v=1; a=rsa-sha256; c=relaxed/relaxed; d=1e100.net; s=20230601; t=1702456234; x=1703061034; h=cc:to:from:subject:message-id:date:x-gm-message-state:from:to:cc :subject:date:message-id:reply-to; bh=/PaKHIQqgFQJnR/1/bnlBEvDPM6oOMCCHmszYZPz7Fk=; b=H2JKmU6xSNypj5cMTuz8J7D2YrWVD4QO5E7etEVoUDct3eIfn4NZPCACGTncAoS28N Vd5FiI1JjMuLbjs9g0LSyIQMpazUFOKzRI59Izr/nI2FH6t+zW8X/OZhUlI1ZXq+o41C 7DLgq3M7QGqgh6ZH+rk7EJt8CY8TcNqisVEgKdFMj+l5Gj8CCdcSSu9H0hCe0hinJI0V WT5xFOM1MXvhWc5zxtOoIK6pKTyzH/Rp2O0S+kBpC9mu/MVwHyrTvAFvJ0WyoIvJYkMu efu9UENuPCMmNoKLMYMNH1ILwL+CophdaOxOeZfHdRHJwq2wasACFfMekjZnV86oW+NP HDDQ== X-Gm-Message-State: AOJu0YzOgAuWluTGIaQY5UNvXrBH4zgbzaLZxgy6GXCBbOcqAoVQc+q3 iCen1Zbscy2fkL6pHt5IZQ8HY8e2WgpsnlTFohTrR03JCnIIDQ== X-Google-Smtp-Source: AGHT+IH/+w0dCNh6BgOBi17Fa3arw5T5ltacmHKntX6usn7TwqzVbCx1A9VjrwxQajeZW90S8cZUj601lPj+ X-Received: by 2002:a05:6e02:144d:b0:35f:692e:2062 with SMTP id p13-20020a056e02144d00b0035f692e2062mr2491179ilo.0.1702456233932; Wed, 13 Dec 2023 00:30:33 -0800 (PST) Received: from postal.iol.unh.edu (postal.iol.unh.edu. [132.177.123.84]) by smtp-relay.gmail.com with ESMTPS id c2-20020a056e020cc200b00359d3fc1306sm940587ilj.20.2023.12.13.00.30.33 (version=TLS1_2 cipher=ECDHE-ECDSA-AES128-GCM-SHA256 bits=128/128); Wed, 13 Dec 2023 00:30:33 -0800 (PST) X-Relaying-Domain: iol.unh.edu Date: Wed, 13 Dec 2023 00:30:33 -0800 (PST) Message-ID: <65796ba9.050a0220.ca4c4.e8baSMTPIN_ADDED_MISSING@mx.google.com> Received: from [172.21.0.2] (unknown [172.18.0.240]) by postal.iol.unh.edu (Postfix) with ESMTP id 71CED6051831; Wed, 13 Dec 2023 03:30:33 -0500 (EST) Subject: |FAILURE| [GIT MASTER] 7849366693a2a2cbc5279a6bfd39cbb457fe7c96 From: dpdklab@iol.unh.edu To: Test Report Cc: dpdk-test-reports@iol.unh.edu, Xueming Li , Christian Ehrhardt , Kevin Traynor , Luca Boccassi Content-Type: text/plain X-BeenThere: test-report@dpdk.org X-Mailman-Version: 2.1.29 Precedence: list List-Id: automatic DPDK test reports List-Unsubscribe: , List-Archive: List-Post: List-Help: List-Subscribe: , Errors-To: test-report-bounces@dpdk.org _Testing issues_ Branch: tags/v22.11 7849366693a2a2cbc5279a6bfd39cbb457fe7c96 --> testing fail Test environment and result as below: +---------------------+----------------+ | Environment | dpdk_unit_test | +=====================+================+ | Windows Server 2019 | FAIL | +---------------------+----------------+ | CentOS Stream 8 | PASS | +---------------------+----------------+ | Debian Buster | PASS | +---------------------+----------------+ | Fedora 38 | PASS | +---------------------+----------------+ | Debian Bullseye | PASS | +---------------------+----------------+ | CentOS Stream 9 | PASS | +---------------------+----------------+ | RHEL8 | PASS | +---------------------+----------------+ | Fedora 37 | PASS | +---------------------+----------------+ ==== 20 line log output for Windows Server 2019 (dpdk_unit_test): ==== 85/93 DPDK:fast-tests / power_autotest SKIP 0.11s exit status 77 86/93 DPDK:fast-tests / power_kvm_vm_autotest SKIP 0.11s exit status 77 87/93 DPDK:fast-tests / power_intel_uncore_autotest SKIP 0.12s exit status 77 88/93 DPDK:fast-tests / reorder_autotest SKIP 0.12s exit status 77 89/93 DPDK:fast-tests / service_autotest OK 3.63s 90/93 DPDK:fast-tests / thash_autotest OK 0.12s 91/93 DPDK:fast-tests / threads_autotest OK 0.69s 92/93 DPDK:fast-tests / trace_autotest SKIP 0.12s exit status 77 93/93 DPDK:fast-tests / metrics_autotest OK 0.12s Ok: 49 Expected Fail: 0 Fail: 1 Unexpected Pass: 0 Skipped: 43 Timeout: 0 Full log written to C:\Users\builder\jenkins\workspace\Generic-VM-Unit-Test-DPDK\dpdk\build\meson-logs\testlog.txt ==== End log output ==== Windows Server 2019 Kernel: 10.0 Compiler: clang 14.0 and gcc 8.1.0 (MinGW) CentOS Stream 8 Kernel: 4.18.0-240.10.1.el8_3.x86_64 Compiler: gcc 8.4.1 20200928 Debian Buster Kernel: 5.4.0-122-generic Compiler: gcc 8.3.0-6 Fedora 38 Kernel: Depends on container host Compiler: gcc 13.1.1 Debian Bullseye Kernel: 5.4.0-122-generic Compiler: gcc 10.2.1-6 CentOS Stream 9 Kernel: 4.18.0-240.10.1.el8_3.x86_64 Compiler: gcc 11.3.1 20220421 RHEL8 Kernel: 4.18.0-240.10.1.el8_3.x86_64 Compiler: gcc 8.3.1 20191121 (Red Hat 8.3.1-5) Fedora 37 Kernel: Depends on container host system Compiler: gcc 12.3.1 To view detailed results, visit: https://lab.dpdk.org/results/dashboard/tarballs/27316/ UNH-IOL DPDK Community Lab To manage your email subscriptions, visit: https://lab.dpdk.org/results/dashboard/preferences/subscriptions/