From mboxrd@z Thu Jan 1 00:00:00 1970 Return-Path: Received: from mails.dpdk.org (mails.dpdk.org [217.70.189.124]) by inbox.dpdk.org (Postfix) with ESMTP id B1C24436DC for ; Wed, 13 Dec 2023 09:40:18 +0100 (CET) Received: from mails.dpdk.org (localhost [127.0.0.1]) by mails.dpdk.org (Postfix) with ESMTP id AD77A42EB5; Wed, 13 Dec 2023 09:40:18 +0100 (CET) Received: from mail-yw1-f227.google.com (mail-yw1-f227.google.com [209.85.128.227]) by mails.dpdk.org (Postfix) with ESMTP id 70D7A4021D for ; Wed, 13 Dec 2023 09:40:17 +0100 (CET) Received: by mail-yw1-f227.google.com with SMTP id 00721157ae682-5e2f45922easo1300067b3.1 for ; Wed, 13 Dec 2023 00:40:17 -0800 (PST) DKIM-Signature: v=1; a=rsa-sha256; c=relaxed/relaxed; d=iol.unh.edu; s=unh-iol; t=1702456817; x=1703061617; darn=dpdk.org; h=cc:to:from:subject:message-id:date:from:to:cc:subject:date :message-id:reply-to; bh=A46Z7ye0H+3sai1W+2VBNyfvhAjITsaP4RsCKfXn7N8=; b=SX4zAp8qvvYG5oNok53oZsLpDN6j/JhRNLyZndsycnzwVtCZ2UVZzNOVBEY4Q+xyD9 YF/B08MM6OCZsdRDEv9E1oC1sQfIkRkOkLB8t+oEB7d6x2GpHKpxGCtTMUxJcp0/hBNX fz7oO14yXNLaB0QPHzyipBYBQAtjXQMMJp/iA= X-Google-DKIM-Signature: v=1; a=rsa-sha256; c=relaxed/relaxed; d=1e100.net; s=20230601; t=1702456817; x=1703061617; h=cc:to:from:subject:message-id:date:x-gm-message-state:from:to:cc :subject:date:message-id:reply-to; bh=A46Z7ye0H+3sai1W+2VBNyfvhAjITsaP4RsCKfXn7N8=; b=YvJxEWw15HuZkQ3qGBbnmAxhaZ73mwSR9JZYakPr4tvsgYJEQ7uoPf+/y7fmutfNGG fYRrFSRE4UQrlWGGd67xAjwQoa2BMsNHlRvHOp4ngYEBkh2m2aCJmCYRd3yTg/92mV3z o100ntr0oIez+CMwH2jaLfeAj3Njxy3H1eAaesw170RvEri04U+PC4WZPbGsm84VTtKC oPqS6+qfSioMFklVo3ONs/PFtCLW5mehK8MHEMzkfuuRVAwnDalZdDiXlaEl7n/zRTaC W/JFBNEms6Eea4HNU+guQE0/JqPLIvkXBL++F4Qi8meIUmoxzGGuLZcsSbcDaLDf2Hfd Ej9w== X-Gm-Message-State: AOJu0Yw3vdg/0o9Vd+oCAhD5WNhDdYf+jc1OZlDmpJBz8NnYWf4GFd+A Xna5B9sRdtbggTJFtqYrFMzoX7pwC52TVa9qds/ZXVV/FRp8+w== X-Google-Smtp-Source: AGHT+IHeA5IYHFUE2TurlteVGZT7kIh3hrG2P1aK2j4EJG8KxEdSY+Lt9z/6hBC/DZ+8z7lox82z5zzXT7j7 X-Received: by 2002:a0d:c242:0:b0:5d7:1941:aa5 with SMTP id e63-20020a0dc242000000b005d719410aa5mr5915334ywd.64.1702456816943; Wed, 13 Dec 2023 00:40:16 -0800 (PST) Received: from postal.iol.unh.edu (postal.iol.unh.edu. [132.177.123.84]) by smtp-relay.gmail.com with ESMTPS id s129-20020a817787000000b005d3d5a0ad75sm1410187ywc.53.2023.12.13.00.40.16 (version=TLS1_2 cipher=ECDHE-ECDSA-AES128-GCM-SHA256 bits=128/128); Wed, 13 Dec 2023 00:40:16 -0800 (PST) X-Relaying-Domain: iol.unh.edu Date: Wed, 13 Dec 2023 00:40:16 -0800 (PST) Message-ID: <65796df0.810a0220.4d284.e884SMTPIN_ADDED_MISSING@mx.google.com> Received: from [172.21.0.3] (unknown [172.18.0.240]) by postal.iol.unh.edu (Postfix) with ESMTP id 885036051831; Wed, 13 Dec 2023 03:40:16 -0500 (EST) Subject: |FAILURE| [GIT MASTER] 7849366693a2a2cbc5279a6bfd39cbb457fe7c96 From: dpdklab@iol.unh.edu To: Test Report Cc: dpdk-test-reports@iol.unh.edu, Xueming Li , Christian Ehrhardt , Kevin Traynor , Luca Boccassi Content-Type: text/plain X-BeenThere: test-report@dpdk.org X-Mailman-Version: 2.1.29 Precedence: list List-Id: automatic DPDK test reports List-Unsubscribe: , List-Archive: List-Post: List-Help: List-Subscribe: , Errors-To: test-report-bounces@dpdk.org _Testing issues_ Branch: tags/v22.11 7849366693a2a2cbc5279a6bfd39cbb457fe7c96 --> testing fail Test environment and result as below: +---------------------+----------------+ | Environment | dpdk_unit_test | +=====================+================+ | Windows Server 2019 | FAIL | +---------------------+----------------+ | CentOS Stream 8 | PASS | +---------------------+----------------+ | Debian Buster | PASS | +---------------------+----------------+ | Fedora 38 | PASS | +---------------------+----------------+ | Debian Bullseye | PASS | +---------------------+----------------+ | CentOS Stream 9 | PASS | +---------------------+----------------+ | RHEL8 | PASS | +---------------------+----------------+ | Fedora 37 | PASS | +---------------------+----------------+ | openSUSE Leap 15 | PASS | +---------------------+----------------+ ==== 20 line log output for Windows Server 2019 (dpdk_unit_test): ==== 85/93 DPDK:fast-tests / power_autotest SKIP 0.11s exit status 77 86/93 DPDK:fast-tests / power_kvm_vm_autotest SKIP 0.11s exit status 77 87/93 DPDK:fast-tests / power_intel_uncore_autotest SKIP 0.12s exit status 77 88/93 DPDK:fast-tests / reorder_autotest SKIP 0.12s exit status 77 89/93 DPDK:fast-tests / service_autotest OK 3.63s 90/93 DPDK:fast-tests / thash_autotest OK 0.12s 91/93 DPDK:fast-tests / threads_autotest OK 0.69s 92/93 DPDK:fast-tests / trace_autotest SKIP 0.12s exit status 77 93/93 DPDK:fast-tests / metrics_autotest OK 0.12s Ok: 49 Expected Fail: 0 Fail: 1 Unexpected Pass: 0 Skipped: 43 Timeout: 0 Full log written to C:\Users\builder\jenkins\workspace\Generic-VM-Unit-Test-DPDK\dpdk\build\meson-logs\testlog.txt ==== End log output ==== Windows Server 2019 Kernel: 10.0 Compiler: clang 14.0 and gcc 8.1.0 (MinGW) CentOS Stream 8 Kernel: 4.18.0-240.10.1.el8_3.x86_64 Compiler: gcc 8.4.1 20200928 Debian Buster Kernel: 5.4.0-122-generic Compiler: gcc 8.3.0-6 Fedora 38 Kernel: Depends on container host Compiler: gcc 13.1.1 Debian Bullseye Kernel: 5.4.0-122-generic Compiler: gcc 10.2.1-6 CentOS Stream 9 Kernel: 4.18.0-240.10.1.el8_3.x86_64 Compiler: gcc 11.3.1 20220421 RHEL8 Kernel: 4.18.0-240.10.1.el8_3.x86_64 Compiler: gcc 8.3.1 20191121 (Red Hat 8.3.1-5) Fedora 37 Kernel: Depends on container host system Compiler: gcc 12.3.1 openSUSE Leap 15 Kernel: 4.18.0-240.10.1.el8_3.x86_64 Compiler: gcc 7.5.0 To view detailed results, visit: https://lab.dpdk.org/results/dashboard/tarballs/27316/ UNH-IOL DPDK Community Lab To manage your email subscriptions, visit: https://lab.dpdk.org/results/dashboard/preferences/subscriptions/