From mboxrd@z Thu Jan 1 00:00:00 1970 Return-Path: Received: from mails.dpdk.org (mails.dpdk.org [217.70.189.124]) by inbox.dpdk.org (Postfix) with ESMTP id D63A5436E9 for ; Thu, 14 Dec 2023 07:53:46 +0100 (CET) Received: from mails.dpdk.org (localhost [127.0.0.1]) by mails.dpdk.org (Postfix) with ESMTP id CF5CB42FA1; Thu, 14 Dec 2023 07:53:46 +0100 (CET) Received: from mail-yw1-f226.google.com (mail-yw1-f226.google.com [209.85.128.226]) by mails.dpdk.org (Postfix) with ESMTP id D3FE8402E6 for ; Thu, 14 Dec 2023 07:53:45 +0100 (CET) Received: by mail-yw1-f226.google.com with SMTP id 00721157ae682-5e2f45922easo11455507b3.1 for ; Wed, 13 Dec 2023 22:53:45 -0800 (PST) DKIM-Signature: v=1; a=rsa-sha256; c=relaxed/relaxed; d=iol.unh.edu; s=unh-iol; t=1702536825; x=1703141625; darn=dpdk.org; h=cc:to:from:subject:message-id:date:from:to:cc:subject:date :message-id:reply-to; bh=cnUghzw/lEOh0dAlkbZ2/++s+EO/0G1oUnUzVKHXzbs=; b=Su3juT3d37vSZTCg8vtdirYNNa0O8PFuKWEaFDClzipxkrzvxKiDR8IB6XauA33/KG SaEByV70f8fFB1khBd7H6QSzubujjGwa7MzgJZ6qksJOZJBD1j6weSJAFlDR7i0wboqV +P8E5IZqbda7bwxnu8N8DKTX7ly8A49VTvLlw= X-Google-DKIM-Signature: v=1; a=rsa-sha256; c=relaxed/relaxed; d=1e100.net; s=20230601; t=1702536825; x=1703141625; h=cc:to:from:subject:message-id:date:x-gm-message-state:from:to:cc :subject:date:message-id:reply-to; bh=cnUghzw/lEOh0dAlkbZ2/++s+EO/0G1oUnUzVKHXzbs=; b=dYuCuinNOSumkQZoFLrgGw9UiFQnRBHsr00sBhaojZIisnYyPVfJQInFTDIyBDQUEt fk2TU3KdqirVPzpO3nqnQ6zdu86xkv6mYTYEHO94EhakVS/F6ep3ULMPEk5lIrb5wTwj LQziEtx45VrSU0a98pA2vkZ3HRkvd5C0xIL2EHRPJCk62lWd5iIGs36atBRk083w15we S0hYIs/XxaOPJFEIHdsmfGQIyN+9iSFPmL4JkEr0rekFDNm1fjqSdntm1FIf9wjnEiJA BkPUyYjjdcHHi1KW17EKg4rJySZLEDlPcC6L0FAwj4m6U/6yUNS/3ZwxoYUs2dgzR4oU Fx5Q== X-Gm-Message-State: AOJu0YzTBc/GTmSWtwAmyHyd9wffG6D2/L/iDSmptm+Kexgf++97kI/q 75E/1kW1TXMfnN87cRE6xWHJdiautoev10qrYf9TPMFxWnm3bw== X-Google-Smtp-Source: AGHT+IGqeDEohhYzemtkWznopPQB/+lOMzR89U0zCCgadlbg08OqRgLNEYAeRAFzCQQUy/pnL60RVS7SG5yn X-Received: by 2002:a81:df0c:0:b0:5d7:1941:aa0 with SMTP id c12-20020a81df0c000000b005d719410aa0mr7444028ywn.59.1702536825015; Wed, 13 Dec 2023 22:53:45 -0800 (PST) Received: from postal.iol.unh.edu (postal.iol.unh.edu. [132.177.123.84]) by smtp-relay.gmail.com with ESMTPS id q62-20020a0de741000000b005d3ca801251sm1647964ywe.47.2023.12.13.22.53.44 (version=TLS1_2 cipher=ECDHE-ECDSA-AES128-GCM-SHA256 bits=128/128); Wed, 13 Dec 2023 22:53:45 -0800 (PST) X-Relaying-Domain: iol.unh.edu Date: Wed, 13 Dec 2023 22:53:45 -0800 (PST) Message-ID: <657aa679.0d0a0220.a23e8.78eeSMTPIN_ADDED_MISSING@mx.google.com> Received: from [172.21.0.2] (unknown [172.18.0.240]) by postal.iol.unh.edu (Postfix) with ESMTP id 9B4AA6051823; Thu, 14 Dec 2023 01:53:44 -0500 (EST) Subject: |FAILURE| [GIT MASTER] 7849366693a2a2cbc5279a6bfd39cbb457fe7c96 From: dpdklab@iol.unh.edu To: Test Report Cc: dpdk-test-reports@iol.unh.edu, Xueming Li , Christian Ehrhardt , Kevin Traynor , Luca Boccassi Content-Type: text/plain X-BeenThere: test-report@dpdk.org X-Mailman-Version: 2.1.29 Precedence: list List-Id: automatic DPDK test reports List-Unsubscribe: , List-Archive: List-Post: List-Help: List-Subscribe: , Errors-To: test-report-bounces@dpdk.org _Testing issues_ Branch: tags/v22.11 7849366693a2a2cbc5279a6bfd39cbb457fe7c96 --> testing fail Test environment and result as below: +---------------------+----------------+ | Environment | dpdk_unit_test | +=====================+================+ | Windows Server 2019 | FAIL | +---------------------+----------------+ | CentOS Stream 8 | PASS | +---------------------+----------------+ | Debian Buster | PASS | +---------------------+----------------+ | Fedora 37 | PASS | +---------------------+----------------+ | openSUSE Leap 15 | PASS | +---------------------+----------------+ ==== 20 line log output for Windows Server 2019 (dpdk_unit_test): ==== 85/93 DPDK:fast-tests / power_autotest SKIP 0.12s exit status 77 86/93 DPDK:fast-tests / power_kvm_vm_autotest SKIP 0.12s exit status 77 87/93 DPDK:fast-tests / power_intel_uncore_autotest SKIP 0.12s exit status 77 88/93 DPDK:fast-tests / reorder_autotest SKIP 0.12s exit status 77 89/93 DPDK:fast-tests / service_autotest OK 3.62s 90/93 DPDK:fast-tests / thash_autotest OK 0.12s 91/93 DPDK:fast-tests / threads_autotest OK 0.68s 92/93 DPDK:fast-tests / trace_autotest SKIP 0.12s exit status 77 93/93 DPDK:fast-tests / metrics_autotest OK 0.12s Ok: 49 Expected Fail: 0 Fail: 1 Unexpected Pass: 0 Skipped: 43 Timeout: 0 Full log written to C:\Users\builder\jenkins\workspace\Generic-VM-Unit-Test-DPDK\dpdk\build\meson-logs\testlog.txt ==== End log output ==== Windows Server 2019 Kernel: 10.0 Compiler: clang 14.0 and gcc 8.1.0 (MinGW) CentOS Stream 8 Kernel: 4.18.0-240.10.1.el8_3.x86_64 Compiler: gcc 8.4.1 20200928 Debian Buster Kernel: 5.4.0-122-generic Compiler: gcc 8.3.0-6 Fedora 37 Kernel: Depends on container host system Compiler: gcc 12.3.1 openSUSE Leap 15 Kernel: 4.18.0-240.10.1.el8_3.x86_64 Compiler: gcc 7.5.0 To view detailed results, visit: https://lab.dpdk.org/results/dashboard/tarballs/27329/ UNH-IOL DPDK Community Lab To manage your email subscriptions, visit: https://lab.dpdk.org/results/dashboard/preferences/subscriptions/