From mboxrd@z Thu Jan 1 00:00:00 1970 Return-Path: Received: from mails.dpdk.org (mails.dpdk.org [217.70.189.124]) by inbox.dpdk.org (Postfix) with ESMTP id 0A143436FA for ; Fri, 15 Dec 2023 09:12:10 +0100 (CET) Received: from mails.dpdk.org (localhost [127.0.0.1]) by mails.dpdk.org (Postfix) with ESMTP id 054D140649; Fri, 15 Dec 2023 09:12:10 +0100 (CET) Received: from mail-vs1-f97.google.com (mail-vs1-f97.google.com [209.85.217.97]) by mails.dpdk.org (Postfix) with ESMTP id 2F746402F1 for ; Fri, 15 Dec 2023 09:11:55 +0100 (CET) Received: by mail-vs1-f97.google.com with SMTP id ada2fe7eead31-464a3734e49so140828137.0 for ; Fri, 15 Dec 2023 00:11:55 -0800 (PST) DKIM-Signature: v=1; a=rsa-sha256; c=relaxed/relaxed; d=iol.unh.edu; s=unh-iol; t=1702627914; x=1703232714; darn=dpdk.org; h=cc:to:from:subject:message-id:date:from:to:cc:subject:date :message-id:reply-to; bh=0TO/AklDH8WikNgf25VAzh/2uiCX5UkCeHsoZTJe3UI=; b=CCmgBbnBD/LQMZSHvLuxB8koQWXv0moE+S5QdhUYR8Xde8xhEl7VhzT8rBQIVgjUI9 1O5F54MY8El8KlpmNEtXMXJxiXxeubMWALU21rlf8bc2rtmQzWX8LPhFFR3LuOXOYFSV wWMnt/4jbzVYq1DemQmRv9O2HOmf3K3HlUUfo= X-Google-DKIM-Signature: v=1; a=rsa-sha256; c=relaxed/relaxed; d=1e100.net; s=20230601; t=1702627914; x=1703232714; h=cc:to:from:subject:message-id:date:x-gm-message-state:from:to:cc :subject:date:message-id:reply-to; bh=0TO/AklDH8WikNgf25VAzh/2uiCX5UkCeHsoZTJe3UI=; b=T4uuNXwMVuiNhl5Va9ce81/sil9itzkh9RPW6UgszBGO7dnm4Pn1wywBmgnEmaDwBr mPNnTOGXqwurWIia+TaojM0IKh1SF+nLuc4UA3e4nO0RmL8JpKhmibMRORDGZO9Hy9Ho dqglxs4ZAQFxSuxyRIBx3k/YVnCFRaSi3HFg8rT57UDFeu/7ezn4Cz5FQHVtwymHgh2n py/JMt3yTMCxO31s8CD24ciBzCMO4cY4SLo00J3all/plzOyklIUf7R9uyLA/UaA5U58 Hpw+ixjNHfz+fNUfaHJq+VQolOQBphmAXvNrZsXL0nwz/jw3EfMFaI9UhrwmTlVx0Ga+ DI9Q== X-Gm-Message-State: AOJu0Yx2Kr6zNY5FZC9CQ5lMCDOIpEjVREBQSdZEWqoCSG0Ogj4nKvRU l/oBxRHcWt4EuZDYnSZZDPj9Z4TXfy1l1GTMFq7seE1Cvp//pSLePAmCLmU6SwVtmA== X-Google-Smtp-Source: AGHT+IGTsN8djQCaRP/0558LC9QlUe1CxSTUfsHRrWayxgdIw8oterv+fcB+COgZ8zSU+ZmSNtdJJAm3L6rn X-Received: by 2002:a05:6102:3589:b0:465:f937:a077 with SMTP id h9-20020a056102358900b00465f937a077mr10058517vsu.24.1702627914590; Fri, 15 Dec 2023 00:11:54 -0800 (PST) Received: from postal.iol.unh.edu (postal.iol.unh.edu. [2606:4100:3880:1234::84]) by smtp-relay.gmail.com with ESMTPS id f5-20020ab014c5000000b007c59944e4a7sm1639478uae.3.2023.12.15.00.11.54 (version=TLS1_2 cipher=ECDHE-ECDSA-AES128-GCM-SHA256 bits=128/128); Fri, 15 Dec 2023 00:11:54 -0800 (PST) X-Relaying-Domain: iol.unh.edu Date: Fri, 15 Dec 2023 00:11:54 -0800 (PST) Message-ID: <657c0a4a.b00a0220.731a4.734aSMTPIN_ADDED_MISSING@mx.google.com> Received: from [172.21.0.4] (unknown [172.18.0.240]) by postal.iol.unh.edu (Postfix) with ESMTP id 34922605C311; Fri, 15 Dec 2023 03:11:54 -0500 (EST) Subject: |FAILURE| [GIT MASTER] 7849366693a2a2cbc5279a6bfd39cbb457fe7c96 From: dpdklab@iol.unh.edu To: Test Report Cc: dpdk-test-reports@iol.unh.edu, Xueming Li , Christian Ehrhardt , Kevin Traynor , Luca Boccassi Content-Type: text/plain X-BeenThere: test-report@dpdk.org X-Mailman-Version: 2.1.29 Precedence: list List-Id: automatic DPDK test reports List-Unsubscribe: , List-Archive: List-Post: List-Help: List-Subscribe: , Errors-To: test-report-bounces@dpdk.org _Testing issues_ Branch: tags/v22.11 7849366693a2a2cbc5279a6bfd39cbb457fe7c96 --> testing fail Test environment and result as below: +---------------------+----------------+ | Environment | dpdk_unit_test | +=====================+================+ | Windows Server 2019 | FAIL | +---------------------+----------------+ | CentOS Stream 8 | PASS | +---------------------+----------------+ | Debian Buster | PASS | +---------------------+----------------+ | Fedora 38 | PASS | +---------------------+----------------+ | Fedora 37 | PASS | +---------------------+----------------+ | RHEL8 | PASS | +---------------------+----------------+ | RHEL 7 | PASS | +---------------------+----------------+ ==== 20 line log output for Windows Server 2019 (dpdk_unit_test): ==== 85/93 DPDK:fast-tests / power_autotest SKIP 0.12s exit status 77 86/93 DPDK:fast-tests / power_kvm_vm_autotest SKIP 0.12s exit status 77 87/93 DPDK:fast-tests / power_intel_uncore_autotest SKIP 0.12s exit status 77 88/93 DPDK:fast-tests / reorder_autotest SKIP 0.12s exit status 77 89/93 DPDK:fast-tests / service_autotest OK 3.63s 90/93 DPDK:fast-tests / thash_autotest OK 0.12s 91/93 DPDK:fast-tests / threads_autotest OK 0.68s 92/93 DPDK:fast-tests / trace_autotest SKIP 0.12s exit status 77 93/93 DPDK:fast-tests / metrics_autotest OK 0.12s Ok: 49 Expected Fail: 0 Fail: 1 Unexpected Pass: 0 Skipped: 43 Timeout: 0 Full log written to C:\Users\builder\jenkins\workspace\Generic-VM-Unit-Test-DPDK\dpdk\build\meson-logs\testlog.txt ==== End log output ==== Windows Server 2019 Kernel: 10.0 Compiler: clang 14.0 and gcc 8.1.0 (MinGW) CentOS Stream 8 Kernel: 4.18.0-240.10.1.el8_3.x86_64 Compiler: gcc 8.4.1 20200928 Debian Buster Kernel: 5.4.0-122-generic Compiler: gcc 8.3.0-6 Fedora 38 Kernel: Depends on container host Compiler: clang 16.0.3 Fedora 37 Kernel: Depends on container host system Compiler: gcc 12.3.1 RHEL8 Kernel: 4.18.0-240.10.1.el8_3.x86_64 Compiler: gcc 8.3.1 20191121 (Red Hat 8.3.1-5) RHEL 7 Kernel: 4.18.0-240.10.1.el8_3.x86_64 Compiler: gcc 4.8.5 20150623 (Red Hat 4.8.5-44) To view detailed results, visit: https://lab.dpdk.org/results/dashboard/tarballs/27359/ UNH-IOL DPDK Community Lab To manage your email subscriptions, visit: https://lab.dpdk.org/results/dashboard/preferences/subscriptions/