From mboxrd@z Thu Jan 1 00:00:00 1970 Return-Path: Received: from mails.dpdk.org (mails.dpdk.org [217.70.189.124]) by inbox.dpdk.org (Postfix) with ESMTP id E4E2543707 for ; Sat, 16 Dec 2023 08:02:05 +0100 (CET) Received: from mails.dpdk.org (localhost [127.0.0.1]) by mails.dpdk.org (Postfix) with ESMTP id BFFF4402AA; Sat, 16 Dec 2023 08:02:05 +0100 (CET) Received: from mail-yw1-f227.google.com (mail-yw1-f227.google.com [209.85.128.227]) by mails.dpdk.org (Postfix) with ESMTP id 51836402A8 for ; Sat, 16 Dec 2023 08:02:04 +0100 (CET) Received: by mail-yw1-f227.google.com with SMTP id 00721157ae682-5e4b6353482so8075577b3.1 for ; Fri, 15 Dec 2023 23:02:04 -0800 (PST) DKIM-Signature: v=1; a=rsa-sha256; c=relaxed/relaxed; d=iol.unh.edu; s=unh-iol; t=1702710123; x=1703314923; darn=dpdk.org; h=cc:to:from:subject:message-id:date:from:to:cc:subject:date :message-id:reply-to; bh=tX4UEoqkydrfR3KhoZva++DLZB7yZbZIHudsVFw437U=; b=jqRkAh/ZEugOEfQI+fgB0ncXQlLUtN54DDzGG8iRziyTwx/ttlGknscgr6XRwsyOQc vFwLJ1nd2Nxe7J90XvPUUMNSCzgLOr2/Rg+HxAnKwlR1Fzl2i4314NBDKcrzqLuEmikT 5quBERogILBMiuW0E7FniW5l4cOKI3OBUyan0= X-Google-DKIM-Signature: v=1; a=rsa-sha256; c=relaxed/relaxed; d=1e100.net; s=20230601; t=1702710123; x=1703314923; h=cc:to:from:subject:message-id:date:x-gm-message-state:from:to:cc :subject:date:message-id:reply-to; bh=tX4UEoqkydrfR3KhoZva++DLZB7yZbZIHudsVFw437U=; b=w9fcQHwVrLcWtU6cDW4Qp6pv1t5rsJ1nrkOVBIK1pnzcEIk491UZrLh4uEll5OZNU1 8ZuHnMg2Xa0jsh3gVD59I+tTwUBYmj72ImheMuZ8vQPPP0MnzNaTjY1MXYdlSfkQ+iuP ihFV3QLQTF9K2EVdCdWmIN00FSjBSVMP1BU/FeJoz0ImG6rFCRRSQyCTYvbOSEKzR+47 ZfEIuwGlaA5p1sLvOb4EXHam+Jo9Kw8XoTTXNemlP/tiZgwQvbYodBgTIpC4qGxiyNt4 MokTkbmAgf/Mq6ajbraJyZCREqrGB4JvcE8OSeYflmGoKwFpr0DZEdfOCMz3rmj9sgh3 H3hQ== X-Gm-Message-State: AOJu0Yw3eV5xQmWUtA606dMvKVEShP39VOMYgA/RtCXrsDVRFDsR+ShN OHcgscrfF8LdteAeJ+X3IJg+H//HJoCYEGecWvjvahKQI0Co5AnutJTtqBT8JSzuEg== X-Google-Smtp-Source: AGHT+IGyrjYSXVnZtu/MBX0m7sQcDlb9SZDAfOqIUlrzb/hG6Cj/6eqVyrlBRGU9LICKCgebSXkjkBlC05Sx X-Received: by 2002:a25:848e:0:b0:dbd:ddd:5b29 with SMTP id v14-20020a25848e000000b00dbd0ddd5b29mr207469ybk.22.1702710123658; Fri, 15 Dec 2023 23:02:03 -0800 (PST) Received: from postal.iol.unh.edu (postal.iol.unh.edu. [2606:4100:3880:1234::84]) by smtp-relay.gmail.com with ESMTPS id r9-20020a252b09000000b00dbcbf016e70sm419933ybr.20.2023.12.15.23.02.03 (version=TLS1_2 cipher=ECDHE-ECDSA-AES128-GCM-SHA256 bits=128/128); Fri, 15 Dec 2023 23:02:03 -0800 (PST) X-Relaying-Domain: iol.unh.edu Date: Fri, 15 Dec 2023 23:02:03 -0800 (PST) Message-ID: <657d4b6b.250a0220.5c57c.1f62SMTPIN_ADDED_MISSING@mx.google.com> Received: from [172.21.0.3] (unknown [172.18.0.240]) by postal.iol.unh.edu (Postfix) with ESMTP id 46FDB6051831; Sat, 16 Dec 2023 02:02:03 -0500 (EST) Subject: |FAILURE| [GIT MASTER] 7849366693a2a2cbc5279a6bfd39cbb457fe7c96 From: dpdklab@iol.unh.edu To: Test Report Cc: dpdk-test-reports@iol.unh.edu, Xueming Li , Christian Ehrhardt , Kevin Traynor , Luca Boccassi Content-Type: text/plain X-BeenThere: test-report@dpdk.org X-Mailman-Version: 2.1.29 Precedence: list List-Id: automatic DPDK test reports List-Unsubscribe: , List-Archive: List-Post: List-Help: List-Subscribe: , Errors-To: test-report-bounces@dpdk.org _Testing issues_ Branch: tags/v22.11 7849366693a2a2cbc5279a6bfd39cbb457fe7c96 --> testing fail Test environment and result as below: +---------------------+----------------+ | Environment | dpdk_unit_test | +=====================+================+ | Windows Server 2019 | FAIL | +---------------------+----------------+ | CentOS Stream 8 | PASS | +---------------------+----------------+ | CentOS Stream 9 | PASS | +---------------------+----------------+ | Fedora 37 | PASS | +---------------------+----------------+ | Debian Buster | PASS | +---------------------+----------------+ | Debian Bullseye | PASS | +---------------------+----------------+ | RHEL8 | PASS | +---------------------+----------------+ | Ubuntu 20.04 | PASS | +---------------------+----------------+ | RHEL 7 | PASS | +---------------------+----------------+ | openSUSE Leap 15 | PASS | +---------------------+----------------+ ==== 20 line log output for Windows Server 2019 (dpdk_unit_test): ==== 85/93 DPDK:fast-tests / power_autotest SKIP 0.12s exit status 77 86/93 DPDK:fast-tests / power_kvm_vm_autotest SKIP 0.11s exit status 77 87/93 DPDK:fast-tests / power_intel_uncore_autotest SKIP 0.11s exit status 77 88/93 DPDK:fast-tests / reorder_autotest SKIP 0.12s exit status 77 89/93 DPDK:fast-tests / service_autotest OK 3.62s 90/93 DPDK:fast-tests / thash_autotest OK 0.12s 91/93 DPDK:fast-tests / threads_autotest OK 0.68s 92/93 DPDK:fast-tests / trace_autotest SKIP 0.12s exit status 77 93/93 DPDK:fast-tests / metrics_autotest OK 0.12s Ok: 49 Expected Fail: 0 Fail: 1 Unexpected Pass: 0 Skipped: 43 Timeout: 0 Full log written to C:\Users\builder\jenkins\workspace\Generic-VM-Unit-Test-DPDK\dpdk\build\meson-logs\testlog.txt ==== End log output ==== Windows Server 2019 Kernel: 10.0 Compiler: clang 14.0 and gcc 8.1.0 (MinGW) CentOS Stream 8 Kernel: 4.18.0-240.10.1.el8_3.x86_64 Compiler: gcc 8.4.1 20200928 CentOS Stream 9 Kernel: 4.18.0-240.10.1.el8_3.x86_64 Compiler: gcc 11.3.1 20220421 Fedora 37 Kernel: Depends on container host system Compiler: gcc 12.3.1 Debian Buster Kernel: 5.4.0-122-generic Compiler: gcc 8.3.0-6 Debian Bullseye Kernel: 5.4.0-122-generic Compiler: gcc 10.2.1-6 RHEL8 Kernel: 4.18.0-240.10.1.el8_3.x86_64 Compiler: gcc 8.3.1 20191121 (Red Hat 8.3.1-5) Ubuntu 20.04 Kernel: 5.4.0-153-generic Compiler: gcc 9.4.0-1ubuntu1~20.04.1 RHEL 7 Kernel: 4.18.0-240.10.1.el8_3.x86_64 Compiler: gcc 4.8.5 20150623 (Red Hat 4.8.5-44) openSUSE Leap 15 Kernel: 4.18.0-240.10.1.el8_3.x86_64 Compiler: gcc 7.5.0 To view detailed results, visit: https://lab.dpdk.org/results/dashboard/tarballs/27370/ UNH-IOL DPDK Community Lab To manage your email subscriptions, visit: https://lab.dpdk.org/results/dashboard/preferences/subscriptions/