From mboxrd@z Thu Jan 1 00:00:00 1970 Return-Path: Received: from mails.dpdk.org (mails.dpdk.org [217.70.189.124]) by inbox.dpdk.org (Postfix) with ESMTP id 2A4BE43707 for ; Sat, 16 Dec 2023 08:13:53 +0100 (CET) Received: from mails.dpdk.org (localhost [127.0.0.1]) by mails.dpdk.org (Postfix) with ESMTP id 228AD402AA; Sat, 16 Dec 2023 08:13:53 +0100 (CET) Received: from mail-il1-f226.google.com (mail-il1-f226.google.com [209.85.166.226]) by mails.dpdk.org (Postfix) with ESMTP id 6F18F402A8 for ; Sat, 16 Dec 2023 08:13:51 +0100 (CET) Received: by mail-il1-f226.google.com with SMTP id e9e14a558f8ab-35d699ec3caso5760635ab.3 for ; Fri, 15 Dec 2023 23:13:51 -0800 (PST) DKIM-Signature: v=1; a=rsa-sha256; c=relaxed/relaxed; d=iol.unh.edu; s=unh-iol; t=1702710831; x=1703315631; darn=dpdk.org; h=cc:to:from:subject:message-id:date:from:to:cc:subject:date :message-id:reply-to; bh=qdennQJ/0NGNqUM+pptTRGlBoFGAfGvtJa++NjFZnk4=; b=QvNZRB8UnKCe8GyuzFXsKJjVy5gSrsG1H8nOb3O7KJzBOXFEl3uOz+9hRryFhedqbB nJL+sXVa30I/8d+oscBgzqzGjBL5bDshk8LMX4fYDaXQMcwPyIAu/WbmrDkydqRU15Ti Md4zX0IxzXLhVwbYBeKdrScr4ejhicYuKGxjw= X-Google-DKIM-Signature: v=1; a=rsa-sha256; c=relaxed/relaxed; d=1e100.net; s=20230601; t=1702710831; x=1703315631; h=cc:to:from:subject:message-id:date:x-gm-message-state:from:to:cc :subject:date:message-id:reply-to; bh=qdennQJ/0NGNqUM+pptTRGlBoFGAfGvtJa++NjFZnk4=; b=iUepTP+TsM2O7BMlFCjxKVsfJOtgWgeNM4LKXdvwZzjMA5ff2ZAhDUqck/n9RyGj4Q UhB1pBvs7C9ALiZFfEP5KEBHc2ThLDeNwmkpB6+3uxAcZrPsgQZ/MaN0+PFPVisdq//+ k7T7TS8zhau+cJQ4KO1ZkSzQqnQsFRHlbOX/xH9aD32I0GlWfRIe1Zj3WhyJ1VPeKbmq C39u9WeNOFR6wnLxYRhBQURgECT+Gtbrt8DX7uhcc1dBoCXe9dkpmPj4yvz1IQdGIjln p5jXb9FPKUtYWnslZO6L9v91S3ViNJQmVplWVRk1r6dY+6rZtUYkHuHzStqskOErIB8Y QokQ== X-Gm-Message-State: AOJu0Yzbx1KYUOVIlIOzfbigmaAIo8wAuA5gyiO9eonnNtVhYFXQp4op nSXMV17MQKPB0ydQUAYZi1S7L+7l5ec+23Cp7nXt3BXyV4p8zWWT418EuruLYLKJ2w== X-Google-Smtp-Source: AGHT+IHKsZpTxDFDv3CwYQZPISU6i7d/bG7k6Poe0UUZ421UTUc65XYHWRtVq5twJnqTiKYZsO59Dn5+H3Se X-Received: by 2002:a05:6e02:2167:b0:35d:55d7:6c96 with SMTP id s7-20020a056e02216700b0035d55d76c96mr18418770ilv.12.1702710830837; Fri, 15 Dec 2023 23:13:50 -0800 (PST) Received: from postal.iol.unh.edu (postal.iol.unh.edu. [2606:4100:3880:1234::84]) by smtp-relay.gmail.com with ESMTPS id pw10-20020a17090b278a00b00286f87d57e8sm1708825pjb.15.2023.12.15.23.13.50 (version=TLS1_2 cipher=ECDHE-ECDSA-AES128-GCM-SHA256 bits=128/128); Fri, 15 Dec 2023 23:13:50 -0800 (PST) X-Relaying-Domain: iol.unh.edu Date: Fri, 15 Dec 2023 23:13:50 -0800 (PST) Message-ID: <657d4e2e.170a0220.a71f4.c44aSMTPIN_ADDED_MISSING@mx.google.com> Received: from [172.21.0.2] (unknown [172.18.0.240]) by postal.iol.unh.edu (Postfix) with ESMTP id 082486051831; Sat, 16 Dec 2023 02:13:50 -0500 (EST) Subject: |FAILURE| [GIT MASTER] 7849366693a2a2cbc5279a6bfd39cbb457fe7c96 From: dpdklab@iol.unh.edu To: Test Report Cc: dpdk-test-reports@iol.unh.edu, Xueming Li , Christian Ehrhardt , Kevin Traynor , Luca Boccassi Content-Type: text/plain X-BeenThere: test-report@dpdk.org X-Mailman-Version: 2.1.29 Precedence: list List-Id: automatic DPDK test reports List-Unsubscribe: , List-Archive: List-Post: List-Help: List-Subscribe: , Errors-To: test-report-bounces@dpdk.org _Testing issues_ Branch: tags/v22.11 7849366693a2a2cbc5279a6bfd39cbb457fe7c96 --> testing fail Test environment and result as below: +---------------------+----------------+ | Environment | dpdk_unit_test | +=====================+================+ | Windows Server 2019 | FAIL | +---------------------+----------------+ | CentOS Stream 8 | PASS | +---------------------+----------------+ | CentOS Stream 9 | PASS | +---------------------+----------------+ | Fedora 37 | PASS | +---------------------+----------------+ | Debian Buster | PASS | +---------------------+----------------+ | Debian Bullseye | PASS | +---------------------+----------------+ | RHEL8 | PASS | +---------------------+----------------+ | Ubuntu 20.04 | PASS | +---------------------+----------------+ | RHEL 7 | PASS | +---------------------+----------------+ | openSUSE Leap 15 | PASS | +---------------------+----------------+ | Fedora 38 | PASS | +---------------------+----------------+ | Ubuntu 22.04 | PASS | +---------------------+----------------+ ==== 20 line log output for Windows Server 2019 (dpdk_unit_test): ==== 85/93 DPDK:fast-tests / power_autotest SKIP 0.12s exit status 77 86/93 DPDK:fast-tests / power_kvm_vm_autotest SKIP 0.11s exit status 77 87/93 DPDK:fast-tests / power_intel_uncore_autotest SKIP 0.11s exit status 77 88/93 DPDK:fast-tests / reorder_autotest SKIP 0.12s exit status 77 89/93 DPDK:fast-tests / service_autotest OK 3.62s 90/93 DPDK:fast-tests / thash_autotest OK 0.12s 91/93 DPDK:fast-tests / threads_autotest OK 0.68s 92/93 DPDK:fast-tests / trace_autotest SKIP 0.12s exit status 77 93/93 DPDK:fast-tests / metrics_autotest OK 0.12s Ok: 49 Expected Fail: 0 Fail: 1 Unexpected Pass: 0 Skipped: 43 Timeout: 0 Full log written to C:\Users\builder\jenkins\workspace\Generic-VM-Unit-Test-DPDK\dpdk\build\meson-logs\testlog.txt ==== End log output ==== Windows Server 2019 Kernel: 10.0 Compiler: clang 14.0 and gcc 8.1.0 (MinGW) CentOS Stream 8 Kernel: 4.18.0-240.10.1.el8_3.x86_64 Compiler: gcc 8.4.1 20200928 CentOS Stream 9 Kernel: 4.18.0-240.10.1.el8_3.x86_64 Compiler: gcc 11.3.1 20220421 Fedora 37 Kernel: Depends on container host system Compiler: gcc 12.3.1 Debian Buster Kernel: 5.4.0-122-generic Compiler: gcc 8.3.0-6 Debian Bullseye Kernel: 5.4.0-122-generic Compiler: gcc 10.2.1-6 RHEL8 Kernel: 4.18.0-240.10.1.el8_3.x86_64 Compiler: gcc 8.3.1 20191121 (Red Hat 8.3.1-5) Ubuntu 20.04 Kernel: 5.4.0-153-generic Compiler: gcc 9.4.0-1ubuntu1~20.04.1 RHEL 7 Kernel: 4.18.0-240.10.1.el8_3.x86_64 Compiler: gcc 4.8.5 20150623 (Red Hat 4.8.5-44) openSUSE Leap 15 Kernel: 4.18.0-240.10.1.el8_3.x86_64 Compiler: gcc 7.5.0 Fedora 38 Kernel: Depends on container host Compiler: clang 16.0.3 Ubuntu 22.04 Kernel: 4.18.0-240.10.1.el8_3.x86_64 Compiler: gcc 11.3.0 To view detailed results, visit: https://lab.dpdk.org/results/dashboard/tarballs/27370/ UNH-IOL DPDK Community Lab To manage your email subscriptions, visit: https://lab.dpdk.org/results/dashboard/preferences/subscriptions/