From mboxrd@z Thu Jan 1 00:00:00 1970 Return-Path: Received: from mails.dpdk.org (mails.dpdk.org [217.70.189.124]) by inbox.dpdk.org (Postfix) with ESMTP id 0B91943711 for ; Sun, 17 Dec 2023 07:26:21 +0100 (CET) Received: from mails.dpdk.org (localhost [127.0.0.1]) by mails.dpdk.org (Postfix) with ESMTP id 05E54402BE; Sun, 17 Dec 2023 07:26:21 +0100 (CET) Received: from mail-qt1-f226.google.com (mail-qt1-f226.google.com [209.85.160.226]) by mails.dpdk.org (Postfix) with ESMTP id 579714026C for ; Sun, 17 Dec 2023 07:26:19 +0100 (CET) Received: by mail-qt1-f226.google.com with SMTP id d75a77b69052e-425c54f5842so20332201cf.2 for ; Sat, 16 Dec 2023 22:26:19 -0800 (PST) DKIM-Signature: v=1; a=rsa-sha256; c=relaxed/relaxed; d=iol.unh.edu; s=unh-iol; t=1702794379; x=1703399179; darn=dpdk.org; h=cc:to:from:subject:message-id:date:from:to:cc:subject:date :message-id:reply-to; bh=/c5WEWEfOUWTXjWISu36Guc+MpofE8AVeL76rbS05gU=; b=X9tgMyUxPhlVWZXsqTCyaa5kT0rEdd54gPdnLpfY1pq9KthiThzsjfJSWtvXTRHhM3 iWpRbUxr7T9KBEsSHuLmz28PRFWGo1RhVJ7ms/LDPZnKVndMmiqYHfxWQhpHDYGCcf3W erNFAOIUj7REx7dY+x/Ibl9JA7GGkVQW4hzwU= X-Google-DKIM-Signature: v=1; a=rsa-sha256; c=relaxed/relaxed; d=1e100.net; s=20230601; t=1702794379; x=1703399179; h=cc:to:from:subject:message-id:date:x-gm-message-state:from:to:cc :subject:date:message-id:reply-to; bh=/c5WEWEfOUWTXjWISu36Guc+MpofE8AVeL76rbS05gU=; b=QCvaMkICo2tZtRO66tF/8Y1ZbQOTq38KRFpxkFpiEp+gRDBzmI1cgdy/JLQ2rbQNBg PO2G7biQEZR02Hmw3gSJ2zjvJ1O4/qr+kg//0i0fbArTe+WiX868rTB4lUTyyVByntdB DX/zlZwOoRddram0IOznsHwtMJhUxz7j1Q53/dBZV9mXYpZC5fCSykLiTEkqVRYclQGB vnDSWqeLSPHJfKlWapIQogmB+7trWiw1Xk16mC1TN18fhnS+wSCkopawgDN8rJWQyGKO wEbVKl+GRiX45uUQk33miSFB0BLudqa1Oz2hyoxdtVpiMUXjL4okVJsDrjShJxDEnDYQ wFJg== X-Gm-Message-State: AOJu0YxPOALJWb/RM+m1dljyIe3XiuDnQZ7/g/5jBPAKO6yweFXQl/TN /aP/frRy7kJttw8gprKZFjJ97vEKAgy005O/HPD3Uw62WkfA0A== X-Google-Smtp-Source: AGHT+IH9dyv/v1FPrrgcCg7EdnZGecPYYJoESwB1iq7bUBKaYLg1n5zBRQRAfZSudnmjTnZfI23UTU6ZFeKX X-Received: by 2002:ae9:ee15:0:b0:77f:917d:a6cf with SMTP id i21-20020ae9ee15000000b0077f917da6cfmr7027619qkg.113.1702794378766; Sat, 16 Dec 2023 22:26:18 -0800 (PST) Received: from postal.iol.unh.edu (postal.iol.unh.edu. [132.177.123.84]) by smtp-relay.gmail.com with ESMTPS id g133-20020a25db8b000000b00dbd076dda8csm318461ybf.13.2023.12.16.22.26.18 (version=TLS1_2 cipher=ECDHE-ECDSA-AES128-GCM-SHA256 bits=128/128); Sat, 16 Dec 2023 22:26:18 -0800 (PST) X-Relaying-Domain: iol.unh.edu Date: Sat, 16 Dec 2023 22:26:18 -0800 (PST) Message-ID: <657e948a.250a0220.31f1.df4fSMTPIN_ADDED_MISSING@mx.google.com> Received: from [172.21.0.2] (unknown [172.18.0.240]) by postal.iol.unh.edu (Postfix) with ESMTP id 64947605C311; Sun, 17 Dec 2023 01:26:18 -0500 (EST) Subject: |FAILURE| [GIT MASTER] 7849366693a2a2cbc5279a6bfd39cbb457fe7c96 From: dpdklab@iol.unh.edu To: Test Report Cc: dpdk-test-reports@iol.unh.edu, Xueming Li , Christian Ehrhardt , Kevin Traynor , Luca Boccassi Content-Type: text/plain X-BeenThere: test-report@dpdk.org X-Mailman-Version: 2.1.29 Precedence: list List-Id: automatic DPDK test reports List-Unsubscribe: , List-Archive: List-Post: List-Help: List-Subscribe: , Errors-To: test-report-bounces@dpdk.org _Testing issues_ Branch: tags/v22.11 7849366693a2a2cbc5279a6bfd39cbb457fe7c96 --> testing fail Test environment and result as below: +---------------------+----------------+ | Environment | dpdk_unit_test | +=====================+================+ | Windows Server 2019 | FAIL | +---------------------+----------------+ | CentOS Stream 9 | PASS | +---------------------+----------------+ | CentOS Stream 8 | PASS | +---------------------+----------------+ | Debian Bullseye | PASS | +---------------------+----------------+ | Fedora 37 | PASS | +---------------------+----------------+ | openSUSE Leap 15 | PASS | +---------------------+----------------+ | RHEL 7 | PASS | +---------------------+----------------+ | Fedora 38 | PASS | +---------------------+----------------+ ==== 20 line log output for Windows Server 2019 (dpdk_unit_test): ==== 85/93 DPDK:fast-tests / power_autotest SKIP 0.12s exit status 77 86/93 DPDK:fast-tests / power_kvm_vm_autotest SKIP 0.12s exit status 77 87/93 DPDK:fast-tests / power_intel_uncore_autotest SKIP 0.12s exit status 77 88/93 DPDK:fast-tests / reorder_autotest SKIP 0.12s exit status 77 89/93 DPDK:fast-tests / service_autotest OK 3.62s 90/93 DPDK:fast-tests / thash_autotest OK 0.12s 91/93 DPDK:fast-tests / threads_autotest OK 0.68s 92/93 DPDK:fast-tests / trace_autotest SKIP 0.12s exit status 77 93/93 DPDK:fast-tests / metrics_autotest OK 0.12s Ok: 49 Expected Fail: 0 Fail: 1 Unexpected Pass: 0 Skipped: 43 Timeout: 0 Full log written to C:\Users\builder\jenkins\workspace\Generic-VM-Unit-Test-DPDK\dpdk\build\meson-logs\testlog.txt ==== End log output ==== Windows Server 2019 Kernel: 10.0 Compiler: clang 14.0 and gcc 8.1.0 (MinGW) CentOS Stream 9 Kernel: 4.18.0-240.10.1.el8_3.x86_64 Compiler: gcc 11.3.1 20220421 CentOS Stream 8 Kernel: 4.18.0-240.10.1.el8_3.x86_64 Compiler: gcc 8.4.1 20200928 Debian Bullseye Kernel: 5.4.0-122-generic Compiler: gcc 10.2.1-6 Fedora 37 Kernel: Depends on container host system Compiler: gcc 12.3.1 openSUSE Leap 15 Kernel: 4.18.0-240.10.1.el8_3.x86_64 Compiler: gcc 7.5.0 RHEL 7 Kernel: 4.18.0-240.10.1.el8_3.x86_64 Compiler: gcc 4.8.5 20150623 (Red Hat 4.8.5-44) Fedora 38 Kernel: Depends on container host Compiler: gcc 13.1.1 To view detailed results, visit: https://lab.dpdk.org/results/dashboard/tarballs/27372/ UNH-IOL DPDK Community Lab To manage your email subscriptions, visit: https://lab.dpdk.org/results/dashboard/preferences/subscriptions/