From mboxrd@z Thu Jan 1 00:00:00 1970 Return-Path: Received: from mails.dpdk.org (mails.dpdk.org [217.70.189.124]) by inbox.dpdk.org (Postfix) with ESMTP id 2819E4372A for ; Mon, 18 Dec 2023 08:00:03 +0100 (CET) Received: from mails.dpdk.org (localhost [127.0.0.1]) by mails.dpdk.org (Postfix) with ESMTP id 184E240276; Mon, 18 Dec 2023 08:00:03 +0100 (CET) Received: from mail-yw1-f228.google.com (mail-yw1-f228.google.com [209.85.128.228]) by mails.dpdk.org (Postfix) with ESMTP id 4AC704026A for ; Mon, 18 Dec 2023 08:00:01 +0100 (CET) Received: by mail-yw1-f228.google.com with SMTP id 00721157ae682-5e3338663b2so16172537b3.2 for ; Sun, 17 Dec 2023 23:00:01 -0800 (PST) DKIM-Signature: v=1; a=rsa-sha256; c=relaxed/relaxed; d=iol.unh.edu; s=unh-iol; t=1702882800; x=1703487600; darn=dpdk.org; h=cc:to:from:subject:message-id:date:from:to:cc:subject:date :message-id:reply-to; bh=XC8eG5jSkSIhnXXuVrfjblxy+tCDUKhrHHIx93dNPkc=; b=BQC3XXCwM8qFiNYmw9UHAu5fJlGHhC2ntoQZKuyvkNvB72RktZuqcZiAZVemIcDfL/ YsHwxhoFTVTEotKAjAu0eDeORvP04B6xCwXz5HUTY634ZcmiXfZ6ySlSKOmM4meDzqbH l3isRBonprwoGhDCll6ZArjFoKC3ybrndBLpI= X-Google-DKIM-Signature: v=1; a=rsa-sha256; c=relaxed/relaxed; d=1e100.net; s=20230601; t=1702882800; x=1703487600; h=cc:to:from:subject:message-id:date:x-gm-message-state:from:to:cc :subject:date:message-id:reply-to; bh=XC8eG5jSkSIhnXXuVrfjblxy+tCDUKhrHHIx93dNPkc=; b=E/C2XlwNqu1od8v2kW4n224mV2i/plqE5x9fu40Rk2BpsJe5T9P8OBFd+JxYRUgZRF npZY5GNcDWHcvPSVtL3qjZBZ8lxx1Xz/VFbBv4OHovaRjlnvAhqJTsA/rAoiRk82YPqK +nDfTFhdkqqic4PVnsu7P0pMjSRkOWb5ul6CQtT4JiMIHMTxq7zUTeQ7LBNn2J55ngQg ckvYdq1Dcp6oNyECRQlYFCfe2/tsYSDWvAQr0ZvkqBBt+WFkQ4uSJ/HA1FSfL/2UgNRB OGrBXCpb1BiOUc2Ra+W6mE1eyKNv6Ufd1N4OtoH5+06xSSo9ZTrXUTy0VumOm4lP5yIe y//w== X-Gm-Message-State: AOJu0Yyiu4TgsdEw3jmx+okKvr+zLBtnSQQ2H2Oy/WmLwjV2o1vGe/3g eRhIGxdW2sZGPk56bIRpaCLX1ZYKlnHT+ny6nr7YFhSfZo+ewwVoR6xmYep6Dqm1dg== X-Google-Smtp-Source: AGHT+IHdbzCr+qH8/Jz03o15okxleZxNWJRO/XO6X1CxCJNdhaJF9KbTW1sBwLEYNgdryeSgj8S+JW31bCi/ X-Received: by 2002:a81:d541:0:b0:5cb:332e:ab68 with SMTP id l1-20020a81d541000000b005cb332eab68mr12349174ywj.5.1702882800722; Sun, 17 Dec 2023 23:00:00 -0800 (PST) Received: from postal.iol.unh.edu (postal.iol.unh.edu. [2606:4100:3880:1234::84]) by smtp-relay.gmail.com with ESMTPS id u9-20020a81a509000000b005d4035e6136sm1823795ywg.66.2023.12.17.23.00.00 (version=TLS1_2 cipher=ECDHE-ECDSA-AES128-GCM-SHA256 bits=128/128); Sun, 17 Dec 2023 23:00:00 -0800 (PST) X-Relaying-Domain: iol.unh.edu Date: Sun, 17 Dec 2023 23:00:00 -0800 (PST) Message-ID: <657fedf0.810a0220.ccd32.ffe1SMTPIN_ADDED_MISSING@mx.google.com> Received: from [172.21.0.2] (unknown [172.18.0.240]) by postal.iol.unh.edu (Postfix) with ESMTP id 28B0D6051823; Mon, 18 Dec 2023 02:00:00 -0500 (EST) Subject: |FAILURE| [GIT MASTER] 7849366693a2a2cbc5279a6bfd39cbb457fe7c96 From: dpdklab@iol.unh.edu To: Test Report Cc: dpdk-test-reports@iol.unh.edu, Xueming Li , Christian Ehrhardt , Kevin Traynor , Luca Boccassi Content-Type: text/plain X-BeenThere: test-report@dpdk.org X-Mailman-Version: 2.1.29 Precedence: list List-Id: automatic DPDK test reports List-Unsubscribe: , List-Archive: List-Post: List-Help: List-Subscribe: , Errors-To: test-report-bounces@dpdk.org _Testing issues_ Branch: tags/v22.11 7849366693a2a2cbc5279a6bfd39cbb457fe7c96 --> testing fail Test environment and result as below: +---------------------+----------------+ | Environment | dpdk_unit_test | +=====================+================+ | Windows Server 2019 | FAIL | +---------------------+----------------+ | CentOS Stream 8 | PASS | +---------------------+----------------+ | Fedora 38 | PASS | +---------------------+----------------+ | Debian Buster | PASS | +---------------------+----------------+ | CentOS Stream 9 | PASS | +---------------------+----------------+ | RHEL 7 | PASS | +---------------------+----------------+ | Fedora 37 | PASS | +---------------------+----------------+ | openSUSE Leap 15 | PASS | +---------------------+----------------+ | Ubuntu 22.04 | PASS | +---------------------+----------------+ | RHEL8 | PASS | +---------------------+----------------+ ==== 20 line log output for Windows Server 2019 (dpdk_unit_test): ==== 85/93 DPDK:fast-tests / power_autotest SKIP 0.12s exit status 77 86/93 DPDK:fast-tests / power_kvm_vm_autotest SKIP 0.12s exit status 77 87/93 DPDK:fast-tests / power_intel_uncore_autotest SKIP 0.12s exit status 77 88/93 DPDK:fast-tests / reorder_autotest SKIP 0.12s exit status 77 89/93 DPDK:fast-tests / service_autotest OK 3.63s 90/93 DPDK:fast-tests / thash_autotest OK 0.12s 91/93 DPDK:fast-tests / threads_autotest OK 0.54s 92/93 DPDK:fast-tests / trace_autotest SKIP 0.12s exit status 77 93/93 DPDK:fast-tests / metrics_autotest OK 0.12s Ok: 49 Expected Fail: 0 Fail: 1 Unexpected Pass: 0 Skipped: 43 Timeout: 0 Full log written to C:\Users\builder\jenkins\workspace\Generic-VM-Unit-Test-DPDK\dpdk\build\meson-logs\testlog.txt ==== End log output ==== Windows Server 2019 Kernel: 10.0 Compiler: clang 14.0 and gcc 8.1.0 (MinGW) CentOS Stream 8 Kernel: 4.18.0-240.10.1.el8_3.x86_64 Compiler: gcc 8.4.1 20200928 Fedora 38 Kernel: Depends on container host Compiler: gcc 13.1.1 Debian Buster Kernel: 5.4.0-122-generic Compiler: gcc 8.3.0-6 CentOS Stream 9 Kernel: 4.18.0-240.10.1.el8_3.x86_64 Compiler: gcc 11.3.1 20220421 RHEL 7 Kernel: 4.18.0-240.10.1.el8_3.x86_64 Compiler: gcc 4.8.5 20150623 (Red Hat 4.8.5-44) Fedora 37 Kernel: Depends on container host system Compiler: gcc 12.3.1 openSUSE Leap 15 Kernel: 4.18.0-240.10.1.el8_3.x86_64 Compiler: gcc 7.5.0 Ubuntu 22.04 Kernel: 4.18.0-240.10.1.el8_3.x86_64 Compiler: gcc 11.3.0 RHEL8 Kernel: 4.18.0-240.10.1.el8_3.x86_64 Compiler: gcc 8.3.1 20191121 (Red Hat 8.3.1-5) To view detailed results, visit: https://lab.dpdk.org/results/dashboard/tarballs/27378/ UNH-IOL DPDK Community Lab To manage your email subscriptions, visit: https://lab.dpdk.org/results/dashboard/preferences/subscriptions/