From mboxrd@z Thu Jan 1 00:00:00 1970 Return-Path: Received: from mails.dpdk.org (mails.dpdk.org [217.70.189.124]) by inbox.dpdk.org (Postfix) with ESMTP id 918824372F for ; Wed, 20 Dec 2023 07:21:29 +0100 (CET) Received: from mails.dpdk.org (localhost [127.0.0.1]) by mails.dpdk.org (Postfix) with ESMTP id 8CFDE40279; Wed, 20 Dec 2023 07:21:29 +0100 (CET) Received: from mail-pl1-f226.google.com (mail-pl1-f226.google.com [209.85.214.226]) by mails.dpdk.org (Postfix) with ESMTP id 2D490400EF for ; Wed, 20 Dec 2023 07:21:20 +0100 (CET) Received: by mail-pl1-f226.google.com with SMTP id d9443c01a7336-1d3cfb1568eso19920065ad.1 for ; Tue, 19 Dec 2023 22:21:20 -0800 (PST) DKIM-Signature: v=1; a=rsa-sha256; c=relaxed/relaxed; d=iol.unh.edu; s=unh-iol; t=1703053279; x=1703658079; darn=dpdk.org; h=cc:to:from:subject:message-id:date:from:to:cc:subject:date :message-id:reply-to; bh=2r9WY3R/qeFq77L1yp1uU2nr+473s4zQxPr9isCHq2w=; b=WmaJmg9PLZjO+uNhBuD9CoxO+bq67NztSpXG1+0RiWqXgeJvRap1Rhqj1z4VLDknW7 Xoz7FxqbOP/M0+BGj79c2pBV1NjQfdCxijxng/8IDO4ku+R3bzfeocuARvn4eCx99NwB 1QgWZsHM1cWsmthvoW7BIQG2u7INCGzo42SLo= X-Google-DKIM-Signature: v=1; a=rsa-sha256; c=relaxed/relaxed; d=1e100.net; s=20230601; t=1703053279; x=1703658079; h=cc:to:from:subject:message-id:date:x-gm-message-state:from:to:cc :subject:date:message-id:reply-to; bh=2r9WY3R/qeFq77L1yp1uU2nr+473s4zQxPr9isCHq2w=; b=eOsgbZJ3p08A0uQA+uzpsy/965grE3xGESNawAGcUIfZb3JAA0JoB5EI5YnOlkSPde 9c3DpVDKFJB8ZZTtVR54TUPniwSbjgvF16C4I+TQ/HX5Z/T+d6SmIctmDcDeN7v2w4hz UgNgNAR7lr69ncJPxq+iw2xUaN8VHqtQauemLZkweT7ecPsD3bU7aIruwnmgZXy9fbDJ D3yQ6ey3c2coa/pV68G2gwe97qClMOAM33PuFThNfeDDs9RxXoRRLEXuSvSP/bi1pcp6 sXFJiIjKmbftLMxUh4o1pce3hfgskpyKqXM8rheFrRPKcASOGxhUk7v6fYACTfs0E59X QZWw== X-Gm-Message-State: AOJu0YzmYKgR0FIwdFIrT+Wl1frk0sdjKG+ZG6N/0hHmgwpYLaYvaA7q jkFqRWlohz3O9RfZlisPLjAEGHNdTkiaA3IyNGWwMKNOpBsp3A== X-Google-Smtp-Source: AGHT+IFO25HN2GH4WRk+qlRrhhZ0/i2czKkatoeaRR2p4IV1l9vPstyBd34VwbWC+a9dR7TK9woCmJJZuB0o X-Received: by 2002:a17:903:32ce:b0:1d3:bedd:ad with SMTP id i14-20020a17090332ce00b001d3bedd00admr5383256plr.35.1703053279504; Tue, 19 Dec 2023 22:21:19 -0800 (PST) Received: from postal.iol.unh.edu (postal.iol.unh.edu. [132.177.123.84]) by smtp-relay.gmail.com with ESMTPS id jg12-20020a17090326cc00b001d3b3b95710sm229887plb.80.2023.12.19.22.21.19 (version=TLS1_2 cipher=ECDHE-ECDSA-AES128-GCM-SHA256 bits=128/128); Tue, 19 Dec 2023 22:21:19 -0800 (PST) X-Relaying-Domain: iol.unh.edu Date: Tue, 19 Dec 2023 22:21:19 -0800 (PST) Message-ID: <658287df.170a0220.d5c70.7dd5SMTPIN_ADDED_MISSING@mx.google.com> Received: from [172.21.0.3] (unknown [172.18.0.240]) by postal.iol.unh.edu (Postfix) with ESMTP id 01168605183E; Wed, 20 Dec 2023 01:21:19 -0500 (EST) Subject: |FAILURE| [GIT MASTER] 7849366693a2a2cbc5279a6bfd39cbb457fe7c96 From: dpdklab@iol.unh.edu To: Test Report Cc: dpdk-test-reports@iol.unh.edu, Xueming Li , Christian Ehrhardt , Kevin Traynor , Luca Boccassi Content-Type: text/plain X-BeenThere: test-report@dpdk.org X-Mailman-Version: 2.1.29 Precedence: list List-Id: automatic DPDK test reports List-Unsubscribe: , List-Archive: List-Post: List-Help: List-Subscribe: , Errors-To: test-report-bounces@dpdk.org _Testing issues_ Branch: tags/v22.11 7849366693a2a2cbc5279a6bfd39cbb457fe7c96 --> testing fail Test environment and result as below: +---------------------+----------------+ | Environment | dpdk_unit_test | +=====================+================+ | Windows Server 2019 | FAIL | +---------------------+----------------+ | CentOS Stream 9 | PASS | +---------------------+----------------+ | CentOS Stream 8 | PASS | +---------------------+----------------+ ==== 20 line log output for Windows Server 2019 (dpdk_unit_test): ==== 85/93 DPDK:fast-tests / power_autotest SKIP 0.12s exit status 77 86/93 DPDK:fast-tests / power_kvm_vm_autotest SKIP 0.12s exit status 77 87/93 DPDK:fast-tests / power_intel_uncore_autotest SKIP 0.12s exit status 77 88/93 DPDK:fast-tests / reorder_autotest SKIP 0.12s exit status 77 89/93 DPDK:fast-tests / service_autotest OK 3.62s 90/93 DPDK:fast-tests / thash_autotest OK 0.12s 91/93 DPDK:fast-tests / threads_autotest OK 0.68s 92/93 DPDK:fast-tests / trace_autotest SKIP 0.12s exit status 77 93/93 DPDK:fast-tests / metrics_autotest OK 0.11s Ok: 49 Expected Fail: 0 Fail: 1 Unexpected Pass: 0 Skipped: 43 Timeout: 0 Full log written to C:\Users\builder\jenkins\workspace\Generic-VM-Unit-Test-DPDK\dpdk\build\meson-logs\testlog.txt ==== End log output ==== Windows Server 2019 Kernel: 10.0 Compiler: clang 14.0 and gcc 8.1.0 (MinGW) CentOS Stream 9 Kernel: 4.18.0-240.10.1.el8_3.x86_64 Compiler: gcc 11.3.1 20220421 CentOS Stream 8 Kernel: 4.18.0-240.10.1.el8_3.x86_64 Compiler: gcc 8.4.1 20200928 To view detailed results, visit: https://lab.dpdk.org/results/dashboard/tarballs/27414/ UNH-IOL DPDK Community Lab To manage your email subscriptions, visit: https://lab.dpdk.org/results/dashboard/preferences/subscriptions/