From mboxrd@z Thu Jan 1 00:00:00 1970 Return-Path: Received: from mails.dpdk.org (mails.dpdk.org [217.70.189.124]) by inbox.dpdk.org (Postfix) with ESMTP id 439944372F for ; Wed, 20 Dec 2023 07:42:53 +0100 (CET) Received: from mails.dpdk.org (localhost [127.0.0.1]) by mails.dpdk.org (Postfix) with ESMTP id 3EBBF40279; Wed, 20 Dec 2023 07:42:53 +0100 (CET) Received: from mail-il1-f225.google.com (mail-il1-f225.google.com [209.85.166.225]) by mails.dpdk.org (Postfix) with ESMTP id 2AA9C400EF for ; Wed, 20 Dec 2023 07:42:48 +0100 (CET) Received: by mail-il1-f225.google.com with SMTP id e9e14a558f8ab-35fb06d7488so12805415ab.3 for ; Tue, 19 Dec 2023 22:42:48 -0800 (PST) DKIM-Signature: v=1; a=rsa-sha256; c=relaxed/relaxed; d=iol.unh.edu; s=unh-iol; t=1703054567; x=1703659367; darn=dpdk.org; h=cc:to:from:subject:message-id:date:from:to:cc:subject:date :message-id:reply-to; bh=24hy0BlqJWQZI2DJCl/U6K7JE8t6fUP5wI/p7mk89Pk=; b=UHq/FWelOYtfrr1KV6GT/tzRSGj/8sQ8wbz4Zk//o87ZSqHsn9jQgB+MAjN2zSB33f yJNalBu+rCJSZX/j1MRE5pgCEYPxvAPCNij1nAlzUzDl3xhsZiOD/6knx1famg7jgdbc sPl9NVYECoyUaCh78i+xhdR/5zd6ikiVgbo9o= X-Google-DKIM-Signature: v=1; a=rsa-sha256; c=relaxed/relaxed; d=1e100.net; s=20230601; t=1703054567; x=1703659367; h=cc:to:from:subject:message-id:date:x-gm-message-state:from:to:cc :subject:date:message-id:reply-to; bh=24hy0BlqJWQZI2DJCl/U6K7JE8t6fUP5wI/p7mk89Pk=; b=XWvc4pvmDhZqdyBbv3wj5vV/vd8Uq6VLfGQ+D56sHK/W9/1Hjq0RGgHuylJRzCGVbx F+vGdUQz/LIg1XjqZBjDGFsxxrAwnNBtXjhfE9/tFgOSY8/VkX1ZsFr4rPVZCHLGRWIF H3JFxIkrwCrSb9forJzyS6TGyuuzDbwPQOf2TrB0nnMvTdC7RN1D3Y8VkEJHeEd4hxTh jIPjrkY0gBwZXDmTrmObOsn9/XifAIKya29iSCDcm2m7Kw6q7G+Hk48OqD+yhNro+Nzd JP+EFECq0s9m24gtRhQfUyGUR4Vg3yO6STXB+NYoVlgkZW0EEWpaCfvv8lMD540D4ncV jIUg== X-Gm-Message-State: AOJu0Yw5rXuWOXpyW4RcpikZMMlnPoS8ro2ikq6TOcNbMtkg+YRy36GY dJtlM0/zCyYVS9xVlkBWVni2Hnlbj1AgufOhkLtlwuME4igH1bu6nrgtaSe70YF3RQ== X-Google-Smtp-Source: AGHT+IHGps85SoQ5B/7f2ZXm69pjrOEjNiQNiEBEoOqKSIYXJkaDqqs99UJAqsnb4VnTyzIbKLMtDmZLA7e2 X-Received: by 2002:a05:6e02:15c6:b0:35d:59a2:a337 with SMTP id q6-20020a056e0215c600b0035d59a2a337mr27131127ilu.57.1703054567656; Tue, 19 Dec 2023 22:42:47 -0800 (PST) Received: from postal.iol.unh.edu (postal.iol.unh.edu. [2606:4100:3880:1234::84]) by smtp-relay.gmail.com with ESMTPS id g1-20020a056e021a2100b0035fb3d285b1sm362065ile.3.2023.12.19.22.42.47 (version=TLS1_2 cipher=ECDHE-ECDSA-AES128-GCM-SHA256 bits=128/128); Tue, 19 Dec 2023 22:42:47 -0800 (PST) X-Relaying-Domain: iol.unh.edu Date: Tue, 19 Dec 2023 22:42:47 -0800 (PST) Message-ID: <65828ce7.050a0220.ea83b.eaa9SMTPIN_ADDED_MISSING@mx.google.com> Received: from [172.21.0.6] (unknown [172.18.0.240]) by postal.iol.unh.edu (Postfix) with ESMTP id 2B772605183E; Wed, 20 Dec 2023 01:42:47 -0500 (EST) Subject: |FAILURE| [GIT MASTER] 7849366693a2a2cbc5279a6bfd39cbb457fe7c96 From: dpdklab@iol.unh.edu To: Test Report Cc: dpdk-test-reports@iol.unh.edu, Xueming Li , Christian Ehrhardt , Kevin Traynor , Luca Boccassi Content-Type: text/plain X-BeenThere: test-report@dpdk.org X-Mailman-Version: 2.1.29 Precedence: list List-Id: automatic DPDK test reports List-Unsubscribe: , List-Archive: List-Post: List-Help: List-Subscribe: , Errors-To: test-report-bounces@dpdk.org _Testing issues_ Branch: tags/v22.11 7849366693a2a2cbc5279a6bfd39cbb457fe7c96 --> testing fail Test environment and result as below: +---------------------+----------------+ | Environment | dpdk_unit_test | +=====================+================+ | Windows Server 2019 | FAIL | +---------------------+----------------+ | CentOS Stream 9 | PASS | +---------------------+----------------+ | CentOS Stream 8 | PASS | +---------------------+----------------+ | RHEL 7 | PASS | +---------------------+----------------+ | Debian Bullseye | PASS | +---------------------+----------------+ | Fedora 37 | PASS | +---------------------+----------------+ | RHEL8 | PASS | +---------------------+----------------+ | openSUSE Leap 15 | PASS | +---------------------+----------------+ | Fedora 38 | PASS | +---------------------+----------------+ ==== 20 line log output for Windows Server 2019 (dpdk_unit_test): ==== 85/93 DPDK:fast-tests / power_autotest SKIP 0.12s exit status 77 86/93 DPDK:fast-tests / power_kvm_vm_autotest SKIP 0.12s exit status 77 87/93 DPDK:fast-tests / power_intel_uncore_autotest SKIP 0.12s exit status 77 88/93 DPDK:fast-tests / reorder_autotest SKIP 0.12s exit status 77 89/93 DPDK:fast-tests / service_autotest OK 3.62s 90/93 DPDK:fast-tests / thash_autotest OK 0.12s 91/93 DPDK:fast-tests / threads_autotest OK 0.68s 92/93 DPDK:fast-tests / trace_autotest SKIP 0.12s exit status 77 93/93 DPDK:fast-tests / metrics_autotest OK 0.11s Ok: 49 Expected Fail: 0 Fail: 1 Unexpected Pass: 0 Skipped: 43 Timeout: 0 Full log written to C:\Users\builder\jenkins\workspace\Generic-VM-Unit-Test-DPDK\dpdk\build\meson-logs\testlog.txt ==== End log output ==== Windows Server 2019 Kernel: 10.0 Compiler: clang 14.0 and gcc 8.1.0 (MinGW) CentOS Stream 9 Kernel: 4.18.0-240.10.1.el8_3.x86_64 Compiler: gcc 11.3.1 20220421 CentOS Stream 8 Kernel: 4.18.0-240.10.1.el8_3.x86_64 Compiler: gcc 8.4.1 20200928 RHEL 7 Kernel: 4.18.0-240.10.1.el8_3.x86_64 Compiler: gcc 4.8.5 20150623 (Red Hat 4.8.5-44) Debian Bullseye Kernel: 5.4.0-122-generic Compiler: gcc 10.2.1-6 Fedora 37 Kernel: Depends on container host system Compiler: gcc 12.3.1 RHEL8 Kernel: 4.18.0-240.10.1.el8_3.x86_64 Compiler: gcc 8.3.1 20191121 (Red Hat 8.3.1-5) openSUSE Leap 15 Kernel: 4.18.0-240.10.1.el8_3.x86_64 Compiler: gcc 7.5.0 Fedora 38 Kernel: Depends on container host Compiler: clang 16.0.3 To view detailed results, visit: https://lab.dpdk.org/results/dashboard/tarballs/27414/ UNH-IOL DPDK Community Lab To manage your email subscriptions, visit: https://lab.dpdk.org/results/dashboard/preferences/subscriptions/