From mboxrd@z Thu Jan 1 00:00:00 1970 Return-Path: Received: from mails.dpdk.org (mails.dpdk.org [217.70.189.124]) by inbox.dpdk.org (Postfix) with ESMTP id 4A09643731 for ; Wed, 20 Dec 2023 08:02:34 +0100 (CET) Received: from mails.dpdk.org (localhost [127.0.0.1]) by mails.dpdk.org (Postfix) with ESMTP id 203B640266; Wed, 20 Dec 2023 08:02:34 +0100 (CET) Received: from mail-ot1-f100.google.com (mail-ot1-f100.google.com [209.85.210.100]) by mails.dpdk.org (Postfix) with ESMTP id 09DC2400EF for ; Wed, 20 Dec 2023 08:02:33 +0100 (CET) Received: by mail-ot1-f100.google.com with SMTP id 46e09a7af769-6d9f7af8918so4579149a34.0 for ; Tue, 19 Dec 2023 23:02:32 -0800 (PST) DKIM-Signature: v=1; a=rsa-sha256; c=relaxed/relaxed; d=iol.unh.edu; s=unh-iol; t=1703055752; x=1703660552; darn=dpdk.org; h=cc:to:from:subject:message-id:date:from:to:cc:subject:date :message-id:reply-to; bh=zTqRmpuB4OJDdKLBiYVCXEueEuIos3IBZqlAJswZJi4=; b=TaVKU06G+fgcxNc+Kg2gJiwOZtu47PAFBaSoPBkBo4fMtLHNst43fKdtE9DQtivlTB Xh9yCwSDX0b8C1wzhb3Q5PJnSLdJlXWZRSA170oo40Ax9I/tKwMVFr6KOOvjKT9NPQHd pJ/jrqkJQt1KnJT8VXPhBO1LNGn7k01lFt+9Y= X-Google-DKIM-Signature: v=1; a=rsa-sha256; c=relaxed/relaxed; d=1e100.net; s=20230601; t=1703055752; x=1703660552; h=cc:to:from:subject:message-id:date:x-gm-message-state:from:to:cc :subject:date:message-id:reply-to; bh=zTqRmpuB4OJDdKLBiYVCXEueEuIos3IBZqlAJswZJi4=; b=sabM2XENsH4wlfpGe8nxj7XO2ed+Mk/cnRREPlc7Xct1vIA5yyhQzMqErsFrCXMMXN yJxhwaYQ84mjKlmH3Cir5JzJgAOI1Ts9dqypN4amhPDhiIPCGAw6ZK24oy7XRwqOX7qJ ghUvArKD7WxEIeR4yrBPf1KXv/IfjrXFAu4qUEHyC7IkZR9hYgWnuKYjmVVwijoKDhry 9ndEXsTftdFSXOxtZbjqPIy022V4PThttEZefe43D7jqO5F2jk4K35G5fdVx2SHAdWqE 2doQftYBgKmuKNJmTjjp5hRsEEaprMHYpfIeO+5YCO/Q74gDQvNp39Iu8PK++hJtlBdJ 5PyA== X-Gm-Message-State: AOJu0YwzSv1jPrVKDF0NzzS087M5iK1rPGPURBYN8XIFnrZFBsMiCf9t rPI2tHEwJOsvpEE/cZ0GUby+tf9ETFOhgrMGPFPUDM1anm17QA== X-Google-Smtp-Source: AGHT+IFvaNcOOvVJdnwE22+rIX2E5Zq/l6loT14vF1CMfAeKnCu1zABn2E8326zJC3hYGEIQKphpGcsidiM0 X-Received: by 2002:a05:6830:2012:b0:6d9:f4fc:b86 with SMTP id e18-20020a056830201200b006d9f4fc0b86mr18863935otp.25.1703055752293; Tue, 19 Dec 2023 23:02:32 -0800 (PST) Received: from postal.iol.unh.edu (postal.iol.unh.edu. [132.177.123.84]) by smtp-relay.gmail.com with ESMTPS id m11-20020a056a00080b00b006d53eaad3ecsm460146pfk.11.2023.12.19.23.02.32 (version=TLS1_2 cipher=ECDHE-ECDSA-AES128-GCM-SHA256 bits=128/128); Tue, 19 Dec 2023 23:02:32 -0800 (PST) X-Relaying-Domain: iol.unh.edu Date: Tue, 19 Dec 2023 23:02:32 -0800 (PST) Message-ID: <65829188.050a0220.a4aec.2ee2SMTPIN_ADDED_MISSING@mx.google.com> Received: from [172.21.0.2] (unknown [172.18.0.240]) by postal.iol.unh.edu (Postfix) with ESMTP id 67935605183E; Wed, 20 Dec 2023 02:02:31 -0500 (EST) Subject: |FAILURE| [GIT MASTER] 7849366693a2a2cbc5279a6bfd39cbb457fe7c96 From: dpdklab@iol.unh.edu To: Test Report Cc: dpdk-test-reports@iol.unh.edu, Xueming Li , Christian Ehrhardt , Kevin Traynor , Luca Boccassi Content-Type: text/plain X-BeenThere: test-report@dpdk.org X-Mailman-Version: 2.1.29 Precedence: list List-Id: automatic DPDK test reports List-Unsubscribe: , List-Archive: List-Post: List-Help: List-Subscribe: , Errors-To: test-report-bounces@dpdk.org _Testing issues_ Branch: tags/v22.11 7849366693a2a2cbc5279a6bfd39cbb457fe7c96 --> testing fail Test environment and result as below: +---------------------+----------------+ | Environment | dpdk_unit_test | +=====================+================+ | Windows Server 2019 | FAIL | +---------------------+----------------+ | CentOS Stream 9 | PASS | +---------------------+----------------+ | CentOS Stream 8 | PASS | +---------------------+----------------+ | RHEL 7 | PASS | +---------------------+----------------+ | Debian Bullseye | PASS | +---------------------+----------------+ | Fedora 37 | PASS | +---------------------+----------------+ | RHEL8 | PASS | +---------------------+----------------+ | openSUSE Leap 15 | PASS | +---------------------+----------------+ | Fedora 38 | PASS | +---------------------+----------------+ | Ubuntu 22.04 | PASS | +---------------------+----------------+ | Debian Buster | PASS | +---------------------+----------------+ | Ubuntu 20.04 | PASS | +---------------------+----------------+ ==== 20 line log output for Windows Server 2019 (dpdk_unit_test): ==== 85/93 DPDK:fast-tests / power_autotest SKIP 0.12s exit status 77 86/93 DPDK:fast-tests / power_kvm_vm_autotest SKIP 0.12s exit status 77 87/93 DPDK:fast-tests / power_intel_uncore_autotest SKIP 0.12s exit status 77 88/93 DPDK:fast-tests / reorder_autotest SKIP 0.12s exit status 77 89/93 DPDK:fast-tests / service_autotest OK 3.62s 90/93 DPDK:fast-tests / thash_autotest OK 0.12s 91/93 DPDK:fast-tests / threads_autotest OK 0.68s 92/93 DPDK:fast-tests / trace_autotest SKIP 0.12s exit status 77 93/93 DPDK:fast-tests / metrics_autotest OK 0.11s Ok: 49 Expected Fail: 0 Fail: 1 Unexpected Pass: 0 Skipped: 43 Timeout: 0 Full log written to C:\Users\builder\jenkins\workspace\Generic-VM-Unit-Test-DPDK\dpdk\build\meson-logs\testlog.txt ==== End log output ==== Windows Server 2019 Kernel: 10.0 Compiler: clang 14.0 and gcc 8.1.0 (MinGW) CentOS Stream 9 Kernel: 4.18.0-240.10.1.el8_3.x86_64 Compiler: gcc 11.3.1 20220421 CentOS Stream 8 Kernel: 4.18.0-240.10.1.el8_3.x86_64 Compiler: gcc 8.4.1 20200928 RHEL 7 Kernel: 4.18.0-240.10.1.el8_3.x86_64 Compiler: gcc 4.8.5 20150623 (Red Hat 4.8.5-44) Debian Bullseye Kernel: 5.4.0-122-generic Compiler: gcc 10.2.1-6 Fedora 37 Kernel: Depends on container host system Compiler: gcc 12.3.1 RHEL8 Kernel: 4.18.0-240.10.1.el8_3.x86_64 Compiler: gcc 8.3.1 20191121 (Red Hat 8.3.1-5) openSUSE Leap 15 Kernel: 4.18.0-240.10.1.el8_3.x86_64 Compiler: gcc 7.5.0 Fedora 38 Kernel: Depends on container host Compiler: clang 16.0.3 Ubuntu 22.04 Kernel: 4.18.0-240.10.1.el8_3.x86_64 Compiler: gcc 11.3.0 Debian Buster Kernel: 5.4.0-122-generic Compiler: gcc 8.3.0-6 Ubuntu 20.04 Kernel: 5.4.0-153-generic Compiler: gcc 9.4.0-1ubuntu1~20.04.1 To view detailed results, visit: https://lab.dpdk.org/results/dashboard/tarballs/27414/ UNH-IOL DPDK Community Lab To manage your email subscriptions, visit: https://lab.dpdk.org/results/dashboard/preferences/subscriptions/