From mboxrd@z Thu Jan 1 00:00:00 1970 Return-Path: Received: from mails.dpdk.org (mails.dpdk.org [217.70.189.124]) by inbox.dpdk.org (Postfix) with ESMTP id 2578543853 for ; Sun, 7 Jan 2024 07:42:08 +0100 (CET) Received: from mails.dpdk.org (localhost [127.0.0.1]) by mails.dpdk.org (Postfix) with ESMTP id EBB6A402B1; Sun, 7 Jan 2024 07:42:07 +0100 (CET) Received: from mail-ot1-f98.google.com (mail-ot1-f98.google.com [209.85.210.98]) by mails.dpdk.org (Postfix) with ESMTP id 56C6140263 for ; Sun, 7 Jan 2024 07:42:07 +0100 (CET) Received: by mail-ot1-f98.google.com with SMTP id 46e09a7af769-6dc36e501e1so743304a34.1 for ; Sat, 06 Jan 2024 22:42:07 -0800 (PST) DKIM-Signature: v=1; a=rsa-sha256; c=relaxed/relaxed; d=iol.unh.edu; s=unh-iol; t=1704609726; x=1705214526; darn=dpdk.org; h=cc:to:from:subject:message-id:date:from:to:cc:subject:date :message-id:reply-to; bh=UNTilnX2kl0kbHWsgfnDYy3r3DRLk6P6mdWkrdy/wZ4=; b=E9qzmhxfGdM6EpmNqrHqqJFoqYf2g3N2DEU9zpooPYd12hmvjROplbgRJAFNHMnnQ4 Fx+kl5BHbWNwLivjoxvJZmr8anXIxtsU32sG3q6V/XJVkf9NdPtYKRI04LGz3E2H5iyI nK3H1hA+cSMcVI4Q4W1BLnymoPm1SqDLm64Oc= X-Google-DKIM-Signature: v=1; a=rsa-sha256; c=relaxed/relaxed; d=1e100.net; s=20230601; t=1704609726; x=1705214526; h=cc:to:from:subject:message-id:date:x-gm-message-state:from:to:cc :subject:date:message-id:reply-to; bh=UNTilnX2kl0kbHWsgfnDYy3r3DRLk6P6mdWkrdy/wZ4=; b=iurP1KtNwNIFBO5nwBEhZNoQBMpHttYpazklPdwNp5xlVsXLcZoIIYEatxdt/NTFIN cOooDIvVuh9z/uMQNtgWxKxm+R2CzxYXrgo9P5SAOBsVJYmGielOqYEazdVp8GAzgBZa AjNUN/ogRwmdilvW10KpGk4sUlkOJwKvEWJnN3hzyKUvm7TkQ42SDM66TM8+RBncgQsc CtnmQevs8oa8ES7+yNnYh2wiUlHNaYrV6gK69sxN9Q1OBE83OODShEaxhjKJ7wTBFsN1 iTZqBEbCNlJ4/azkgY2rS9lo3NzCRbIXwEz9l+YJpu4HdkMQBZ+jurmy49hW7ztKcvVX jWcQ== X-Gm-Message-State: AOJu0Yw2hSsBMqlJkw5piTJ5kIA4NcqznMDfEv2wFYtRB4+Il01CbSIv n2mcCNBip0QvLFgOU6mom6GuJBQf8vsrMjxjF1CzNlF+RYfnveIcVPs5UJiYWEhgdnuhWfvY9Q= = X-Google-Smtp-Source: AGHT+IESyeGiNeFMRihXH29uLW6mNQ0nmfQo1fjq2JIpBoHrynE2ljj9uqr1TJdPrGmleyst0LhhKYAI9ivD X-Received: by 2002:a05:6358:5e07:b0:16b:c401:e714 with SMTP id q7-20020a0563585e0700b0016bc401e714mr2404880rwn.5.1704609726411; Sat, 06 Jan 2024 22:42:06 -0800 (PST) Received: from postal.iol.unh.edu (postal.iol.unh.edu. [2606:4100:3880:1234::84]) by smtp-relay.gmail.com with ESMTPS id sf3-20020a17090b51c300b0028d2a3f44c9sm138859pjb.2.2024.01.06.22.42.06 (version=TLS1_2 cipher=ECDHE-ECDSA-AES128-GCM-SHA256 bits=128/128); Sat, 06 Jan 2024 22:42:06 -0800 (PST) X-Relaying-Domain: iol.unh.edu Date: Sat, 06 Jan 2024 22:42:06 -0800 (PST) Message-ID: <659a47be.170a0220.a6981.8af5SMTPIN_ADDED_MISSING@mx.google.com> Received: from [172.17.0.4] (unknown [172.18.0.217]) by postal.iol.unh.edu (Postfix) with ESMTP id 87BF36051831; Sun, 7 Jan 2024 01:42:05 -0500 (EST) Subject: |FAILURE| [GIT MASTER] 4307659a904eb9c9b60240256857228f77a0b97e From: dpdklab@iol.unh.edu To: Test Report Cc: dpdk-test-reports@iol.unh.edu, Xueming Li , Christian Ehrhardt , Kevin Traynor , Luca Boccassi Content-Type: text/plain X-BeenThere: test-report@dpdk.org X-Mailman-Version: 2.1.29 Precedence: list List-Id: automatic DPDK test reports List-Unsubscribe: , List-Archive: List-Post: List-Help: List-Subscribe: , Errors-To: test-report-bounces@dpdk.org _Testing issues_ Branch: tags/v22.11 4307659a904eb9c9b60240256857228f77a0b97e --> testing fail Test environment and result as below: +---------------------+--------------------+----------------------+ | Environment | dpdk_meson_compile | dpdk_mingw64_compile | +=====================+====================+======================+ | FreeBSD 13 | PASS | SKIPPED | +---------------------+--------------------+----------------------+ | Windows Server 2022 | FAIL | SKIPPED | +---------------------+--------------------+----------------------+ | Windows Server 2019 | PASS | PASS | +---------------------+--------------------+----------------------+ | CentOS Stream 9 | PASS | SKIPPED | +---------------------+--------------------+----------------------+ | Fedora 37 | PASS | SKIPPED | +---------------------+--------------------+----------------------+ | Ubuntu 20.04 | PASS | SKIPPED | +---------------------+--------------------+----------------------+ | Ubuntu 22.04 | PASS | SKIPPED | +---------------------+--------------------+----------------------+ | Debian Buster | PASS | SKIPPED | +---------------------+--------------------+----------------------+ | Fedora 38 | PASS | SKIPPED | +---------------------+--------------------+----------------------+ | Debian Bullseye | PASS | SKIPPED | +---------------------+--------------------+----------------------+ | openSUSE Leap 15 | PASS | SKIPPED | +---------------------+--------------------+----------------------+ ==== 20 line log output for Windows Server 2022 (dpdk_meson_compile): ==== Project version: 22.11.3 C compiler for the host machine: cl (msvc 19.38.33129 "Microsoft (R) C/C++ Optimizing Compiler Version 19.38.33129 for x64") C linker for the host machine: link link 14.38.33129.0 Host machine cpu family: x86_64 Host machine cpu: x86_64 Message: ## Building in Developer Mode ## Program pkg-config pkgconf found: NO Program check-symbols.sh found: YES (sh C:\Users\builder\jenkins\workspace\Windows-Compile-DPDK-VS\dpdk\buildtools\check-symbols.sh) Program options-ibverbs-static.sh found: YES (sh C:\Users\builder\jenkins\workspace\Windows-Compile-DPDK-VS\dpdk\buildtools\options-ibverbs-static.sh) Program objdump llvm-objdump found: NO buildtools\meson.build:7:0: ERROR: Program 'objdump llvm-objdump' not found A full log can be found at C:\Users\builder\jenkins\workspace\Windows-Compile-DPDK-VS\dpdk\build\meson-logs\meson-log.txt ERROR: Current directory is not a meson build directory: `C:\Users\builder\jenkins\workspace\Windows-Compile-DPDK-VS\dpdk\build`. Please specify a valid build dir or change the working directory to it. It is also possible that the build directory was generated with an old meson version. Please regenerate it in this case. ==== End log output ==== FreeBSD 13 Kernel: 13.0 Compiler: clang 11.0.1 Windows Server 2022 Kernel: OS Build 20348.2031 Compiler: MSVC VS-Preview Windows Server 2019 Kernel: 10.0 Compiler: clang 14.0 and gcc 8.1.0 (MinGW) CentOS Stream 9 Kernel: 4.18.0-240.10.1.el8_3.x86_64 Compiler: gcc 11.3.1 20220421 Fedora 37 Kernel: Depends on container host system Compiler: gcc 12.3.1 Ubuntu 20.04 Kernel: 5.4.0-153-generic Compiler: gcc 9.4.0-1ubuntu1~20.04.1 Ubuntu 22.04 Kernel: 4.18.0-240.10.1.el8_3.x86_64 Compiler: gcc 11.3.0 Debian Buster Kernel: 5.4.0-122-generic Compiler: gcc 8.3.0-6 Fedora 38 Kernel: Depends on container host Compiler: clang 16.0.3 Debian Bullseye Kernel: 5.4.0-122-generic Compiler: gcc 10.2.1-6 openSUSE Leap 15 Kernel: 4.18.0-240.10.1.el8_3.x86_64 Compiler: gcc 7.5.0 To view detailed results, visit: https://lab.dpdk.org/results/dashboard/tarballs/27589/ UNH-IOL DPDK Community Lab To manage your email subscriptions, visit: https://lab.dpdk.org/results/dashboard/preferences/subscriptions/