From mboxrd@z Thu Jan  1 00:00:00 1970
Return-Path: <test-report-bounces@dpdk.org>
Received: from mails.dpdk.org (mails.dpdk.org [217.70.189.124])
	by inbox.dpdk.org (Postfix) with ESMTP id 6F68743DE5
	for <public@inbox.dpdk.org>; Wed,  3 Apr 2024 11:18:29 +0200 (CEST)
Received: from mails.dpdk.org (localhost [127.0.0.1])
	by mails.dpdk.org (Postfix) with ESMTP id 67847402CE;
	Wed,  3 Apr 2024 11:18:29 +0200 (CEST)
Received: from mail-io1-f97.google.com (mail-io1-f97.google.com
 [209.85.166.97]) by mails.dpdk.org (Postfix) with ESMTP id DEC8E4025C
 for <test-report@dpdk.org>; Wed,  3 Apr 2024 11:18:27 +0200 (CEST)
Received: by mail-io1-f97.google.com with SMTP id
 ca18e2360f4ac-7c8bb3c2494so22936339f.0
 for <test-report@dpdk.org>; Wed, 03 Apr 2024 02:18:27 -0700 (PDT)
DKIM-Signature: v=1; a=rsa-sha256; c=relaxed/relaxed;
 d=iol.unh.edu; s=unh-iol; t=1712135907; x=1712740707; darn=dpdk.org;
 h=references:in-reply-to:cc:to:from:subject:message-id:date:from:to
 :cc:subject:date:message-id:reply-to;
 bh=Y0cqMAdEJ41f7+T47DGX/mYI4ZUyF1Co6r5YUYZQYho=;
 b=FoVmiZvUI0SH+R2M28sy+/fNGum+tHWVGipQZQVQfUtJq5EMyBq15bm8VfSaO3IZg9
 4MiXPHrhl1UFC0qp7J+4ttyWchpuCbl5aSMGaNSRDUEwTftupCLMFF4Vw/Npn/eOjAOe
 c793tRdSW9BzmsikA4jd8wSuF4feT2DtSu0GE=
X-Google-DKIM-Signature: v=1; a=rsa-sha256; c=relaxed/relaxed;
 d=1e100.net; s=20230601; t=1712135907; x=1712740707;
 h=references:in-reply-to:cc:to:from:subject:message-id:date
 :x-gm-message-state:from:to:cc:subject:date:message-id:reply-to;
 bh=Y0cqMAdEJ41f7+T47DGX/mYI4ZUyF1Co6r5YUYZQYho=;
 b=r7Ni6sdrdDkhwTYTbSH7xoC/11NPMVk5YQSKnohS/qkl1GjdWNMEnhEbcOmtFRQIMT
 LVjsIh+M9FzyqUFe29p1TpYsjcwiLibalTWMeYuZWFb0jUjFFvwJghL+ZxSnC7r7CutQ
 kE2rdnYGKwb4h9bUvQciuJYCmCMKGuhXsgap1C8cdE1oPXI8mpoRkKzywhrJu7IUUTZT
 M5Cf1aTJo3QRG32b+ySPCw8TBIOjgZYhNFm2JiOHwcqBIeFJaOXOuDAheckGmzMMEWhw
 eE4q5xKuHbcuAyjnCVe0tSwYLGamQDZyBK3cxooH7/GiHflCY4jVbfpeSB02cG5+J22I
 2UDQ==
X-Gm-Message-State: AOJu0YzLkyllFBbQlfi5pBi3XlawuQ7DdK/tQZjmmuBjE4ktJ177Ghcy
 Ule7UMriQmzZyKs1JIEp4g/l3Z+Et1okzHcl8ewxByglCnVKfWX+Byame7+DBVuzWEHet3PK2aO
 vuOnz9+/Rm63UYm+ABsJmB51MDHm1V0tBOxc18j0YP0K+hVojxFD8Ag7M
X-Google-Smtp-Source: AGHT+IGxFgANkWhMoO4XknCTuUhDg39fmYafM+I1p+1i9pvfvXjGa1NKIp0+YQ3Qezm8lDQn5nvmodCgwg6x
X-Received: by 2002:a05:6e02:1a01:b0:369:b883:5208 with SMTP id
 s1-20020a056e021a0100b00369b8835208mr1434656ild.7.1712135907300; 
 Wed, 03 Apr 2024 02:18:27 -0700 (PDT)
Received: from postal.iol.unh.edu (postal.iol.unh.edu.
 [2606:4100:3880:1234::84]) by smtp-relay.gmail.com with ESMTPS id
 z5-20020a056e0217c500b00368a8e60c35sm659677ilu.75.2024.04.03.02.18.27
 (version=TLS1_2 cipher=ECDHE-ECDSA-AES128-GCM-SHA256 bits=128/128);
 Wed, 03 Apr 2024 02:18:27 -0700 (PDT)
X-Relaying-Domain: iol.unh.edu
Date: Wed, 03 Apr 2024 02:18:27 -0700 (PDT)
Message-ID: <660d1ee3.050a0220.ed7d2.6a15SMTPIN_ADDED_MISSING@mx.google.com>
Received: from [172.17.0.7] (unknown [172.18.0.217])
 by postal.iol.unh.edu (Postfix) with ESMTP id BD2206052471;
 Wed,  3 Apr 2024 05:18:26 -0400 (EDT)
Subject: |FAILURE| pw139067 [PATCH] vhost: fix crash caused by accessing a fr
From: dpdklab@iol.unh.edu
To: Test Report <test-report@dpdk.org>
Cc: dpdk-test-reports@iol.unh.edu, Gongming Chen <chengongming1900@outlook.com>
In-Reply-To: <TYAP286MB0649A160A9852720E0F3D67BD83D2@TYAP286MB0649.JPNP286.PROD.OUTLOOK.COM>
References: <TYAP286MB0649A160A9852720E0F3D67BD83D2@TYAP286MB0649.JPNP286.PROD.OUTLOOK.COM>
Content-Type: text/plain
X-BeenThere: test-report@dpdk.org
X-Mailman-Version: 2.1.29
Precedence: list
List-Id: automatic DPDK test reports <test-report.dpdk.org>
List-Unsubscribe: <https://mails.dpdk.org/options/test-report>,
 <mailto:test-report-request@dpdk.org?subject=unsubscribe>
List-Archive: <http://mails.dpdk.org/archives/test-report/>
List-Post: <mailto:test-report@dpdk.org>
List-Help: <mailto:test-report-request@dpdk.org?subject=help>
List-Subscribe: <https://mails.dpdk.org/listinfo/test-report>,
 <mailto:test-report-request@dpdk.org?subject=subscribe>
Errors-To: test-report-bounces@dpdk.org

Test-Label: iol-compile-amd64-testing
Test-Status: FAILURE
http://dpdk.org/patch/139067

_Testing issues_

Submitter: Gongming Chen <chengongming1900@outlook.com>
Date: Wednesday, April 03 2024 03:25:28 
DPDK git baseline: Repo:dpdk
  Branch: master
  CommitID:deedfb86a7a6e10064d3cccd593f62072de96e36

139067 --> testing fail

Test environment and result as below:

+---------------------+--------------------+----------------------+-------------------+
|     Environment     | dpdk_meson_compile | dpdk_mingw64_compile | dpdk_msvc_compile |
+=====================+====================+======================+===================+
| FreeBSD 13.2        | PASS               | SKIPPED              | SKIPPED           |
+---------------------+--------------------+----------------------+-------------------+
| Windows Server 2022 | PASS               | PASS                 | PASS              |
+---------------------+--------------------+----------------------+-------------------+
| Windows Server 2019 | PASS               | PASS                 | SKIPPED           |
+---------------------+--------------------+----------------------+-------------------+
| Debian Bullseye     | PASS               | SKIPPED              | SKIPPED           |
+---------------------+--------------------+----------------------+-------------------+
| Debian 12           | PASS               | SKIPPED              | SKIPPED           |
+---------------------+--------------------+----------------------+-------------------+
| Fedora 37           | PASS               | SKIPPED              | SKIPPED           |
+---------------------+--------------------+----------------------+-------------------+
| Fedora 38           | FAIL               | SKIPPED              | SKIPPED           |
+---------------------+--------------------+----------------------+-------------------+
| Fedora 39           | PASS               | SKIPPED              | SKIPPED           |
+---------------------+--------------------+----------------------+-------------------+
| Ubuntu 22.04        | PASS               | SKIPPED              | SKIPPED           |
+---------------------+--------------------+----------------------+-------------------+

==== 20 line log output for Fedora 38 (dpdk_meson_compile): ====
../lib/vhost/vhost_thread.c:15:1: error: mutex 'vhost_thread_lock' is still held at the end of function [-Werror,-Wthread-safety-analysis]
}
^
../lib/vhost/vhost_thread.c:14:2: note: mutex acquired here
rte_rwlock_read_lock(&vhost_thread_lock);
^
../lib/vhost/vhost_thread.c:20:2: error: releasing mutex 'vhost_thread_lock' that was not held [-Werror,-Wthread-safety-analysis]
rte_rwlock_read_unlock(&vhost_thread_lock);
^
../lib/vhost/vhost_thread.c:27:1: error: mutex 'vhost_thread_lock' is still held at the end of function [-Werror,-Wthread-safety-analysis]
}
^
../lib/vhost/vhost_thread.c:26:2: note: mutex acquired here
rte_rwlock_write_lock(&vhost_thread_lock);
^
../lib/vhost/vhost_thread.c:32:2: error: releasing mutex 'vhost_thread_lock' that was not held [-Werror,-Wthread-safety-analysis]
rte_rwlock_write_unlock(&vhost_thread_lock);
^
4 errors generated.
ninja: build stopped: subcommand failed.
==== End log output ====

FreeBSD 13.2
	Kernel: 13.2
	Compiler: clang 14.0.5

Windows Server 2022
	Kernel: 10.0.20348.2031
	Compiler: clang 15.0.7, gcc 8.1.0 (MinGW), and MSVC VS 17.9

Windows Server 2019
	Kernel: 10.0.17763
	Compiler: clang 14.0 and gcc 8.1.0 (MinGW)

Debian Bullseye
	Kernel: 5.4.0-167-generic
	Compiler: gcc 10.2.1-6

Debian 12
	Kernel: Container Host Kernel
	Compiler: gcc 10.2.1

Fedora 37
	Kernel: Depends on container host system
	Compiler: gcc 12.3.1

Fedora 38
	Kernel: Depends on container host
	Compiler: clang 16.0.6

Fedora 39
	Kernel: Depends on container host
	Compiler: clang 17.0.6

Ubuntu 22.04
	Kernel: 5.4.0-167-generic
	Compiler: gcc 11.4.0

To view detailed results, visit:
https://lab.dpdk.org/results/dashboard/patchsets/29698/

UNH-IOL DPDK Community Lab

To manage your email subscriptions, visit: 
https://lab.dpdk.org/results/dashboard/preferences/subscriptions/