From mboxrd@z Thu Jan  1 00:00:00 1970
Return-Path: <test-report-bounces@dpdk.org>
Received: from mails.dpdk.org (mails.dpdk.org [217.70.189.124])
	by inbox.dpdk.org (Postfix) with ESMTP id 5622A43DE5
	for <public@inbox.dpdk.org>; Wed,  3 Apr 2024 11:40:10 +0200 (CEST)
Received: from mails.dpdk.org (localhost [127.0.0.1])
	by mails.dpdk.org (Postfix) with ESMTP id 4DE90402CE;
	Wed,  3 Apr 2024 11:40:10 +0200 (CEST)
Received: from mail-ua1-f100.google.com (mail-ua1-f100.google.com
 [209.85.222.100])
 by mails.dpdk.org (Postfix) with ESMTP id E21A54025C
 for <test-report@dpdk.org>; Wed,  3 Apr 2024 11:40:08 +0200 (CEST)
Received: by mail-ua1-f100.google.com with SMTP id
 a1e0cc1a2514c-7e33b9db07eso1814544241.0
 for <test-report@dpdk.org>; Wed, 03 Apr 2024 02:40:08 -0700 (PDT)
DKIM-Signature: v=1; a=rsa-sha256; c=relaxed/relaxed;
 d=iol.unh.edu; s=unh-iol; t=1712137208; x=1712742008; darn=dpdk.org;
 h=references:in-reply-to:cc:to:from:subject:message-id:date:from:to
 :cc:subject:date:message-id:reply-to;
 bh=DPhO/Ik3YW9Qz6jzySV6jfJN4bCuqVxnptw1GjaHP0o=;
 b=JU5OUg3q6gzhjyrTB848AF1Rq8Fw6H9pLR4bf1T8A9OJKSHo37efwPu1sOoglwKKW2
 CSPXSuhKCT7flDeyTnBT6iW3AovF+4r8+kgzyUFS3PtUMQoeXqSWACF/pXnKcJIwdRaB
 49rS2IbivBX9yV+cTJG0IIMoGsrfdFf/LzLU0=
X-Google-DKIM-Signature: v=1; a=rsa-sha256; c=relaxed/relaxed;
 d=1e100.net; s=20230601; t=1712137208; x=1712742008;
 h=references:in-reply-to:cc:to:from:subject:message-id:date
 :x-gm-message-state:from:to:cc:subject:date:message-id:reply-to;
 bh=DPhO/Ik3YW9Qz6jzySV6jfJN4bCuqVxnptw1GjaHP0o=;
 b=gTFq1zYUIcEh5vx6pEGjGt9mZQXifN9lmkoH2ZdTFUx3TaNFQ1gRnBks7U372qgSUf
 ft0vBFVHcsk1CS7WxWWBBeFqmiCRh6GvX8et4NBG4a9AM8tLaNIQWjBeXDWY12KpM7KU
 +Wr8JCRuC2xfZIiYy8l7Q3nUYbQF2vLoBjhMo+EeVZKUYaTCTqOZrsU1gov3aoU9wN8A
 R3K2ICVVubrWqlK3TuAPo6p9nfd4Pw7lSi+UVSQHOgnG1zm8Awh7nBYiWwhOYKkdNuIc
 yL9axvJ28Tz0FullIwdPmW5XFdPXgIAAo6QPFsKwgMtABVMIg5lbsTXK3Pi2wOXoe72+
 aMWw==
X-Gm-Message-State: AOJu0YyuziTCBsDZN9eMxX97yx97o+MnNUMyECWm7K4WqXaU+rbLvq+j
 RCCrARrOaO99U7Ez9+eSye23FpNotLzUS1EWQz+OmHDI5QEPvJuwWOZT7BJSlCKCmYvYuHV7GZa
 BADi939G4VgCz8I3FLBKl8auz5u2GDVueGITtRt+UYyNLcPsBzA7p4+YU
X-Google-Smtp-Source: AGHT+IHHnTKO4ThWZhgYPNH+SwZ0Pht5yCMZ62CfSxaaG5kp819ibs5m8ozwLb17KcjAvq6XKCBMbRLkk8D/
X-Received: by 2002:a05:6102:3093:b0:476:96f0:3bad with SMTP id
 l19-20020a056102309300b0047696f03badmr11031936vsb.19.1712137208090; 
 Wed, 03 Apr 2024 02:40:08 -0700 (PDT)
Received: from postal.iol.unh.edu (postal.iol.unh.edu.
 [2606:4100:3880:1234::84]) by smtp-relay.gmail.com with ESMTPS id
 y18-20020ab04c92000000b007e143e942efsm739760uaf.20.2024.04.03.02.40.08
 (version=TLS1_2 cipher=ECDHE-ECDSA-AES128-GCM-SHA256 bits=128/128);
 Wed, 03 Apr 2024 02:40:08 -0700 (PDT)
X-Relaying-Domain: iol.unh.edu
Date: Wed, 03 Apr 2024 02:40:08 -0700 (PDT)
Message-ID: <660d23f8.b00a0220.e5032.8614SMTPIN_ADDED_MISSING@mx.google.com>
Received: from [172.17.0.8] (unknown [172.18.0.217])
 by postal.iol.unh.edu (Postfix) with ESMTP id C3DF46052471;
 Wed,  3 Apr 2024 05:40:06 -0400 (EDT)
Subject: |FAILURE| pw139067 [PATCH] vhost: fix crash caused by accessing a fr
From: dpdklab@iol.unh.edu
To: Test Report <test-report@dpdk.org>
Cc: dpdk-test-reports@iol.unh.edu, Gongming Chen <chengongming1900@outlook.com>
In-Reply-To: <TYAP286MB0649A160A9852720E0F3D67BD83D2@TYAP286MB0649.JPNP286.PROD.OUTLOOK.COM>
References: <TYAP286MB0649A160A9852720E0F3D67BD83D2@TYAP286MB0649.JPNP286.PROD.OUTLOOK.COM>
Content-Type: text/plain
X-BeenThere: test-report@dpdk.org
X-Mailman-Version: 2.1.29
Precedence: list
List-Id: automatic DPDK test reports <test-report.dpdk.org>
List-Unsubscribe: <https://mails.dpdk.org/options/test-report>,
 <mailto:test-report-request@dpdk.org?subject=unsubscribe>
List-Archive: <http://mails.dpdk.org/archives/test-report/>
List-Post: <mailto:test-report@dpdk.org>
List-Help: <mailto:test-report-request@dpdk.org?subject=help>
List-Subscribe: <https://mails.dpdk.org/listinfo/test-report>,
 <mailto:test-report-request@dpdk.org?subject=subscribe>
Errors-To: test-report-bounces@dpdk.org

Test-Label: iol-unit-amd64-testing
Test-Status: FAILURE
http://dpdk.org/patch/139067

_Testing issues_

Submitter: Gongming Chen <chengongming1900@outlook.com>
Date: Wednesday, April 03 2024 03:25:28 
DPDK git baseline: Repo:dpdk
  Branch: master
  CommitID:deedfb86a7a6e10064d3cccd593f62072de96e36

139067 --> testing fail

Test environment and result as below:

+---------------------+----------------+
|     Environment     | dpdk_unit_test |
+=====================+================+
| CentOS Stream 9     | PASS           |
+---------------------+----------------+
| CentOS Stream 8     | PASS           |
+---------------------+----------------+
| Debian Bullseye     | PASS           |
+---------------------+----------------+
| Windows Server 2019 | PASS           |
+---------------------+----------------+
| Fedora 38           | PASS           |
+---------------------+----------------+
| Debian 12           | PASS           |
+---------------------+----------------+


CentOS Stream 9
	Kernel: 5.4.0-167-generic
	Compiler: gcc 11.4.1 20230605

CentOS Stream 8
	Kernel: 5.4.0-167-generic
	Compiler: gcc 8.5.0 20210514

Debian Bullseye
	Kernel: 5.4.0-167-generic
	Compiler: gcc 10.2.1-6

Windows Server 2019
	Kernel: 10.0.17763
	Compiler: clang 14.0 and gcc 8.1.0 (MinGW)

Fedora 38
	Kernel: Depends on container host
	Compiler: clang 16.0.6

Debian 12
	Kernel: Container Host Kernel
	Compiler: gcc 10.2.1

To view detailed results, visit:
https://lab.dpdk.org/results/dashboard/patchsets/29698/

UNH-IOL DPDK Community Lab

To manage your email subscriptions, visit: 
https://lab.dpdk.org/results/dashboard/preferences/subscriptions/