From mboxrd@z Thu Jan  1 00:00:00 1970
Return-Path: <test-report-bounces@dpdk.org>
Received: from mails.dpdk.org (mails.dpdk.org [217.70.189.124])
	by inbox.dpdk.org (Postfix) with ESMTP id F217D43DFF
	for <public@inbox.dpdk.org>; Thu,  4 Apr 2024 20:59:32 +0200 (CEST)
Received: from mails.dpdk.org (localhost [127.0.0.1])
	by mails.dpdk.org (Postfix) with ESMTP id EDE824068E;
	Thu,  4 Apr 2024 20:59:32 +0200 (CEST)
Received: from mail-pl1-f226.google.com (mail-pl1-f226.google.com
 [209.85.214.226])
 by mails.dpdk.org (Postfix) with ESMTP id 6438D4064A
 for <test-report@dpdk.org>; Thu,  4 Apr 2024 20:59:31 +0200 (CEST)
Received: by mail-pl1-f226.google.com with SMTP id
 d9443c01a7336-1e2232e30f4so12290295ad.2
 for <test-report@dpdk.org>; Thu, 04 Apr 2024 11:59:31 -0700 (PDT)
DKIM-Signature: v=1; a=rsa-sha256; c=relaxed/relaxed;
 d=iol.unh.edu; s=unh-iol; t=1712257170; x=1712861970; darn=dpdk.org;
 h=references:in-reply-to:cc:to:from:subject:message-id:date:from:to
 :cc:subject:date:message-id:reply-to;
 bh=1Ycdoi1IDWpu3ounipD7I+qS0/hzuHxnEYhJdtlFJMY=;
 b=PRiOMUtSC3i0Eb6ME1MheVyBlGZsb0suIN+q1zcZgfiZVWvw2PibVFhRc/wRXfFwJa
 Gh5w+oy/SagAlwsIkmkaFgCy8gFJMQrePA3rLK1XN2c2Q1SOzz4LCui3DmxVCQU9/c/g
 +okI0yorFcrYdwR+CqWVqPBLPzkREUT9074Y8=
X-Google-DKIM-Signature: v=1; a=rsa-sha256; c=relaxed/relaxed;
 d=1e100.net; s=20230601; t=1712257170; x=1712861970;
 h=references:in-reply-to:cc:to:from:subject:message-id:date
 :x-gm-message-state:from:to:cc:subject:date:message-id:reply-to;
 bh=1Ycdoi1IDWpu3ounipD7I+qS0/hzuHxnEYhJdtlFJMY=;
 b=OyfCX5M2urbKiiSv+Sr9XcnoWL383wP8ewhk5HManrhILPdC8sCENrQclwVCKtLin7
 v8XjPj1tJz46spkM4rbwMJ9isacYDdd/HI6Dgly/81baZNXoMf36hKehG5VmQMc4ZNJg
 /23mXroVmOO5a8Zd4zgw6B8QNwd+NQDZFHQGkIGBQLoRGlUU2NAgdnggV+JgFx0kupyz
 yU+x83J7U/Yl1RPL5DbX/l1n7biwXebmidyklntEnCleUuut47Bwk6roQD2t20h0yX+e
 4UnezGEbP9kQMtbdz2HVOboYKn1LVnbnt+95HFdIJreAxHN72xit56aG5NT4ADNZ1G3h
 6jgA==
X-Gm-Message-State: AOJu0YwCD8UIuSL1WO+oktjSxWHDclE5aygbzeJ8KaeXgXizbYe4JcCV
 /OeZ30UJQrGjS7wNs4n/JHNIWqUSOixZXEC0fTiJloPpEHVJgseLNl18DmhspnucEuUDDjBAB1N
 uKYbpcixZykRFRgXjWs/mve4Tz64fNFcrebrDPuuN
X-Google-Smtp-Source: AGHT+IGkwPZrwqbrhn0XGArEUs9FJRcN0esyhph2WdDYgbgueDPgbFm0wDsoFH3ASpqllqYDy4XgKyomAIW+
X-Received: by 2002:a17:902:dac2:b0:1e0:c567:bb42 with SMTP id
 q2-20020a170902dac200b001e0c567bb42mr491218plx.59.1712257170545; 
 Thu, 04 Apr 2024 11:59:30 -0700 (PDT)
Received: from postal.iol.unh.edu (postal.iol.unh.edu. [132.177.123.84])
 by smtp-relay.gmail.com with ESMTPS id
 ba6-20020a170902720600b001e22ac77b92sm330205plb.85.2024.04.04.11.59.30
 (version=TLS1_2 cipher=ECDHE-ECDSA-AES128-GCM-SHA256 bits=128/128);
 Thu, 04 Apr 2024 11:59:30 -0700 (PDT)
X-Relaying-Domain: iol.unh.edu
Date: Thu, 04 Apr 2024 11:59:30 -0700 (PDT)
Message-ID: <660ef892.170a0220.bae7f.3557SMTPIN_ADDED_MISSING@mx.google.com>
Received: from [172.21.0.8] (unknown [172.18.0.240])
 by postal.iol.unh.edu (Postfix) with ESMTP id B69AE6052471;
 Thu,  4 Apr 2024 14:59:29 -0400 (EDT)
Subject: |WARNING| pw139107-139110 [PATCH] [v11,4/4] cryptodev: remove rte ma
From: dpdklab@iol.unh.edu
To: Test Report <test-report@dpdk.org>
Cc: dpdk-test-reports@iol.unh.edu,
 Tyler Retzlaff <roretzla@linux.microsoft.com>
In-Reply-To: <1712253115-8755-5-git-send-email-roretzla@linux.microsoft.com>
References: <1712253115-8755-5-git-send-email-roretzla@linux.microsoft.com>
Content-Type: text/plain
X-BeenThere: test-report@dpdk.org
X-Mailman-Version: 2.1.29
Precedence: list
List-Id: automatic DPDK test reports <test-report.dpdk.org>
List-Unsubscribe: <https://mails.dpdk.org/options/test-report>,
 <mailto:test-report-request@dpdk.org?subject=unsubscribe>
List-Archive: <http://mails.dpdk.org/archives/test-report/>
List-Post: <mailto:test-report@dpdk.org>
List-Help: <mailto:test-report-request@dpdk.org?subject=help>
List-Subscribe: <https://mails.dpdk.org/listinfo/test-report>,
 <mailto:test-report-request@dpdk.org?subject=subscribe>
Errors-To: test-report-bounces@dpdk.org

Test-Label: iol-abi-testing
Test-Status: WARNING
http://dpdk.org/patch/139110

_Testing issues_

Submitter: Tyler Retzlaff <roretzla@linux.microsoft.com>
Date: Thursday, April 04 2024 17:51:55 
DPDK git baseline: Repo:dpdk
  Branch: master
  CommitID:e2e546ab5bf5e024986ccb5310ab43982f3bb40c

139107-139110 --> testing fail

Test environment and result as below:

+------------------+----------+
|   Environment    | abi_test |
+==================+==========+
| CentOS Stream 8  | PASS     |
+------------------+----------+
| CentOS Stream 9  | PASS     |
+------------------+----------+
| openSUSE Leap 15 | PASS     |
+------------------+----------+
| Debian Bullseye  | FAIL     |
+------------------+----------+
| Ubuntu 22.04     | PASS     |
+------------------+----------+
| Fedora 38        | PASS     |
+------------------+----------+
| RHEL8            | PASS     |
+------------------+----------+
| Fedora 39        | PASS     |
+------------------+----------+
| Fedora 37        | PASS     |
+------------------+----------+
| Debian 12        | FAIL     |
+------------------+----------+

==== 20 line log output for Debian 12 (abi_test): ====
Variables changes summary: 0 Removed, 0 Changed, 0 Added variable

Functions changes summary: 0 Removed, 0 Changed (15 filtered out), 0 Added functions
Variables changes summary: 0 Removed, 0 Changed (2 filtered out), 0 Added (1 filtered out) variables

Functions changes summary: 0 Removed, 0 Changed (24 filtered out), 0 Added functions
Variables changes summary: 0 Removed, 0 Changed (2 filtered out), 0 Added (1 filtered out) variables

Functions changes summary: 0 Removed, 0 Changed (1 filtered out), 0 Added (1 filtered out) functions
Variables changes summary: 0 Removed, 0 Changed, 0 Added variable

Functions changes summary: 0 Removed, 0 Changed (52 filtered out), 0 Added (9 filtered out) functions
Variables changes summary: 0 Removed, 0 Changed (2 filtered out), 0 Added (2 filtered out) variables

Functions changes summary: 0 Removed, 0 Changed, 0 Added (1 filtered out) function
Variables changes summary: 0 Removed, 0 Changed, 0 Added variable

Functions changes summary: 0 Removed, 0 Changed, 0 Added (2 filtered out) functions
Variables changes summary: 0 Removed, 0 Changed, 0 Added variable

==== End log output ====

CentOS Stream 8
	Kernel: 5.4.0-167-generic
	Compiler: gcc 8.5.0 20210514

CentOS Stream 9
	Kernel: 5.4.0-167-generic
	Compiler: gcc 11.4.1 20230605

openSUSE Leap 15
	Kernel: 5.4.0-167-generic
	Compiler: gcc 7.5.0

Debian Bullseye
	Kernel: 5.4.0-167-generic
	Compiler: gcc 10.2.1-6

Ubuntu 22.04
	Kernel: 5.4.0-167-generic
	Compiler: gcc 11.4.0

Fedora 38
	Kernel: Depends on container host
	Compiler: clang 16.0.6

RHEL8
	Kernel: 5.4.0-167-generic
	Compiler: gcc 8.5.0 20210514 (Red Hat 8.5.0-20)

Fedora 39
	Kernel: Depends on container host
	Compiler: clang 17.0.6

Fedora 37
	Kernel: Depends on container host system
	Compiler: gcc 12.3.1

Debian 12
	Kernel: Container Host Kernel
	Compiler: gcc 10.2.1

To view detailed results, visit:
https://lab.dpdk.org/results/dashboard/patchsets/29717/

UNH-IOL DPDK Community Lab

To manage your email subscriptions, visit: 
https://lab.dpdk.org/results/dashboard/preferences/subscriptions/