* |FAILURE| [GIT MASTER] 48549dacf88beb6127992bfd1046ec5e1c587b1e
@ 2024-04-12 18:05 dpdklab
0 siblings, 0 replies; 20+ messages in thread
From: dpdklab @ 2024-04-12 18:05 UTC (permalink / raw)
To: Test Report
Cc: dpdk-test-reports, Xueming Li, Christian Ehrhardt, Kevin Traynor,
Luca Boccassi
_Testing issues_
Branch: 21.11-staging
48549dacf88beb6127992bfd1046ec5e1c587b1e --> testing fail
Test environment and result as below:
+---------------------+----------------+
| Environment | dpdk_unit_test |
+=====================+================+
| Windows Server 2019 | PASS |
+---------------------+----------------+
| Windows Server 2022 | PASS |
+---------------------+----------------+
| CentOS Stream 8 | PASS |
+---------------------+----------------+
| CentOS Stream 9 | FAIL |
+---------------------+----------------+
| Debian Bullseye | PASS |
+---------------------+----------------+
| Fedora 38 | FAIL |
+---------------------+----------------+
| Debian 12 | FAIL |
+---------------------+----------------+
| Fedora 39 | FAIL |
+---------------------+----------------+
==== 20 line log output for Fedora 39 (dpdk_unit_test): ====
Windows Server 2019
Kernel: 10.0.17763
Compiler: clang 14.0 and gcc 8.1.0 (MinGW)
Windows Server 2022
Kernel: 10.0.20348.2031
Compiler: clang 15.0.7, gcc 8.1.0 (MinGW), and MSVC VS 17.9
CentOS Stream 8
Kernel: 5.4.0-167-generic
Compiler: gcc 8.5.0 20210514
CentOS Stream 9
Kernel: 5.4.0-167-generic
Compiler: gcc 11.4.1 20230605
Debian Bullseye
Kernel: 5.4.0-167-generic
Compiler: gcc 10.2.1-6
Fedora 38
Kernel: Depends on container host
Compiler: clang 16.0.6
Debian 12
Kernel: Container Host Kernel
Compiler: gcc 10.2.1
Fedora 39
Kernel: Depends on container host
Compiler: gcc 13.2.1
To view detailed results, visit:
https://lab.dpdk.org/results/dashboard/tarballs/28796/
UNH-IOL DPDK Community Lab
To manage your email subscriptions, visit:
https://lab.dpdk.org/results/dashboard/preferences/subscriptions/
^ permalink raw reply [flat|nested] 20+ messages in thread
* |FAILURE| [GIT MASTER] 48549dacf88beb6127992bfd1046ec5e1c587b1e
@ 2024-04-12 18:46 dpdklab
0 siblings, 0 replies; 20+ messages in thread
From: dpdklab @ 2024-04-12 18:46 UTC (permalink / raw)
To: Test Report
Cc: dpdk-test-reports, Xueming Li, Christian Ehrhardt, Kevin Traynor,
Luca Boccassi
_Functional Testing issues_
Branch: 21.11-staging
48549dacf88beb6127992bfd1046ec5e1c587b1e --> functional testing fail
Test environment and result as below:
Ubuntu 22.04 ARM
Kernel: 5.15.83+
Compiler: gcc 11.4.0
NIC: Arm Broadcom Inc. brcm_57414 25000 Mbps
Target: x86_64-native-linuxapp-gcc
Fail/Total: 1/1
Failed Tests:
- scatter
Arm Ampere Altra - Ubuntu 22.04.3
Kernel: 5.15.83+
Compiler: gcc 11.4.0
NIC: Broadcom Inc. and subsidiaries BCM957508-P2100G Dual-Port 100 Gb/s QSFP56 100 Mbps
Target: x86_64-native-linuxapp-gcc
Fail/Total: 1/1
Failed Tests:
- scatter
Ubuntu 22.04
Kernel: 5.15.0-100-generic x86_64
Compiler: gcc (Ubuntu 11.4.0-1ubuntu1~22.04) 11.4.0
NIC: Broadcom Inc. and subsidiaries BCM957508-P2100G Dual-Port 100 Gb/s QSFP56 100 Mbps
Target: x86_64-native-linuxapp-gcc
Fail/Total: 0/1
To view detailed results, visit:
https://lab.dpdk.org/results/dashboard/tarballs/28796/
UNH-IOL DPDK Community Lab
To manage your email subscriptions, visit:
https://lab.dpdk.org/results/dashboard/preferences/subscriptions/
^ permalink raw reply [flat|nested] 20+ messages in thread
* |FAILURE| [GIT MASTER] 48549dacf88beb6127992bfd1046ec5e1c587b1e
@ 2024-04-12 18:30 dpdklab
0 siblings, 0 replies; 20+ messages in thread
From: dpdklab @ 2024-04-12 18:30 UTC (permalink / raw)
To: Test Report
Cc: dpdk-test-reports, Xueming Li, Christian Ehrhardt, Kevin Traynor,
Luca Boccassi
_Testing issues_
Branch: 21.11-staging
48549dacf88beb6127992bfd1046ec5e1c587b1e --> testing fail
Test environment and result as below:
+---------------------+----------------+
| Environment | dpdk_unit_test |
+=====================+================+
| Windows Server 2019 | PASS |
+---------------------+----------------+
| Windows Server 2022 | PASS |
+---------------------+----------------+
| CentOS Stream 8 | PASS |
+---------------------+----------------+
| CentOS Stream 9 | FAIL |
+---------------------+----------------+
| Debian Bullseye | PASS |
+---------------------+----------------+
| Fedora 38 | FAIL |
+---------------------+----------------+
| Debian 12 | FAIL |
+---------------------+----------------+
| Fedora 39 | FAIL |
+---------------------+----------------+
| RHEL 7 | PASS |
+---------------------+----------------+
| openSUSE Leap 15 | PASS |
+---------------------+----------------+
| Ubuntu 22.04 | FAIL |
+---------------------+----------------+
| RHEL8 | PASS |
+---------------------+----------------+
| Ubuntu 20.04 | PASS |
+---------------------+----------------+
| Fedora 37 | FAIL |
+---------------------+----------------+
==== 20 line log output for Fedora 37 (dpdk_unit_test): ====
Windows Server 2019
Kernel: 10.0.17763
Compiler: clang 14.0 and gcc 8.1.0 (MinGW)
Windows Server 2022
Kernel: 10.0.20348.2031
Compiler: clang 15.0.7, gcc 8.1.0 (MinGW), and MSVC VS 17.9
CentOS Stream 8
Kernel: 5.4.0-167-generic
Compiler: gcc 8.5.0 20210514
CentOS Stream 9
Kernel: 5.4.0-167-generic
Compiler: gcc 11.4.1 20230605
Debian Bullseye
Kernel: 5.4.0-167-generic
Compiler: gcc 10.2.1-6
Fedora 38
Kernel: Depends on container host
Compiler: clang 16.0.6
Debian 12
Kernel: Container Host Kernel
Compiler: gcc 10.2.1
Fedora 39
Kernel: Depends on container host
Compiler: gcc 13.2.1
RHEL 7
Kernel: 5.4.0-167-generic
Compiler: gcc 4.8.5 20150623 (Red Hat 4.8.5-44)
openSUSE Leap 15
Kernel: 5.4.0-167-generic
Compiler: gcc 7.5.0
Ubuntu 22.04
Kernel: 5.4.0-167-generic
Compiler: gcc 11.4.0
RHEL8
Kernel: 5.4.0-167-generic
Compiler: gcc 8.5.0 20210514 (Red Hat 8.5.0-20)
Ubuntu 20.04
Kernel: 5.4.0-167-generic
Compiler: gcc 9.4.0-1ubuntu1~20.04.1
Fedora 37
Kernel: Depends on container host system
Compiler: gcc 12.3.1
To view detailed results, visit:
https://lab.dpdk.org/results/dashboard/tarballs/28796/
UNH-IOL DPDK Community Lab
To manage your email subscriptions, visit:
https://lab.dpdk.org/results/dashboard/preferences/subscriptions/
^ permalink raw reply [flat|nested] 20+ messages in thread
* |FAILURE| [GIT MASTER] 48549dacf88beb6127992bfd1046ec5e1c587b1e
@ 2024-04-12 18:27 dpdklab
0 siblings, 0 replies; 20+ messages in thread
From: dpdklab @ 2024-04-12 18:27 UTC (permalink / raw)
To: Test Report
Cc: dpdk-test-reports, Xueming Li, Christian Ehrhardt, Kevin Traynor,
Luca Boccassi
_Testing issues_
Branch: 21.11-staging
48549dacf88beb6127992bfd1046ec5e1c587b1e --> testing fail
Test environment and result as below:
+---------------------+----------------+
| Environment | dpdk_unit_test |
+=====================+================+
| Windows Server 2019 | PASS |
+---------------------+----------------+
| Windows Server 2022 | PASS |
+---------------------+----------------+
| CentOS Stream 8 | PASS |
+---------------------+----------------+
| CentOS Stream 9 | FAIL |
+---------------------+----------------+
| Debian Bullseye | PASS |
+---------------------+----------------+
| Fedora 38 | FAIL |
+---------------------+----------------+
| Debian 12 | FAIL |
+---------------------+----------------+
| Fedora 39 | FAIL |
+---------------------+----------------+
| RHEL 7 | PASS |
+---------------------+----------------+
| openSUSE Leap 15 | PASS |
+---------------------+----------------+
| Ubuntu 22.04 | FAIL |
+---------------------+----------------+
| RHEL8 | PASS |
+---------------------+----------------+
| Ubuntu 20.04 | PASS |
+---------------------+----------------+
==== 20 line log output for Ubuntu 22.04 (dpdk_unit_test): ====
Windows Server 2019
Kernel: 10.0.17763
Compiler: clang 14.0 and gcc 8.1.0 (MinGW)
Windows Server 2022
Kernel: 10.0.20348.2031
Compiler: clang 15.0.7, gcc 8.1.0 (MinGW), and MSVC VS 17.9
CentOS Stream 8
Kernel: 5.4.0-167-generic
Compiler: gcc 8.5.0 20210514
CentOS Stream 9
Kernel: 5.4.0-167-generic
Compiler: gcc 11.4.1 20230605
Debian Bullseye
Kernel: 5.4.0-167-generic
Compiler: gcc 10.2.1-6
Fedora 38
Kernel: Depends on container host
Compiler: clang 16.0.6
Debian 12
Kernel: Container Host Kernel
Compiler: gcc 10.2.1
Fedora 39
Kernel: Depends on container host
Compiler: gcc 13.2.1
RHEL 7
Kernel: 5.4.0-167-generic
Compiler: gcc 4.8.5 20150623 (Red Hat 4.8.5-44)
openSUSE Leap 15
Kernel: 5.4.0-167-generic
Compiler: gcc 7.5.0
Ubuntu 22.04
Kernel: 5.4.0-167-generic
Compiler: gcc 11.4.0
RHEL8
Kernel: 5.4.0-167-generic
Compiler: gcc 8.5.0 20210514 (Red Hat 8.5.0-20)
Ubuntu 20.04
Kernel: 5.4.0-167-generic
Compiler: gcc 9.4.0-1ubuntu1~20.04.1
To view detailed results, visit:
https://lab.dpdk.org/results/dashboard/tarballs/28796/
UNH-IOL DPDK Community Lab
To manage your email subscriptions, visit:
https://lab.dpdk.org/results/dashboard/preferences/subscriptions/
^ permalink raw reply [flat|nested] 20+ messages in thread
* |FAILURE| [GIT MASTER] 48549dacf88beb6127992bfd1046ec5e1c587b1e
@ 2024-04-12 18:22 dpdklab
0 siblings, 0 replies; 20+ messages in thread
From: dpdklab @ 2024-04-12 18:22 UTC (permalink / raw)
To: Test Report
Cc: dpdk-test-reports, Xueming Li, Christian Ehrhardt, Kevin Traynor,
Luca Boccassi
_Functional Testing issues_
Branch: 21.11-staging
48549dacf88beb6127992bfd1046ec5e1c587b1e --> functional testing fail
Test environment and result as below:
Ubuntu 22.04 ARM
Kernel: 5.15.83+
Compiler: gcc 11.4.0
NIC: Arm Broadcom Inc. brcm_57414 25000 Mbps
Target: x86_64-native-linuxapp-gcc
Fail/Total: 1/1
Failed Tests:
- scatter
Arm Ampere Altra - Ubuntu 22.04.3
Kernel: 5.15.83+
Compiler: gcc 11.4.0
NIC: Broadcom Inc. and subsidiaries BCM957508-P2100G Dual-Port 100 Gb/s QSFP56 100 Mbps
Target: x86_64-native-linuxapp-gcc
Fail/Total: 1/1
Failed Tests:
- scatter
To view detailed results, visit:
https://lab.dpdk.org/results/dashboard/tarballs/28796/
UNH-IOL DPDK Community Lab
To manage your email subscriptions, visit:
https://lab.dpdk.org/results/dashboard/preferences/subscriptions/
^ permalink raw reply [flat|nested] 20+ messages in thread
* |FAILURE| [GIT MASTER] 48549dacf88beb6127992bfd1046ec5e1c587b1e
@ 2024-04-12 18:19 dpdklab
0 siblings, 0 replies; 20+ messages in thread
From: dpdklab @ 2024-04-12 18:19 UTC (permalink / raw)
To: Test Report, Georgii Tkachuk, Qian Xu, Lijuan Tu, Ferruh Yigit
Cc: dpdk-test-reports, Xueming Li, Christian Ehrhardt, Kevin Traynor,
Luca Boccassi
_Functional Testing issues_
Branch: 21.11-staging
48549dacf88beb6127992bfd1046ec5e1c587b1e --> functional testing fail
Test environment and result as below:
Arm Ampere Altra - Ubuntu 22.04.3
Kernel: 5.15.0-83-generic aarch64
Compiler: gcc 11.4.0
NIC: Intel Corporation Ethernet Converged Network Adapter XL710-QDA2 40000 Mbps
Target: x86_64-native-linuxapp-gcc
Fail/Total: 1/1
Failed Tests:
- scatter
Ubuntu 20.04
Kernel: 5.4.0-122-generic
Compiler: gcc 9.4.0
NIC: Intel Corporation Ethernet Converged Network Adapter XL710-QDA2 40000 Mbps
Target: x86_64-native-linuxapp-gcc
Fail/Total: 0/4
Ubuntu 20.04
Kernel: 5.4.0-122-generic
Compiler: gcc 9.4.0
NIC: Intel Corporation Ethernet Converged Network Adapter 82599ES 10000 Mbps
Target: x86_64-native-linuxapp-gcc
Fail/Total: 0/4
Ubuntu 20.04 ARM
Kernel: 5.15.0-97-generic
Compiler: gcc 11.4.0
NIC: Arm Intel Corporation Ethernet Converged Network Adapter XL710-QDA2 40000 Mbps
Target: x86_64-native-linuxapp-gcc
Fail/Total: 0/2
Arm Ampere Altra - Ubuntu 22.04
Kernel: 5.15.83+
Compiler: gcc 11.4
NIC: Intel Corporation QAT 8970 0 Mbps
Target: x86_64-native-linuxapp-gcc
Fail/Total: 1/1
Failed Tests:
- crypto_perf_cryptodev_perf
To view detailed results, visit:
https://lab.dpdk.org/results/dashboard/tarballs/28796/
UNH-IOL DPDK Community Lab
To manage your email subscriptions, visit:
https://lab.dpdk.org/results/dashboard/preferences/subscriptions/
^ permalink raw reply [flat|nested] 20+ messages in thread
* |FAILURE| [GIT MASTER] 48549dacf88beb6127992bfd1046ec5e1c587b1e
@ 2024-04-12 18:18 dpdklab
0 siblings, 0 replies; 20+ messages in thread
From: dpdklab @ 2024-04-12 18:18 UTC (permalink / raw)
To: Test Report
Cc: dpdk-test-reports, Xueming Li, Christian Ehrhardt, Kevin Traynor,
Luca Boccassi
_Testing issues_
Branch: 21.11-staging
48549dacf88beb6127992bfd1046ec5e1c587b1e --> testing fail
Test environment and result as below:
+---------------------+----------------+
| Environment | dpdk_unit_test |
+=====================+================+
| Windows Server 2019 | PASS |
+---------------------+----------------+
| Windows Server 2022 | PASS |
+---------------------+----------------+
| CentOS Stream 8 | PASS |
+---------------------+----------------+
| CentOS Stream 9 | FAIL |
+---------------------+----------------+
| Debian Bullseye | PASS |
+---------------------+----------------+
| Fedora 38 | FAIL |
+---------------------+----------------+
| Debian 12 | FAIL |
+---------------------+----------------+
| Fedora 39 | FAIL |
+---------------------+----------------+
| RHEL 7 | PASS |
+---------------------+----------------+
| openSUSE Leap 15 | PASS |
+---------------------+----------------+
| Ubuntu 22.04 | FAIL |
+---------------------+----------------+
| RHEL8 | PASS |
+---------------------+----------------+
==== 20 line log output for Ubuntu 22.04 (dpdk_unit_test): ====
Windows Server 2019
Kernel: 10.0.17763
Compiler: clang 14.0 and gcc 8.1.0 (MinGW)
Windows Server 2022
Kernel: 10.0.20348.2031
Compiler: clang 15.0.7, gcc 8.1.0 (MinGW), and MSVC VS 17.9
CentOS Stream 8
Kernel: 5.4.0-167-generic
Compiler: gcc 8.5.0 20210514
CentOS Stream 9
Kernel: 5.4.0-167-generic
Compiler: gcc 11.4.1 20230605
Debian Bullseye
Kernel: 5.4.0-167-generic
Compiler: gcc 10.2.1-6
Fedora 38
Kernel: Depends on container host
Compiler: clang 16.0.6
Debian 12
Kernel: Container Host Kernel
Compiler: gcc 10.2.1
Fedora 39
Kernel: Depends on container host
Compiler: gcc 13.2.1
RHEL 7
Kernel: 5.4.0-167-generic
Compiler: gcc 4.8.5 20150623 (Red Hat 4.8.5-44)
openSUSE Leap 15
Kernel: 5.4.0-167-generic
Compiler: gcc 7.5.0
Ubuntu 22.04
Kernel: 5.4.0-167-generic
Compiler: gcc 11.4.0
RHEL8
Kernel: 5.4.0-167-generic
Compiler: gcc 8.5.0 20210514 (Red Hat 8.5.0-20)
To view detailed results, visit:
https://lab.dpdk.org/results/dashboard/tarballs/28796/
UNH-IOL DPDK Community Lab
To manage your email subscriptions, visit:
https://lab.dpdk.org/results/dashboard/preferences/subscriptions/
^ permalink raw reply [flat|nested] 20+ messages in thread
* |FAILURE| [GIT MASTER] 48549dacf88beb6127992bfd1046ec5e1c587b1e
@ 2024-04-12 18:16 dpdklab
0 siblings, 0 replies; 20+ messages in thread
From: dpdklab @ 2024-04-12 18:16 UTC (permalink / raw)
To: Test Report
Cc: dpdk-test-reports, Xueming Li, Christian Ehrhardt, Kevin Traynor,
Luca Boccassi
_Testing issues_
Branch: 21.11-staging
48549dacf88beb6127992bfd1046ec5e1c587b1e --> testing fail
Test environment and result as below:
+---------------------+----------------+
| Environment | dpdk_unit_test |
+=====================+================+
| Windows Server 2019 | PASS |
+---------------------+----------------+
| Windows Server 2022 | PASS |
+---------------------+----------------+
| CentOS Stream 8 | PASS |
+---------------------+----------------+
| CentOS Stream 9 | FAIL |
+---------------------+----------------+
| Debian Bullseye | PASS |
+---------------------+----------------+
| Fedora 38 | FAIL |
+---------------------+----------------+
| Debian 12 | FAIL |
+---------------------+----------------+
| Fedora 39 | FAIL |
+---------------------+----------------+
| RHEL 7 | PASS |
+---------------------+----------------+
| openSUSE Leap 15 | PASS |
+---------------------+----------------+
| Ubuntu 22.04 | FAIL |
+---------------------+----------------+
| RHEL8 | PASS |
+---------------------+----------------+
==== 20 line log output for Ubuntu 22.04 (dpdk_unit_test): ====
Windows Server 2019
Kernel: 10.0.17763
Compiler: clang 14.0 and gcc 8.1.0 (MinGW)
Windows Server 2022
Kernel: 10.0.20348.2031
Compiler: clang 15.0.7, gcc 8.1.0 (MinGW), and MSVC VS 17.9
CentOS Stream 8
Kernel: 5.4.0-167-generic
Compiler: gcc 8.5.0 20210514
CentOS Stream 9
Kernel: 5.4.0-167-generic
Compiler: gcc 11.4.1 20230605
Debian Bullseye
Kernel: 5.4.0-167-generic
Compiler: gcc 10.2.1-6
Fedora 38
Kernel: Depends on container host
Compiler: clang 16.0.6
Debian 12
Kernel: Container Host Kernel
Compiler: gcc 10.2.1
Fedora 39
Kernel: Depends on container host
Compiler: gcc 13.2.1
RHEL 7
Kernel: 5.4.0-167-generic
Compiler: gcc 4.8.5 20150623 (Red Hat 4.8.5-44)
openSUSE Leap 15
Kernel: 5.4.0-167-generic
Compiler: gcc 7.5.0
Ubuntu 22.04
Kernel: 5.4.0-167-generic
Compiler: gcc 11.4.0
RHEL8
Kernel: 5.4.0-167-generic
Compiler: gcc 8.5.0 20210514 (Red Hat 8.5.0-20)
To view detailed results, visit:
https://lab.dpdk.org/results/dashboard/tarballs/28796/
UNH-IOL DPDK Community Lab
To manage your email subscriptions, visit:
https://lab.dpdk.org/results/dashboard/preferences/subscriptions/
^ permalink raw reply [flat|nested] 20+ messages in thread
* |FAILURE| [GIT MASTER] 48549dacf88beb6127992bfd1046ec5e1c587b1e
@ 2024-04-12 18:16 dpdklab
0 siblings, 0 replies; 20+ messages in thread
From: dpdklab @ 2024-04-12 18:16 UTC (permalink / raw)
To: Test Report
Cc: dpdk-test-reports, Xueming Li, Christian Ehrhardt, Kevin Traynor,
Luca Boccassi
_Testing issues_
Branch: 21.11-staging
48549dacf88beb6127992bfd1046ec5e1c587b1e --> testing fail
Test environment and result as below:
+---------------------+----------------+
| Environment | dpdk_unit_test |
+=====================+================+
| Windows Server 2019 | PASS |
+---------------------+----------------+
| Windows Server 2022 | PASS |
+---------------------+----------------+
| CentOS Stream 8 | PASS |
+---------------------+----------------+
| CentOS Stream 9 | FAIL |
+---------------------+----------------+
| Debian Bullseye | PASS |
+---------------------+----------------+
| Fedora 38 | FAIL |
+---------------------+----------------+
| Debian 12 | FAIL |
+---------------------+----------------+
| Fedora 39 | FAIL |
+---------------------+----------------+
| RHEL 7 | PASS |
+---------------------+----------------+
| openSUSE Leap 15 | PASS |
+---------------------+----------------+
| Ubuntu 22.04 | FAIL |
+---------------------+----------------+
| RHEL8 | PASS |
+---------------------+----------------+
==== 20 line log output for Ubuntu 22.04 (dpdk_unit_test): ====
Windows Server 2019
Kernel: 10.0.17763
Compiler: clang 14.0 and gcc 8.1.0 (MinGW)
Windows Server 2022
Kernel: 10.0.20348.2031
Compiler: clang 15.0.7, gcc 8.1.0 (MinGW), and MSVC VS 17.9
CentOS Stream 8
Kernel: 5.4.0-167-generic
Compiler: gcc 8.5.0 20210514
CentOS Stream 9
Kernel: 5.4.0-167-generic
Compiler: gcc 11.4.1 20230605
Debian Bullseye
Kernel: 5.4.0-167-generic
Compiler: gcc 10.2.1-6
Fedora 38
Kernel: Depends on container host
Compiler: clang 16.0.6
Debian 12
Kernel: Container Host Kernel
Compiler: gcc 10.2.1
Fedora 39
Kernel: Depends on container host
Compiler: gcc 13.2.1
RHEL 7
Kernel: 5.4.0-167-generic
Compiler: gcc 4.8.5 20150623 (Red Hat 4.8.5-44)
openSUSE Leap 15
Kernel: 5.4.0-167-generic
Compiler: gcc 7.5.0
Ubuntu 22.04
Kernel: 5.4.0-167-generic
Compiler: gcc 11.4.0
RHEL8
Kernel: 5.4.0-167-generic
Compiler: gcc 8.5.0 20210514 (Red Hat 8.5.0-20)
To view detailed results, visit:
https://lab.dpdk.org/results/dashboard/tarballs/28796/
UNH-IOL DPDK Community Lab
To manage your email subscriptions, visit:
https://lab.dpdk.org/results/dashboard/preferences/subscriptions/
^ permalink raw reply [flat|nested] 20+ messages in thread
* |FAILURE| [GIT MASTER] 48549dacf88beb6127992bfd1046ec5e1c587b1e
@ 2024-04-12 18:15 dpdklab
0 siblings, 0 replies; 20+ messages in thread
From: dpdklab @ 2024-04-12 18:15 UTC (permalink / raw)
To: Test Report
Cc: dpdk-test-reports, Xueming Li, Christian Ehrhardt, Kevin Traynor,
Luca Boccassi
_Testing issues_
Branch: 21.11-staging
48549dacf88beb6127992bfd1046ec5e1c587b1e --> testing fail
Test environment and result as below:
+---------------------+----------------+
| Environment | dpdk_unit_test |
+=====================+================+
| Windows Server 2019 | PASS |
+---------------------+----------------+
| Windows Server 2022 | PASS |
+---------------------+----------------+
| CentOS Stream 8 | PASS |
+---------------------+----------------+
| CentOS Stream 9 | FAIL |
+---------------------+----------------+
| Debian Bullseye | PASS |
+---------------------+----------------+
| Fedora 38 | FAIL |
+---------------------+----------------+
| Debian 12 | FAIL |
+---------------------+----------------+
| Fedora 39 | FAIL |
+---------------------+----------------+
| RHEL 7 | PASS |
+---------------------+----------------+
| openSUSE Leap 15 | PASS |
+---------------------+----------------+
==== 20 line log output for Fedora 39 (dpdk_unit_test): ====
Windows Server 2019
Kernel: 10.0.17763
Compiler: clang 14.0 and gcc 8.1.0 (MinGW)
Windows Server 2022
Kernel: 10.0.20348.2031
Compiler: clang 15.0.7, gcc 8.1.0 (MinGW), and MSVC VS 17.9
CentOS Stream 8
Kernel: 5.4.0-167-generic
Compiler: gcc 8.5.0 20210514
CentOS Stream 9
Kernel: 5.4.0-167-generic
Compiler: gcc 11.4.1 20230605
Debian Bullseye
Kernel: 5.4.0-167-generic
Compiler: gcc 10.2.1-6
Fedora 38
Kernel: Depends on container host
Compiler: clang 16.0.6
Debian 12
Kernel: Container Host Kernel
Compiler: gcc 10.2.1
Fedora 39
Kernel: Depends on container host
Compiler: gcc 13.2.1
RHEL 7
Kernel: 5.4.0-167-generic
Compiler: gcc 4.8.5 20150623 (Red Hat 4.8.5-44)
openSUSE Leap 15
Kernel: 5.4.0-167-generic
Compiler: gcc 7.5.0
To view detailed results, visit:
https://lab.dpdk.org/results/dashboard/tarballs/28796/
UNH-IOL DPDK Community Lab
To manage your email subscriptions, visit:
https://lab.dpdk.org/results/dashboard/preferences/subscriptions/
^ permalink raw reply [flat|nested] 20+ messages in thread
* |FAILURE| [GIT MASTER] 48549dacf88beb6127992bfd1046ec5e1c587b1e
@ 2024-04-12 18:08 dpdklab
0 siblings, 0 replies; 20+ messages in thread
From: dpdklab @ 2024-04-12 18:08 UTC (permalink / raw)
To: Test Report
Cc: dpdk-test-reports, Xueming Li, Christian Ehrhardt, Kevin Traynor,
Luca Boccassi
_Testing issues_
Branch: 21.11-staging
48549dacf88beb6127992bfd1046ec5e1c587b1e --> testing fail
Test environment and result as below:
+---------------------+----------------+
| Environment | dpdk_unit_test |
+=====================+================+
| Windows Server 2019 | PASS |
+---------------------+----------------+
| Windows Server 2022 | PASS |
+---------------------+----------------+
| CentOS Stream 8 | PASS |
+---------------------+----------------+
| CentOS Stream 9 | FAIL |
+---------------------+----------------+
| Debian Bullseye | PASS |
+---------------------+----------------+
| Fedora 38 | FAIL |
+---------------------+----------------+
| Debian 12 | FAIL |
+---------------------+----------------+
| Fedora 39 | FAIL |
+---------------------+----------------+
| RHEL 7 | PASS |
+---------------------+----------------+
| openSUSE Leap 15 | PASS |
+---------------------+----------------+
==== 20 line log output for Fedora 39 (dpdk_unit_test): ====
Windows Server 2019
Kernel: 10.0.17763
Compiler: clang 14.0 and gcc 8.1.0 (MinGW)
Windows Server 2022
Kernel: 10.0.20348.2031
Compiler: clang 15.0.7, gcc 8.1.0 (MinGW), and MSVC VS 17.9
CentOS Stream 8
Kernel: 5.4.0-167-generic
Compiler: gcc 8.5.0 20210514
CentOS Stream 9
Kernel: 5.4.0-167-generic
Compiler: gcc 11.4.1 20230605
Debian Bullseye
Kernel: 5.4.0-167-generic
Compiler: gcc 10.2.1-6
Fedora 38
Kernel: Depends on container host
Compiler: clang 16.0.6
Debian 12
Kernel: Container Host Kernel
Compiler: gcc 10.2.1
Fedora 39
Kernel: Depends on container host
Compiler: gcc 13.2.1
RHEL 7
Kernel: 5.4.0-167-generic
Compiler: gcc 4.8.5 20150623 (Red Hat 4.8.5-44)
openSUSE Leap 15
Kernel: 5.4.0-167-generic
Compiler: gcc 7.5.0
To view detailed results, visit:
https://lab.dpdk.org/results/dashboard/tarballs/28796/
UNH-IOL DPDK Community Lab
To manage your email subscriptions, visit:
https://lab.dpdk.org/results/dashboard/preferences/subscriptions/
^ permalink raw reply [flat|nested] 20+ messages in thread
* |FAILURE| [GIT MASTER] 48549dacf88beb6127992bfd1046ec5e1c587b1e
@ 2024-04-12 18:07 dpdklab
0 siblings, 0 replies; 20+ messages in thread
From: dpdklab @ 2024-04-12 18:07 UTC (permalink / raw)
To: Test Report
Cc: dpdk-test-reports, Xueming Li, Christian Ehrhardt, Kevin Traynor,
Luca Boccassi
_Functional Testing issues_
Branch: 21.11-staging
48549dacf88beb6127992bfd1046ec5e1c587b1e --> functional testing fail
Test environment and result as below:
Ubuntu 22.04 ARM
Kernel: 5.15.83+
Compiler: gcc 11.4.0
NIC: Arm Broadcom Inc. brcm_57414 25000 Mbps
Target: x86_64-native-linuxapp-gcc
Fail/Total: 1/1
Failed Tests:
- scatter
To view detailed results, visit:
https://lab.dpdk.org/results/dashboard/tarballs/28796/
UNH-IOL DPDK Community Lab
To manage your email subscriptions, visit:
https://lab.dpdk.org/results/dashboard/preferences/subscriptions/
^ permalink raw reply [flat|nested] 20+ messages in thread
* |FAILURE| [GIT MASTER] 48549dacf88beb6127992bfd1046ec5e1c587b1e
@ 2024-04-12 18:07 dpdklab
0 siblings, 0 replies; 20+ messages in thread
From: dpdklab @ 2024-04-12 18:07 UTC (permalink / raw)
To: Test Report
Cc: dpdk-test-reports, Xueming Li, Christian Ehrhardt, Kevin Traynor,
Luca Boccassi
_Testing issues_
Branch: 21.11-staging
48549dacf88beb6127992bfd1046ec5e1c587b1e --> testing fail
Test environment and result as below:
+---------------------+----------------+
| Environment | dpdk_unit_test |
+=====================+================+
| Windows Server 2019 | PASS |
+---------------------+----------------+
| Windows Server 2022 | PASS |
+---------------------+----------------+
| CentOS Stream 8 | PASS |
+---------------------+----------------+
| CentOS Stream 9 | FAIL |
+---------------------+----------------+
| Debian Bullseye | PASS |
+---------------------+----------------+
| Fedora 38 | FAIL |
+---------------------+----------------+
| Debian 12 | FAIL |
+---------------------+----------------+
| Fedora 39 | FAIL |
+---------------------+----------------+
| RHEL 7 | PASS |
+---------------------+----------------+
==== 20 line log output for Fedora 39 (dpdk_unit_test): ====
Windows Server 2019
Kernel: 10.0.17763
Compiler: clang 14.0 and gcc 8.1.0 (MinGW)
Windows Server 2022
Kernel: 10.0.20348.2031
Compiler: clang 15.0.7, gcc 8.1.0 (MinGW), and MSVC VS 17.9
CentOS Stream 8
Kernel: 5.4.0-167-generic
Compiler: gcc 8.5.0 20210514
CentOS Stream 9
Kernel: 5.4.0-167-generic
Compiler: gcc 11.4.1 20230605
Debian Bullseye
Kernel: 5.4.0-167-generic
Compiler: gcc 10.2.1-6
Fedora 38
Kernel: Depends on container host
Compiler: clang 16.0.6
Debian 12
Kernel: Container Host Kernel
Compiler: gcc 10.2.1
Fedora 39
Kernel: Depends on container host
Compiler: gcc 13.2.1
RHEL 7
Kernel: 5.4.0-167-generic
Compiler: gcc 4.8.5 20150623 (Red Hat 4.8.5-44)
To view detailed results, visit:
https://lab.dpdk.org/results/dashboard/tarballs/28796/
UNH-IOL DPDK Community Lab
To manage your email subscriptions, visit:
https://lab.dpdk.org/results/dashboard/preferences/subscriptions/
^ permalink raw reply [flat|nested] 20+ messages in thread
* |FAILURE| [GIT MASTER] 48549dacf88beb6127992bfd1046ec5e1c587b1e
@ 2024-04-12 18:03 dpdklab
0 siblings, 0 replies; 20+ messages in thread
From: dpdklab @ 2024-04-12 18:03 UTC (permalink / raw)
To: Test Report
Cc: dpdk-test-reports, Xueming Li, Christian Ehrhardt, Kevin Traynor,
Luca Boccassi
_Testing issues_
Branch: 21.11-staging
48549dacf88beb6127992bfd1046ec5e1c587b1e --> testing fail
Test environment and result as below:
+---------------------+----------------+
| Environment | dpdk_unit_test |
+=====================+================+
| Windows Server 2019 | PASS |
+---------------------+----------------+
| Windows Server 2022 | PASS |
+---------------------+----------------+
| CentOS Stream 8 | PASS |
+---------------------+----------------+
| CentOS Stream 9 | FAIL |
+---------------------+----------------+
| Debian Bullseye | PASS |
+---------------------+----------------+
| Fedora 38 | FAIL |
+---------------------+----------------+
| Debian 12 | FAIL |
+---------------------+----------------+
==== 20 line log output for Debian 12 (dpdk_unit_test): ====
Windows Server 2019
Kernel: 10.0.17763
Compiler: clang 14.0 and gcc 8.1.0 (MinGW)
Windows Server 2022
Kernel: 10.0.20348.2031
Compiler: clang 15.0.7, gcc 8.1.0 (MinGW), and MSVC VS 17.9
CentOS Stream 8
Kernel: 5.4.0-167-generic
Compiler: gcc 8.5.0 20210514
CentOS Stream 9
Kernel: 5.4.0-167-generic
Compiler: gcc 11.4.1 20230605
Debian Bullseye
Kernel: 5.4.0-167-generic
Compiler: gcc 10.2.1-6
Fedora 38
Kernel: Depends on container host
Compiler: clang 16.0.6
Debian 12
Kernel: Container Host Kernel
Compiler: gcc 10.2.1
To view detailed results, visit:
https://lab.dpdk.org/results/dashboard/tarballs/28796/
UNH-IOL DPDK Community Lab
To manage your email subscriptions, visit:
https://lab.dpdk.org/results/dashboard/preferences/subscriptions/
^ permalink raw reply [flat|nested] 20+ messages in thread
* |FAILURE| [GIT MASTER] 48549dacf88beb6127992bfd1046ec5e1c587b1e
@ 2024-04-12 18:03 dpdklab
0 siblings, 0 replies; 20+ messages in thread
From: dpdklab @ 2024-04-12 18:03 UTC (permalink / raw)
To: Test Report
Cc: dpdk-test-reports, Xueming Li, Christian Ehrhardt, Kevin Traynor,
Luca Boccassi
_Testing issues_
Branch: 21.11-staging
48549dacf88beb6127992bfd1046ec5e1c587b1e --> testing fail
Test environment and result as below:
+---------------------+----------------+
| Environment | dpdk_unit_test |
+=====================+================+
| Windows Server 2019 | PASS |
+---------------------+----------------+
| Windows Server 2022 | PASS |
+---------------------+----------------+
| CentOS Stream 8 | PASS |
+---------------------+----------------+
| CentOS Stream 9 | FAIL |
+---------------------+----------------+
| Debian Bullseye | PASS |
+---------------------+----------------+
| Fedora 38 | FAIL |
+---------------------+----------------+
| Debian 12 | FAIL |
+---------------------+----------------+
==== 20 line log output for Debian 12 (dpdk_unit_test): ====
Windows Server 2019
Kernel: 10.0.17763
Compiler: clang 14.0 and gcc 8.1.0 (MinGW)
Windows Server 2022
Kernel: 10.0.20348.2031
Compiler: clang 15.0.7, gcc 8.1.0 (MinGW), and MSVC VS 17.9
CentOS Stream 8
Kernel: 5.4.0-167-generic
Compiler: gcc 8.5.0 20210514
CentOS Stream 9
Kernel: 5.4.0-167-generic
Compiler: gcc 11.4.1 20230605
Debian Bullseye
Kernel: 5.4.0-167-generic
Compiler: gcc 10.2.1-6
Fedora 38
Kernel: Depends on container host
Compiler: clang 16.0.6
Debian 12
Kernel: Container Host Kernel
Compiler: gcc 10.2.1
To view detailed results, visit:
https://lab.dpdk.org/results/dashboard/tarballs/28796/
UNH-IOL DPDK Community Lab
To manage your email subscriptions, visit:
https://lab.dpdk.org/results/dashboard/preferences/subscriptions/
^ permalink raw reply [flat|nested] 20+ messages in thread
* |FAILURE| [GIT MASTER] 48549dacf88beb6127992bfd1046ec5e1c587b1e
@ 2024-04-12 17:58 dpdklab
0 siblings, 0 replies; 20+ messages in thread
From: dpdklab @ 2024-04-12 17:58 UTC (permalink / raw)
To: Test Report, Georgii Tkachuk, Qian Xu, Lijuan Tu, Ferruh Yigit
Cc: dpdk-test-reports, Xueming Li, Christian Ehrhardt, Kevin Traynor,
Luca Boccassi
_Functional Testing issues_
Branch: 21.11-staging
48549dacf88beb6127992bfd1046ec5e1c587b1e --> functional testing fail
Test environment and result as below:
Arm Ampere Altra - Ubuntu 22.04.3
Kernel: 5.15.0-83-generic aarch64
Compiler: gcc 11.4.0
NIC: Intel Corporation Ethernet Converged Network Adapter XL710-QDA2 40000 Mbps
Target: x86_64-native-linuxapp-gcc
Fail/Total: 1/1
Failed Tests:
- scatter
Ubuntu 20.04
Kernel: 5.4.0-122-generic
Compiler: gcc 9.4.0
NIC: Intel Corporation Ethernet Converged Network Adapter XL710-QDA2 40000 Mbps
Target: x86_64-native-linuxapp-gcc
Fail/Total: 0/4
Ubuntu 20.04
Kernel: 5.4.0-122-generic
Compiler: gcc 9.4.0
NIC: Intel Corporation Ethernet Converged Network Adapter 82599ES 10000 Mbps
Target: x86_64-native-linuxapp-gcc
Fail/Total: 0/4
Ubuntu 20.04 ARM
Kernel: 5.15.0-97-generic
Compiler: gcc 11.4.0
NIC: Arm Intel Corporation Ethernet Converged Network Adapter XL710-QDA2 40000 Mbps
Target: x86_64-native-linuxapp-gcc
Fail/Total: 0/2
To view detailed results, visit:
https://lab.dpdk.org/results/dashboard/tarballs/28796/
UNH-IOL DPDK Community Lab
To manage your email subscriptions, visit:
https://lab.dpdk.org/results/dashboard/preferences/subscriptions/
^ permalink raw reply [flat|nested] 20+ messages in thread
* |FAILURE| [GIT MASTER] 48549dacf88beb6127992bfd1046ec5e1c587b1e
@ 2024-04-12 17:55 dpdklab
0 siblings, 0 replies; 20+ messages in thread
From: dpdklab @ 2024-04-12 17:55 UTC (permalink / raw)
To: Test Report, Georgii Tkachuk, Qian Xu, Lijuan Tu, Ferruh Yigit
Cc: dpdk-test-reports, Xueming Li, Christian Ehrhardt, Kevin Traynor,
Luca Boccassi
_Functional Testing issues_
Branch: 21.11-staging
48549dacf88beb6127992bfd1046ec5e1c587b1e --> functional testing fail
Test environment and result as below:
Arm Ampere Altra - Ubuntu 22.04.3
Kernel: 5.15.0-83-generic aarch64
Compiler: gcc 11.4.0
NIC: Intel Corporation Ethernet Converged Network Adapter XL710-QDA2 40000 Mbps
Target: x86_64-native-linuxapp-gcc
Fail/Total: 1/1
Failed Tests:
- scatter
Ubuntu 20.04
Kernel: 5.4.0-122-generic
Compiler: gcc 9.4.0
NIC: Intel Corporation Ethernet Converged Network Adapter XL710-QDA2 40000 Mbps
Target: x86_64-native-linuxapp-gcc
Fail/Total: 0/4
Ubuntu 20.04 ARM
Kernel: 5.15.0-97-generic
Compiler: gcc 11.4.0
NIC: Arm Intel Corporation Ethernet Converged Network Adapter XL710-QDA2 40000 Mbps
Target: x86_64-native-linuxapp-gcc
Fail/Total: 0/2
To view detailed results, visit:
https://lab.dpdk.org/results/dashboard/tarballs/28796/
UNH-IOL DPDK Community Lab
To manage your email subscriptions, visit:
https://lab.dpdk.org/results/dashboard/preferences/subscriptions/
^ permalink raw reply [flat|nested] 20+ messages in thread
* |FAILURE| [GIT MASTER] 48549dacf88beb6127992bfd1046ec5e1c587b1e
@ 2024-04-12 17:54 dpdklab
0 siblings, 0 replies; 20+ messages in thread
From: dpdklab @ 2024-04-12 17:54 UTC (permalink / raw)
To: Test Report
Cc: dpdk-test-reports, Xueming Li, Christian Ehrhardt, Kevin Traynor,
Luca Boccassi
_Testing issues_
Branch: 21.11-staging
48549dacf88beb6127992bfd1046ec5e1c587b1e --> testing fail
Test environment and result as below:
+---------------------+----------------+
| Environment | dpdk_unit_test |
+=====================+================+
| Windows Server 2019 | PASS |
+---------------------+----------------+
| Windows Server 2022 | PASS |
+---------------------+----------------+
| CentOS Stream 8 | PASS |
+---------------------+----------------+
| CentOS Stream 9 | FAIL |
+---------------------+----------------+
==== 20 line log output for CentOS Stream 9 (dpdk_unit_test): ====
Windows Server 2019
Kernel: 10.0.17763
Compiler: clang 14.0 and gcc 8.1.0 (MinGW)
Windows Server 2022
Kernel: 10.0.20348.2031
Compiler: clang 15.0.7, gcc 8.1.0 (MinGW), and MSVC VS 17.9
CentOS Stream 8
Kernel: 5.4.0-167-generic
Compiler: gcc 8.5.0 20210514
CentOS Stream 9
Kernel: 5.4.0-167-generic
Compiler: gcc 11.4.1 20230605
To view detailed results, visit:
https://lab.dpdk.org/results/dashboard/tarballs/28796/
UNH-IOL DPDK Community Lab
To manage your email subscriptions, visit:
https://lab.dpdk.org/results/dashboard/preferences/subscriptions/
^ permalink raw reply [flat|nested] 20+ messages in thread
* |FAILURE| [GIT MASTER] 48549dacf88beb6127992bfd1046ec5e1c587b1e
@ 2024-04-12 17:45 dpdklab
0 siblings, 0 replies; 20+ messages in thread
From: dpdklab @ 2024-04-12 17:45 UTC (permalink / raw)
To: Test Report, Ferruh Yigit
Cc: dpdk-test-reports, Xueming Li, Christian Ehrhardt, Kevin Traynor,
Luca Boccassi
_Functional Testing issues_
Branch: 21.11-staging
48549dacf88beb6127992bfd1046ec5e1c587b1e --> functional testing fail
Test environment and result as below:
Arm Ampere Altra - Ubuntu 22.04.3
Kernel: 5.15.0-83-generic aarch64
Compiler: gcc 11.4.0
NIC: Intel Corporation Ethernet Converged Network Adapter XL710-QDA2 40000 Mbps
Target: x86_64-native-linuxapp-gcc
Fail/Total: 1/1
Failed Tests:
- scatter
Ubuntu 20.04 ARM
Kernel: 5.15.0-97-generic
Compiler: gcc 11.4.0
NIC: Arm Intel Corporation Ethernet Converged Network Adapter XL710-QDA2 40000 Mbps
Target: x86_64-native-linuxapp-gcc
Fail/Total: 0/2
To view detailed results, visit:
https://lab.dpdk.org/results/dashboard/tarballs/28796/
UNH-IOL DPDK Community Lab
To manage your email subscriptions, visit:
https://lab.dpdk.org/results/dashboard/preferences/subscriptions/
^ permalink raw reply [flat|nested] 20+ messages in thread
* |FAILURE| [GIT MASTER] 48549dacf88beb6127992bfd1046ec5e1c587b1e
@ 2024-04-12 17:39 dpdklab
0 siblings, 0 replies; 20+ messages in thread
From: dpdklab @ 2024-04-12 17:39 UTC (permalink / raw)
To: Test Report
Cc: dpdk-test-reports, Xueming Li, Christian Ehrhardt, Kevin Traynor,
Luca Boccassi
_Functional Testing issues_
Branch: 21.11-staging
48549dacf88beb6127992bfd1046ec5e1c587b1e --> functional testing fail
Test environment and result as below:
Arm Ampere Altra - Ubuntu 22.04.3
Kernel: 5.15.0-83-generic aarch64
Compiler: gcc 11.4.0
NIC: Intel Corporation Ethernet Converged Network Adapter XL710-QDA2 40000 Mbps
Target: x86_64-native-linuxapp-gcc
Fail/Total: 1/1
Failed Tests:
- scatter
To view detailed results, visit:
https://lab.dpdk.org/results/dashboard/tarballs/28796/
UNH-IOL DPDK Community Lab
To manage your email subscriptions, visit:
https://lab.dpdk.org/results/dashboard/preferences/subscriptions/
^ permalink raw reply [flat|nested] 20+ messages in thread
end of thread, other threads:[~2024-04-12 18:46 UTC | newest]
Thread overview: 20+ messages (download: mbox.gz / follow: Atom feed)
-- links below jump to the message on this page --
2024-04-12 18:05 |FAILURE| [GIT MASTER] 48549dacf88beb6127992bfd1046ec5e1c587b1e dpdklab
-- strict thread matches above, loose matches on Subject: below --
2024-04-12 18:46 dpdklab
2024-04-12 18:30 dpdklab
2024-04-12 18:27 dpdklab
2024-04-12 18:22 dpdklab
2024-04-12 18:19 dpdklab
2024-04-12 18:18 dpdklab
2024-04-12 18:16 dpdklab
2024-04-12 18:16 dpdklab
2024-04-12 18:15 dpdklab
2024-04-12 18:08 dpdklab
2024-04-12 18:07 dpdklab
2024-04-12 18:07 dpdklab
2024-04-12 18:03 dpdklab
2024-04-12 18:03 dpdklab
2024-04-12 17:58 dpdklab
2024-04-12 17:55 dpdklab
2024-04-12 17:54 dpdklab
2024-04-12 17:45 dpdklab
2024-04-12 17:39 dpdklab
This is a public inbox, see mirroring instructions
for how to clone and mirror all data and code used for this inbox;
as well as URLs for NNTP newsgroup(s).