From: dpdklab@iol.unh.edu
To: Test Report <test-report@dpdk.org>
Cc: dpdk-test-reports@iol.unh.edu
Subject: |SUCCESS| pw139416-139417 [PATCH] [v1,2/2] test/dma: add functions t
Date: Tue, 16 Apr 2024 07:16:35 -0700 (PDT) [thread overview]
Message-ID: <661e8843.050a0220.5b82c.1c15SMTPIN_ADDED_MISSING@mx.google.com> (raw)
In-Reply-To: <20240416123747.4133884-2-vvelumuri@marvell.com>
Test-Label: iol-unit-arm64-testing
Test-Status: SUCCESS
http://dpdk.org/patch/139417
_Testing PASS_
Submitter: Vidya Sagar Velumuri <vvelumuri@marvell.com>
Date: Tuesday, April 16 2024 12:37:47
DPDK git baseline: Repo:dpdk
Branch: master
CommitID:e2e546ab5bf5e024986ccb5310ab43982f3bb40c
139416-139417 --> testing pass
Test environment and result as below:
+-----------------------------+---------------------------+------------------------------+----------------+--------------+
| Environment | cryptodev_sw_zuc_autotest | cryptodev_sw_snow3g_autotest | dpdk_unit_test | lpm_autotest |
+=============================+===========================+==============================+================+==============+
| Debian 12 (arm) | PASS | PASS | PASS | SKIPPED |
+-----------------------------+---------------------------+------------------------------+----------------+--------------+
| Debian 11 (Buster) (ARM) | SKIPPED | SKIPPED | PASS | SKIPPED |
+-----------------------------+---------------------------+------------------------------+----------------+--------------+
| CentOS Stream 9 (ARM) | SKIPPED | SKIPPED | PASS | SKIPPED |
+-----------------------------+---------------------------+------------------------------+----------------+--------------+
| Fedora 37 (ARM) | SKIPPED | SKIPPED | PASS | SKIPPED |
+-----------------------------+---------------------------+------------------------------+----------------+--------------+
| 32-bit Ubuntu 20.04.4 (ARM) | SKIPPED | SKIPPED | PASS | SKIPPED |
+-----------------------------+---------------------------+------------------------------+----------------+--------------+
| Fedora 38 (ARM) | SKIPPED | SKIPPED | PASS | SKIPPED |
+-----------------------------+---------------------------+------------------------------+----------------+--------------+
| Fedora 39 (ARM) | SKIPPED | SKIPPED | PASS | SKIPPED |
+-----------------------------+---------------------------+------------------------------+----------------+--------------+
| Fedora 38 (ARM Clang) | SKIPPED | SKIPPED | PASS | SKIPPED |
+-----------------------------+---------------------------+------------------------------+----------------+--------------+
| Ubuntu 20.04 (ARM) | SKIPPED | SKIPPED | PASS | SKIPPED |
+-----------------------------+---------------------------+------------------------------+----------------+--------------+
| Ubuntu 20.04 ARM SVE | SKIPPED | SKIPPED | SKIPPED | PASS |
+-----------------------------+---------------------------+------------------------------+----------------+--------------+
Debian 12 (arm)
Kernel: Container Host Kernel
Compiler: gcc 12.2.0
Debian 11 (Buster) (ARM)
Kernel: Container Host Kernel
Compiler: gcc 10.2.1
CentOS Stream 9 (ARM)
Kernel: Container Host Kernel
Compiler: gcc 11.4.1
Fedora 37 (ARM)
Kernel: Depends on container host
Compiler: gcc 12.3.1
32-bit Ubuntu 20.04.4 (ARM)
Kernel: 5.4.0-155-generic aarch64
Compiler: gcc 9.4
Fedora 38 (ARM)
Kernel: Depends on container host
Compiler: gcc 13.2.1
Fedora 39 (ARM)
Kernel: Depends on container host
Compiler: gcc 13.2.1
Fedora 38 (ARM Clang)
Kernel: Depends on container host
Compiler: clang 16.0.6
Ubuntu 20.04 (ARM)
Kernel: Container Host Kernel
Compiler: gcc 9.4.0
Ubuntu 20.04 ARM SVE
Kernel: 5.4.0-167-generic
Compiler: gcc (Ubuntu 10.5.0-1ubuntu1~20.04) 10.5.0
To view detailed results, visit:
https://lab.dpdk.org/results/dashboard/patchsets/29790/
UNH-IOL DPDK Community Lab
To manage your email subscriptions, visit:
https://lab.dpdk.org/results/dashboard/preferences/subscriptions/
next prev parent reply other threads:[~2024-04-16 14:16 UTC|newest]
Thread overview: 91+ messages / expand[flat|nested] mbox.gz Atom feed top
[not found] <20240416123747.4133884-2-vvelumuri@marvell.com>
2024-04-16 12:17 ` |SUCCESS| pw139416-139417 [PATCH v1 2/2] test/dma: add functions to verify zero and one fill qemudev
2024-04-16 12:21 ` qemudev
2024-04-16 12:39 ` |SUCCESS| pw139417 " checkpatch
2024-04-16 13:25 ` |SUCCESS| pw139416-139417 [PATCH] [v1,2/2] test/dma: add functions t dpdklab
2024-04-16 13:25 ` dpdklab
2024-04-16 13:26 ` |FAILURE| " dpdklab
2024-04-16 13:26 ` dpdklab
2024-04-16 13:27 ` dpdklab
2024-04-16 13:32 ` dpdklab
2024-04-16 13:32 ` dpdklab
2024-04-16 13:33 ` |SUCCESS| " dpdklab
2024-04-16 13:33 ` dpdklab
2024-04-16 13:33 ` dpdklab
2024-04-16 13:33 ` |FAILURE| " dpdklab
2024-04-16 13:34 ` |SUCCESS| " dpdklab
2024-04-16 13:34 ` |FAILURE| " dpdklab
2024-04-16 13:34 ` dpdklab
2024-04-16 13:34 ` dpdklab
2024-04-16 13:35 ` |SUCCESS| " dpdklab
2024-04-16 13:35 ` |FAILURE| " dpdklab
2024-04-16 13:35 ` dpdklab
2024-04-16 13:35 ` dpdklab
2024-04-16 13:35 ` |SUCCESS| " dpdklab
2024-04-16 13:35 ` |FAILURE| " dpdklab
2024-04-16 13:35 ` dpdklab
2024-04-16 13:36 ` |SUCCESS| " dpdklab
2024-04-16 13:36 ` |FAILURE| " dpdklab
2024-04-16 13:36 ` dpdklab
2024-04-16 13:36 ` dpdklab
2024-04-16 13:36 ` |SUCCESS| " dpdklab
2024-04-16 13:36 ` |FAILURE| " dpdklab
2024-04-16 13:36 ` dpdklab
2024-04-16 13:37 ` dpdklab
2024-04-16 13:37 ` dpdklab
2024-04-16 13:37 ` dpdklab
2024-04-16 13:37 ` |SUCCESS| " dpdklab
2024-04-16 13:37 ` dpdklab
2024-04-16 13:37 ` dpdklab
2024-04-16 13:38 ` dpdklab
2024-04-16 13:38 ` dpdklab
2024-04-16 13:41 ` dpdklab
2024-04-16 13:42 ` dpdklab
2024-04-16 13:42 ` dpdklab
2024-04-16 13:42 ` dpdklab
2024-04-16 13:42 ` dpdklab
2024-04-16 13:43 ` |FAILURE| " dpdklab
2024-04-16 13:44 ` |SUCCESS| " dpdklab
2024-04-16 13:44 ` dpdklab
2024-04-16 13:44 ` |FAILURE| pw139417 [PATCH v1 2/2] test/dma: add functions to verify zero and one fill 0-day Robot
2024-04-16 13:44 ` |FAILURE| pw139416-139417 [PATCH] [v1,2/2] test/dma: add functions t dpdklab
2024-04-16 13:44 ` |SUCCESS| " dpdklab
2024-04-16 13:45 ` dpdklab
2024-04-16 13:45 ` |FAILURE| " dpdklab
2024-04-16 13:46 ` dpdklab
2024-04-16 13:46 ` |SUCCESS| " dpdklab
2024-04-16 13:47 ` |FAILURE| " dpdklab
2024-04-16 13:47 ` dpdklab
2024-04-16 13:47 ` |SUCCESS| " dpdklab
2024-04-16 13:47 ` |FAILURE| " dpdklab
2024-04-16 13:48 ` dpdklab
2024-04-16 13:48 ` dpdklab
2024-04-16 13:48 ` dpdklab
2024-04-16 13:48 ` dpdklab
2024-04-16 13:49 ` |SUCCESS| " dpdklab
2024-04-16 13:49 ` dpdklab
2024-04-16 13:50 ` |FAILURE| " dpdklab
2024-04-16 13:50 ` dpdklab
2024-04-16 13:50 ` dpdklab
2024-04-16 13:51 ` |SUCCESS| " dpdklab
2024-04-16 13:51 ` dpdklab
2024-04-16 13:52 ` |FAILURE| " dpdklab
2024-04-16 13:52 ` |SUCCESS| " dpdklab
2024-04-16 13:52 ` dpdklab
2024-04-16 13:53 ` |FAILURE| " dpdklab
2024-04-16 13:53 ` |SUCCESS| " dpdklab
2024-04-16 13:55 ` |FAILURE| " dpdklab
2024-04-16 13:55 ` dpdklab
2024-04-16 13:56 ` dpdklab
2024-04-16 14:13 ` |SUCCESS| " dpdklab
2024-04-16 14:14 ` |FAILURE| " dpdklab
2024-04-16 14:15 ` dpdklab
2024-04-16 14:15 ` |SUCCESS| " dpdklab
2024-04-16 14:16 ` dpdklab [this message]
2024-04-16 14:18 ` dpdklab
2024-04-16 14:21 ` |FAILURE| " dpdklab
2024-04-16 14:24 ` dpdklab
2024-04-16 14:29 ` |SUCCESS| " dpdklab
2024-04-16 14:31 ` dpdklab
2024-04-16 14:33 ` dpdklab
2024-04-16 14:36 ` |FAILURE| " dpdklab
2024-04-16 14:42 ` dpdklab
Reply instructions:
You may reply publicly to this message via plain-text email
using any one of the following methods:
* Save the following mbox file, import it into your mail client,
and reply-to-all from there: mbox
Avoid top-posting and favor interleaved quoting:
https://en.wikipedia.org/wiki/Posting_style#Interleaved_style
* Reply using the --to, --cc, and --in-reply-to
switches of git-send-email(1):
git send-email \
--in-reply-to=661e8843.050a0220.5b82c.1c15SMTPIN_ADDED_MISSING@mx.google.com \
--to=dpdklab@iol.unh.edu \
--cc=dpdk-test-reports@iol.unh.edu \
--cc=test-report@dpdk.org \
/path/to/YOUR_REPLY
https://kernel.org/pub/software/scm/git/docs/git-send-email.html
* If your mail client supports setting the In-Reply-To header
via mailto: links, try the mailto: link
Be sure your reply has a Subject: header at the top and a blank line
before the message body.
This is a public inbox, see mirroring instructions
for how to clone and mirror all data and code used for this inbox;
as well as URLs for NNTP newsgroup(s).