From: dpdklab@iol.unh.edu
To: Test Report <test-report@dpdk.org>
Cc: dpdk-test-reports@iol.unh.edu
Subject: |SUCCESS| pw139541 [PATCH] [v1] dts: rename execution to test run
Date: Fri, 19 Apr 2024 04:40:45 -0700 (PDT) [thread overview]
Message-ID: <6622583d.050a0220.26913.d25dSMTPIN_ADDED_MISSING@mx.google.com> (raw)
In-Reply-To: <20240419085108.97519-1-juraj.linkes@pantheon.tech>
Test-Label: iol-unit-arm64-testing
Test-Status: SUCCESS
http://dpdk.org/patch/139541
_Testing PASS_
Submitter: Juraj Linkes <juraj.linkes@pantheon.tech>
Date: Friday, April 19 2024 08:51:08
DPDK git baseline: Repo:dpdk
Branch: master
CommitID:e2e546ab5bf5e024986ccb5310ab43982f3bb40c
139541 --> testing pass
Test environment and result as below:
+-----------------------------+----------------+---------------------------+------------------------------+
| Environment | dpdk_unit_test | cryptodev_sw_zuc_autotest | cryptodev_sw_snow3g_autotest |
+=============================+================+===========================+==============================+
| CentOS Stream 9 (ARM) | PASS | SKIPPED | SKIPPED |
+-----------------------------+----------------+---------------------------+------------------------------+
| Debian 11 (Buster) (ARM) | PASS | SKIPPED | SKIPPED |
+-----------------------------+----------------+---------------------------+------------------------------+
| Debian 12 (arm) | PASS | PASS | PASS |
+-----------------------------+----------------+---------------------------+------------------------------+
| Fedora 37 (ARM) | PASS | SKIPPED | SKIPPED |
+-----------------------------+----------------+---------------------------+------------------------------+
| Fedora 38 (ARM) | PASS | SKIPPED | SKIPPED |
+-----------------------------+----------------+---------------------------+------------------------------+
| Fedora 39 (ARM) | PASS | SKIPPED | SKIPPED |
+-----------------------------+----------------+---------------------------+------------------------------+
| 32-bit Ubuntu 20.04.4 (ARM) | PASS | SKIPPED | SKIPPED |
+-----------------------------+----------------+---------------------------+------------------------------+
| Ubuntu 20.04 (ARM) | PASS | SKIPPED | SKIPPED |
+-----------------------------+----------------+---------------------------+------------------------------+
| Fedora 38 (ARM Clang) | PASS | SKIPPED | SKIPPED |
+-----------------------------+----------------+---------------------------+------------------------------+
CentOS Stream 9 (ARM)
Kernel: Container Host Kernel
Compiler: gcc 11.4.1
Debian 11 (Buster) (ARM)
Kernel: Container Host Kernel
Compiler: gcc 10.2.1
Debian 12 (arm)
Kernel: Container Host Kernel
Compiler: gcc 12.2.0
Fedora 37 (ARM)
Kernel: Depends on container host
Compiler: gcc 12.3.1
Fedora 38 (ARM)
Kernel: Depends on container host
Compiler: gcc 13.2.1
Fedora 39 (ARM)
Kernel: Depends on container host
Compiler: gcc 13.2.1
32-bit Ubuntu 20.04.4 (ARM)
Kernel: 5.4.0-155-generic aarch64
Compiler: gcc 9.4
Ubuntu 20.04 (ARM)
Kernel: Container Host Kernel
Compiler: gcc 9.4.0
Fedora 38 (ARM Clang)
Kernel: Depends on container host
Compiler: clang 16.0.6
To view detailed results, visit:
https://lab.dpdk.org/results/dashboard/patchsets/29826/
UNH-IOL DPDK Community Lab
To manage your email subscriptions, visit:
https://lab.dpdk.org/results/dashboard/preferences/subscriptions/
next prev parent reply other threads:[~2024-04-19 11:40 UTC|newest]
Thread overview: 83+ messages / expand[flat|nested] mbox.gz Atom feed top
[not found] <20240419085108.97519-1-juraj.linkes@pantheon.tech>
2024-04-19 8:28 ` |SUCCESS| pw139541 [PATCH v1] " qemudev
2024-04-19 8:32 ` qemudev
2024-04-19 8:51 ` checkpatch
2024-04-19 9:44 ` 0-day Robot
2024-04-19 10:18 ` |SUCCESS| pw139541 [PATCH] [v1] " dpdklab
2024-04-19 10:25 ` dpdklab
2024-04-19 10:32 ` dpdklab
2024-04-19 10:34 ` dpdklab
2024-04-19 10:35 ` dpdklab
2024-04-19 10:37 ` dpdklab
2024-04-19 10:40 ` dpdklab
2024-04-19 11:10 ` dpdklab
2024-04-19 11:12 ` dpdklab
2024-04-19 11:13 ` dpdklab
2024-04-19 11:15 ` dpdklab
2024-04-19 11:16 ` dpdklab
2024-04-19 11:18 ` dpdklab
2024-04-19 11:18 ` dpdklab
2024-04-19 11:18 ` dpdklab
2024-04-19 11:18 ` dpdklab
2024-04-19 11:20 ` dpdklab
2024-04-19 11:21 ` dpdklab
2024-04-19 11:21 ` dpdklab
2024-04-19 11:21 ` dpdklab
2024-04-19 11:22 ` dpdklab
2024-04-19 11:22 ` dpdklab
2024-04-19 11:22 ` dpdklab
2024-04-19 11:23 ` dpdklab
2024-04-19 11:24 ` dpdklab
2024-04-19 11:25 ` dpdklab
2024-04-19 11:26 ` dpdklab
2024-04-19 11:27 ` dpdklab
2024-04-19 11:28 ` dpdklab
2024-04-19 11:28 ` dpdklab
2024-04-19 11:29 ` dpdklab
2024-04-19 11:30 ` dpdklab
2024-04-19 11:30 ` dpdklab
2024-04-19 11:30 ` dpdklab
2024-04-19 11:32 ` dpdklab
2024-04-19 11:33 ` dpdklab
2024-04-19 11:33 ` dpdklab
2024-04-19 11:34 ` dpdklab
2024-04-19 11:34 ` dpdklab
2024-04-19 11:34 ` dpdklab
2024-04-19 11:34 ` dpdklab
2024-04-19 11:35 ` dpdklab
2024-04-19 11:35 ` dpdklab
2024-04-19 11:35 ` dpdklab
2024-04-19 11:36 ` dpdklab
2024-04-19 11:36 ` dpdklab
2024-04-19 11:37 ` dpdklab
2024-04-19 11:37 ` dpdklab
2024-04-19 11:39 ` dpdklab
2024-04-19 11:40 ` dpdklab
2024-04-19 11:40 ` dpdklab [this message]
2024-04-19 11:41 ` dpdklab
2024-04-19 11:42 ` dpdklab
2024-04-19 11:42 ` dpdklab
2024-04-19 11:43 ` dpdklab
2024-04-19 11:43 ` dpdklab
2024-04-19 11:44 ` dpdklab
2024-04-19 11:45 ` dpdklab
2024-04-19 11:46 ` dpdklab
2024-04-19 11:46 ` dpdklab
2024-04-19 11:47 ` dpdklab
2024-04-19 11:47 ` dpdklab
2024-04-19 11:47 ` dpdklab
2024-04-19 11:48 ` dpdklab
2024-04-19 11:48 ` dpdklab
2024-04-19 11:50 ` dpdklab
2024-04-19 11:56 ` dpdklab
2024-04-19 12:02 ` dpdklab
2024-04-19 12:26 ` dpdklab
2024-04-19 12:28 ` dpdklab
2024-04-19 12:30 ` dpdklab
2024-04-19 12:34 ` dpdklab
2024-04-19 12:47 ` dpdklab
2024-04-19 12:48 ` |FAILURE| " dpdklab
2024-04-19 12:54 ` |SUCCESS| " dpdklab
2024-04-19 13:02 ` |FAILURE| " dpdklab
2024-04-19 13:04 ` |SUCCESS| " dpdklab
2024-04-19 13:24 ` dpdklab
2024-04-19 13:37 ` dpdklab
Reply instructions:
You may reply publicly to this message via plain-text email
using any one of the following methods:
* Save the following mbox file, import it into your mail client,
and reply-to-all from there: mbox
Avoid top-posting and favor interleaved quoting:
https://en.wikipedia.org/wiki/Posting_style#Interleaved_style
* Reply using the --to, --cc, and --in-reply-to
switches of git-send-email(1):
git send-email \
--in-reply-to=6622583d.050a0220.26913.d25dSMTPIN_ADDED_MISSING@mx.google.com \
--to=dpdklab@iol.unh.edu \
--cc=dpdk-test-reports@iol.unh.edu \
--cc=test-report@dpdk.org \
/path/to/YOUR_REPLY
https://kernel.org/pub/software/scm/git/docs/git-send-email.html
* If your mail client supports setting the In-Reply-To header
via mailto: links, try the mailto: link
Be sure your reply has a Subject: header at the top and a blank line
before the message body.
This is a public inbox, see mirroring instructions
for how to clone and mirror all data and code used for this inbox;
as well as URLs for NNTP newsgroup(s).