From: dpdklab@iol.unh.edu
To: Test Report <test-report@dpdk.org>
Cc: dpdk-test-reports@iol.unh.edu
Subject: |SUCCESS| pw139676-139677 [PATCH] [RFC,v2,6/6] eal: add unit tests f
Date: Thu, 25 Apr 2024 02:58:34 -0700 (PDT) [thread overview]
Message-ID: <662a294a.0d0a0220.9875d.e51cSMTPIN_ADDED_MISSING@mx.google.com> (raw)
In-Reply-To: <20240425085853.97888-7-mattias.ronnblom@ericsson.com>
Test-Label: iol-abi-testing
Test-Status: SUCCESS
http://dpdk.org/patch/139677
_Testing PASS_
Submitter: Mattias Ronnblom <mattias.ronnblom@ericsson.com>
Date: Thursday, April 25 2024 08:58:53
DPDK git baseline: Repo:dpdk
Branch: master
CommitID:7e06c0de1952d3109a5b0c4779d7e7d8059c9d78
139676-139677 --> testing pass
Test environment and result as below:
+------------------+----------+
| Environment | abi_test |
+==================+==========+
| Fedora 38 | PASS |
+------------------+----------+
| openSUSE Leap 15 | PASS |
+------------------+----------+
| Fedora 39 | PASS |
+------------------+----------+
| CentOS Stream 8 | PASS |
+------------------+----------+
| RHEL8 | PASS |
+------------------+----------+
| Debian Bullseye | PASS |
+------------------+----------+
| CentOS Stream 9 | PASS |
+------------------+----------+
Fedora 38
Kernel: Depends on container host
Compiler: clang 16.0.6
openSUSE Leap 15
Kernel: 5.4.0-167-generic
Compiler: gcc 7.5.0
Fedora 39
Kernel: Depends on container host
Compiler: clang 17.0.6
CentOS Stream 8
Kernel: 5.4.0-167-generic
Compiler: gcc 8.5.0 20210514
RHEL8
Kernel: 5.4.0-167-generic
Compiler: gcc 8.5.0 20210514 (Red Hat 8.5.0-20)
Debian Bullseye
Kernel: 5.4.0-167-generic
Compiler: gcc 10.2.1-6
CentOS Stream 9
Kernel: 5.4.0-167-generic
Compiler: gcc 11.4.1 20230605
To view detailed results, visit:
https://lab.dpdk.org/results/dashboard/patchsets/29853/
UNH-IOL DPDK Community Lab
To manage your email subscriptions, visit:
https://lab.dpdk.org/results/dashboard/preferences/subscriptions/
next prev parent reply other threads:[~2024-04-25 9:58 UTC|newest]
Thread overview: 89+ messages / expand[flat|nested] mbox.gz Atom feed top
[not found] <20240425085853.97888-7-mattias.ronnblom@ericsson.com>
2024-04-25 8:45 ` |SUCCESS| pw139676-139677 [RFC v2 6/6] eal: add unit tests for atomic bit access functions qemudev
2024-04-25 8:49 ` qemudev
2024-04-25 9:44 ` |SUCCESS| pw139676-139677 [PATCH] [RFC,v2,6/6] eal: add unit tests f dpdklab
2024-04-25 9:44 ` |WARNING| " dpdklab
2024-04-25 9:45 ` dpdklab
2024-04-25 9:45 ` |SUCCESS| " dpdklab
2024-04-25 9:45 ` dpdklab
2024-04-25 9:45 ` dpdklab
2024-04-25 9:45 ` |WARNING| " dpdklab
2024-04-25 9:45 ` dpdklab
2024-04-25 9:46 ` |SUCCESS| " dpdklab
2024-04-25 9:46 ` |WARNING| " dpdklab
2024-04-25 9:46 ` dpdklab
2024-04-25 9:47 ` |SUCCESS| " dpdklab
2024-04-25 9:50 ` |FAILURE| " dpdklab
2024-04-25 9:51 ` |SUCCESS| " dpdklab
2024-04-25 9:52 ` dpdklab
2024-04-25 9:52 ` |FAILURE| " dpdklab
2024-04-25 9:53 ` |SUCCESS| " dpdklab
2024-04-25 9:55 ` dpdklab
2024-04-25 9:56 ` dpdklab
2024-04-25 9:56 ` dpdklab
2024-04-25 9:57 ` |FAILURE| " dpdklab
2024-04-25 9:57 ` |SUCCESS| " dpdklab
2024-04-25 9:58 ` dpdklab [this message]
2024-04-25 9:59 ` |FAILURE| " dpdklab
2024-04-25 9:59 ` |SUCCESS| " dpdklab
2024-04-25 10:05 ` dpdklab
2024-04-25 10:08 ` dpdklab
2024-04-25 10:08 ` dpdklab
2024-04-25 10:08 ` dpdklab
2024-04-25 10:08 ` dpdklab
2024-04-25 10:09 ` dpdklab
2024-04-25 10:09 ` dpdklab
2024-04-25 10:13 ` dpdklab
2024-04-25 10:20 ` dpdklab
2024-04-25 10:21 ` dpdklab
2024-04-25 10:21 ` |FAILURE| " dpdklab
2024-04-25 10:22 ` dpdklab
2024-04-25 10:23 ` dpdklab
2024-04-25 10:23 ` dpdklab
2024-04-25 10:24 ` dpdklab
2024-04-25 10:24 ` dpdklab
2024-04-25 10:25 ` dpdklab
2024-04-25 10:25 ` dpdklab
2024-04-25 10:25 ` |SUCCESS| " dpdklab
2024-04-25 10:26 ` dpdklab
2024-04-25 10:26 ` dpdklab
2024-04-25 10:27 ` |FAILURE| " dpdklab
2024-04-25 10:31 ` |SUCCESS| " dpdklab
2024-04-25 10:35 ` |FAILURE| " dpdklab
2024-04-25 10:35 ` dpdklab
2024-04-25 10:36 ` |SUCCESS| " dpdklab
2024-04-25 10:37 ` |FAILURE| " dpdklab
2024-04-25 10:37 ` dpdklab
2024-04-25 10:37 ` |SUCCESS| " dpdklab
2024-04-25 10:38 ` dpdklab
2024-04-25 10:38 ` |FAILURE| " dpdklab
2024-04-25 10:40 ` dpdklab
2024-04-25 10:44 ` dpdklab
2024-04-25 11:02 ` |SUCCESS| " dpdklab
2024-04-25 11:03 ` dpdklab
2024-04-25 11:03 ` dpdklab
2024-04-25 11:03 ` dpdklab
2024-04-25 11:04 ` dpdklab
2024-04-25 11:04 ` |FAILURE| " dpdklab
2024-04-25 11:05 ` dpdklab
2024-04-25 11:05 ` dpdklab
2024-04-25 11:06 ` dpdklab
2024-04-25 11:06 ` dpdklab
2024-04-25 11:15 ` |SUCCESS| " dpdklab
2024-04-25 11:16 ` dpdklab
2024-04-25 11:19 ` |FAILURE| " dpdklab
2024-04-25 11:20 ` dpdklab
2024-04-25 11:21 ` |SUCCESS| " dpdklab
2024-04-25 11:22 ` dpdklab
2024-04-25 11:29 ` dpdklab
2024-04-25 11:30 ` dpdklab
2024-04-25 11:33 ` dpdklab
2024-04-25 11:35 ` dpdklab
2024-04-25 11:36 ` dpdklab
2024-04-25 11:42 ` dpdklab
2024-04-25 11:44 ` dpdklab
2024-04-25 11:53 ` dpdklab
2024-04-25 11:59 ` dpdklab
2024-04-25 12:35 ` dpdklab
2024-04-25 13:02 ` dpdklab
2024-04-25 13:05 ` dpdklab
2024-04-25 13:53 ` dpdklab
Reply instructions:
You may reply publicly to this message via plain-text email
using any one of the following methods:
* Save the following mbox file, import it into your mail client,
and reply-to-all from there: mbox
Avoid top-posting and favor interleaved quoting:
https://en.wikipedia.org/wiki/Posting_style#Interleaved_style
* Reply using the --to, --cc, and --in-reply-to
switches of git-send-email(1):
git send-email \
--in-reply-to=662a294a.0d0a0220.9875d.e51cSMTPIN_ADDED_MISSING@mx.google.com \
--to=dpdklab@iol.unh.edu \
--cc=dpdk-test-reports@iol.unh.edu \
--cc=test-report@dpdk.org \
/path/to/YOUR_REPLY
https://kernel.org/pub/software/scm/git/docs/git-send-email.html
* If your mail client supports setting the In-Reply-To header
via mailto: links, try the mailto: link
Be sure your reply has a Subject: header at the top and a blank line
before the message body.
This is a public inbox, see mirroring instructions
for how to clone and mirror all data and code used for this inbox;
as well as URLs for NNTP newsgroup(s).