From: dpdklab@iol.unh.edu
To: Test Report <test-report@dpdk.org>
Cc: dpdk-test-reports@iol.unh.edu
Subject: |SUCCESS| pw139725 [PATCH] [RFC] eal: make lcore_init aware of cgrou
Date: Mon, 29 Apr 2024 13:50:28 -0700 (PDT) [thread overview]
Message-ID: <66300814.050a0220.47a15.f414SMTPIN_ADDED_MISSING@mx.google.com> (raw)
In-Reply-To: <20240429195342.42711-1-stephen@networkplumber.org>
Test-Label: iol-compile-amd64-testing
Test-Status: SUCCESS
http://dpdk.org/patch/139725
_Testing PASS_
Submitter: Stephen Hemminger <stephen@networkplumber.org>
Date: Monday, April 29 2024 19:52:25
DPDK git baseline: Repo:dpdk
Branch: master
CommitID:7e06c0de1952d3109a5b0c4779d7e7d8059c9d78
139725 --> testing pass
Test environment and result as below:
+---------------------+--------------------+-------------------+----------------------+
| Environment | dpdk_meson_compile | dpdk_msvc_compile | dpdk_mingw64_compile |
+=====================+====================+===================+======================+
| CentOS Stream 8 | PASS | SKIPPED | SKIPPED |
+---------------------+--------------------+-------------------+----------------------+
| CentOS Stream 9 | PASS | SKIPPED | SKIPPED |
+---------------------+--------------------+-------------------+----------------------+
| Debian Bullseye | PASS | SKIPPED | SKIPPED |
+---------------------+--------------------+-------------------+----------------------+
| Fedora 38 | PASS | SKIPPED | SKIPPED |
+---------------------+--------------------+-------------------+----------------------+
| Fedora 37 | PASS | SKIPPED | SKIPPED |
+---------------------+--------------------+-------------------+----------------------+
| FreeBSD 13.3 | PASS | SKIPPED | SKIPPED |
+---------------------+--------------------+-------------------+----------------------+
| Debian 12 | PASS | SKIPPED | SKIPPED |
+---------------------+--------------------+-------------------+----------------------+
| Windows Server 2022 | PASS | PASS | PASS |
+---------------------+--------------------+-------------------+----------------------+
| Fedora 39 | PASS | SKIPPED | SKIPPED |
+---------------------+--------------------+-------------------+----------------------+
| Windows Server 2019 | PASS | SKIPPED | PASS |
+---------------------+--------------------+-------------------+----------------------+
| openSUSE Leap 15 | PASS | SKIPPED | SKIPPED |
+---------------------+--------------------+-------------------+----------------------+
| RHEL8 | PASS | SKIPPED | SKIPPED |
+---------------------+--------------------+-------------------+----------------------+
CentOS Stream 8
Kernel: 5.4.0-167-generic
Compiler: gcc 8.5.0 20210514
CentOS Stream 9
Kernel: 5.4.0-167-generic
Compiler: gcc 11.4.1 20230605
Debian Bullseye
Kernel: 5.4.0-167-generic
Compiler: gcc 10.2.1-6
Fedora 38
Kernel: Depends on container host
Compiler: gcc 13.2.1
Fedora 37
Kernel: Depends on container host system
Compiler: gcc 12.3.1
FreeBSD 13.3
Kernel: 13.3-RELEASE-p1
Compiler: clang 17.0.6
Debian 12
Kernel: Container Host Kernel
Compiler: gcc 10.2.1
Windows Server 2022
Kernel: 10.0.20348.2031
Compiler: clang 15.0.7, gcc 8.1.0 (MinGW), and MSVC VS 17.9
Fedora 39
Kernel: Depends on container host
Compiler: gcc 13.2.1
Windows Server 2019
Kernel: 10.0.17763
Compiler: clang 14.0 and gcc 8.1.0 (MinGW)
openSUSE Leap 15
Kernel: 5.4.0-167-generic
Compiler: gcc 7.5.0
RHEL8
Kernel: 5.4.0-167-generic
Compiler: gcc 8.5.0 20210514 (Red Hat 8.5.0-20)
To view detailed results, visit:
https://lab.dpdk.org/results/dashboard/patchsets/29875/
UNH-IOL DPDK Community Lab
To manage your email subscriptions, visit:
https://lab.dpdk.org/results/dashboard/preferences/subscriptions/
next prev parent reply other threads:[~2024-04-29 20:50 UTC|newest]
Thread overview: 84+ messages / expand[flat|nested] mbox.gz Atom feed top
[not found] <20240429195342.42711-1-stephen@networkplumber.org>
2024-04-29 19:27 ` |SUCCESS| pw139725 [RFC] eal: make lcore_init aware of cgroup qemudev
2024-04-29 19:31 ` |FAILURE| " qemudev
2024-04-29 20:36 ` |SUCCESS| pw139725 [PATCH] [RFC] eal: make lcore_init aware of cgrou dpdklab
2024-04-29 20:36 ` dpdklab
2024-04-29 20:36 ` |FAILURE| " dpdklab
2024-04-29 20:37 ` |SUCCESS| " dpdklab
2024-04-29 20:38 ` |FAILURE| " dpdklab
2024-04-29 20:38 ` dpdklab
2024-04-29 20:39 ` |SUCCESS| " dpdklab
2024-04-29 20:39 ` dpdklab
2024-04-29 20:40 ` |FAILURE| " dpdklab
2024-04-29 20:40 ` |SUCCESS| " dpdklab
2024-04-29 20:41 ` dpdklab
2024-04-29 20:41 ` |FAILURE| " dpdklab
2024-04-29 20:41 ` dpdklab
2024-04-29 20:42 ` dpdklab
2024-04-29 20:42 ` |SUCCESS| " dpdklab
2024-04-29 20:42 ` dpdklab
2024-04-29 20:42 ` dpdklab
2024-04-29 20:43 ` |FAILURE| " dpdklab
2024-04-29 20:43 ` dpdklab
2024-04-29 20:44 ` |FAILURE| pw139725 [RFC] eal: make lcore_init aware of cgroup 0-day Robot
2024-04-29 20:44 ` |SUCCESS| pw139725 [PATCH] [RFC] eal: make lcore_init aware of cgrou dpdklab
2024-04-29 20:44 ` dpdklab
2024-04-29 20:44 ` dpdklab
2024-04-29 20:44 ` |FAILURE| " dpdklab
2024-04-29 20:45 ` |SUCCESS| " dpdklab
2024-04-29 20:45 ` |FAILURE| " dpdklab
2024-04-29 20:45 ` |SUCCESS| " dpdklab
2024-04-29 20:46 ` dpdklab
2024-04-29 20:46 ` dpdklab
2024-04-29 20:46 ` dpdklab
2024-04-29 20:46 ` dpdklab
2024-04-29 20:47 ` |FAILURE| " dpdklab
2024-04-29 20:47 ` |SUCCESS| " dpdklab
2024-04-29 20:47 ` dpdklab
2024-04-29 20:47 ` |FAILURE| " dpdklab
2024-04-29 20:48 ` |SUCCESS| " dpdklab
2024-04-29 20:48 ` dpdklab
2024-04-29 20:48 ` dpdklab
2024-04-29 20:48 ` |FAILURE| " dpdklab
2024-04-29 20:48 ` dpdklab
2024-04-29 20:49 ` |SUCCESS| " dpdklab
2024-04-29 20:49 ` dpdklab
2024-04-29 20:50 ` |FAILURE| " dpdklab
2024-04-29 20:50 ` dpdklab [this message]
2024-04-29 20:50 ` dpdklab
2024-04-29 20:50 ` dpdklab
2024-04-29 20:51 ` |SUCCESS| " dpdklab
2024-04-29 20:51 ` dpdklab
2024-04-29 20:51 ` |FAILURE| " dpdklab
2024-04-29 20:51 ` |SUCCESS| " dpdklab
2024-04-29 20:53 ` dpdklab
2024-04-29 20:53 ` dpdklab
2024-04-29 20:53 ` dpdklab
2024-04-29 20:54 ` dpdklab
2024-04-29 20:55 ` |FAILURE| " dpdklab
2024-04-29 20:56 ` |SUCCESS| " dpdklab
2024-04-29 20:58 ` dpdklab
2024-04-29 20:59 ` dpdklab
2024-04-29 20:59 ` |FAILURE| " dpdklab
2024-04-29 20:59 ` |SUCCESS| " dpdklab
2024-04-29 20:59 ` dpdklab
2024-04-29 20:59 ` dpdklab
2024-04-29 21:00 ` dpdklab
2024-04-29 21:00 ` dpdklab
2024-04-29 21:00 ` |FAILURE| " dpdklab
2024-04-29 21:01 ` dpdklab
2024-04-29 21:02 ` dpdklab
2024-04-29 21:02 ` dpdklab
2024-04-29 21:03 ` dpdklab
2024-04-29 21:04 ` |SUCCESS| " dpdklab
2024-04-29 21:05 ` |FAILURE| " dpdklab
2024-04-29 21:05 ` dpdklab
2024-04-29 21:06 ` |SUCCESS| " dpdklab
2024-04-29 21:07 ` |FAILURE| " dpdklab
2024-04-29 21:12 ` |SUCCESS| " dpdklab
2024-04-29 21:16 ` |FAILURE| " dpdklab
2024-04-29 21:20 ` |SUCCESS| " dpdklab
2024-04-29 21:27 ` |FAILURE| " dpdklab
2024-04-29 21:35 ` |SUCCESS| " dpdklab
2024-04-29 21:36 ` dpdklab
2024-04-29 22:07 ` dpdklab
2024-04-29 23:25 ` dpdklab
Reply instructions:
You may reply publicly to this message via plain-text email
using any one of the following methods:
* Save the following mbox file, import it into your mail client,
and reply-to-all from there: mbox
Avoid top-posting and favor interleaved quoting:
https://en.wikipedia.org/wiki/Posting_style#Interleaved_style
* Reply using the --to, --cc, and --in-reply-to
switches of git-send-email(1):
git send-email \
--in-reply-to=66300814.050a0220.47a15.f414SMTPIN_ADDED_MISSING@mx.google.com \
--to=dpdklab@iol.unh.edu \
--cc=dpdk-test-reports@iol.unh.edu \
--cc=test-report@dpdk.org \
/path/to/YOUR_REPLY
https://kernel.org/pub/software/scm/git/docs/git-send-email.html
* If your mail client supports setting the In-Reply-To header
via mailto: links, try the mailto: link
Be sure your reply has a Subject: header at the top and a blank line
before the message body.
This is a public inbox, see mirroring instructions
for how to clone and mirror all data and code used for this inbox;
as well as URLs for NNTP newsgroup(s).