From mboxrd@z Thu Jan  1 00:00:00 1970
Return-Path: <test-report-bounces@dpdk.org>
Received: from mails.dpdk.org (mails.dpdk.org [217.70.189.124])
	by inbox.dpdk.org (Postfix) with ESMTP id 68CC843F65
	for <public@inbox.dpdk.org>; Thu,  2 May 2024 10:50:01 +0200 (CEST)
Received: from mails.dpdk.org (localhost [127.0.0.1])
	by mails.dpdk.org (Postfix) with ESMTP id 649F240299;
	Thu,  2 May 2024 10:50:01 +0200 (CEST)
Received: from mail-qk1-f228.google.com (mail-qk1-f228.google.com
 [209.85.222.228])
 by mails.dpdk.org (Postfix) with ESMTP id 1A5124026F
 for <test-report@dpdk.org>; Thu,  2 May 2024 10:50:00 +0200 (CEST)
Received: by mail-qk1-f228.google.com with SMTP id
 af79cd13be357-78f05341128so527056285a.0
 for <test-report@dpdk.org>; Thu, 02 May 2024 01:50:00 -0700 (PDT)
DKIM-Signature: v=1; a=rsa-sha256; c=relaxed/relaxed;
 d=iol.unh.edu; s=unh-iol; t=1714639799; x=1715244599; darn=dpdk.org;
 h=references:in-reply-to:cc:to:from:subject:message-id:date:from:to
 :cc:subject:date:message-id:reply-to;
 bh=eaDfrC3SfvFuruEVlktfn2EwMExcgo/vGhlk8SNhNHo=;
 b=NvpIugv77vBxxHCbNX8ufrS6b2doVmDSlN/Wm2vkVfTBFcQkhbwpuE13uRJG4tTGtG
 I0JLN+BqWjoNni+zV/6KtGCsNCyDaZemteu7LE0/fm/RAWNf+bvR0Mp97/mKlwFTSEkG
 PTNb0cwS/6q0acdGLclZ+jiLtLGzPHAVRtGqw=
X-Google-DKIM-Signature: v=1; a=rsa-sha256; c=relaxed/relaxed;
 d=1e100.net; s=20230601; t=1714639799; x=1715244599;
 h=references:in-reply-to:cc:to:from:subject:message-id:date
 :x-gm-message-state:from:to:cc:subject:date:message-id:reply-to;
 bh=eaDfrC3SfvFuruEVlktfn2EwMExcgo/vGhlk8SNhNHo=;
 b=Go8sSjkKt7Nlsr8z6OYcIWXDgmfH+Ij2Qv1nizA5XU8S+OIjHWioL5Zr33v7Apq8LN
 DpEO1uC7KSeY0WlQh/TbxSn0JbL1D5HliuNXcWOZM0CXV0o03PVvWNXLPjPTNB5VQZNy
 1PpI4qagPjePl9nPftwLoUt6UnQIHApDrd9HIlNJv7mcPvzRCLJwRe1elft78a3JkPqh
 KzoxsovhX5z2jM44eB9L0oYZ4td4PUV0RLfdo9+wAB/o4nk4X0qfI5z+wZpcsq8ab/AQ
 6HxELHgfiKyVF2hsNxjzLpwQrxOgBP8sRjm0FEQGZPaNcjYUDoZMbnTJTf7iDoddYIkz
 oTwA==
X-Gm-Message-State: AOJu0Yy+njqa4JBpCFGQoYrErkBoekksEEAEFSUjJ8c9MgpGyIPvTJgt
 SVZyTDkQWm8iwyK+pOqsmnB/jeteiLxI158bPKNku4KcCWxiL44hk7EKjHd2yVtYVRlr+z7x8St
 gx8iS9M52NcSFgdMu5BJlBKwU5hEzOCEwhTrg+/OtfQ2JljAZ28m4ftU3
X-Google-Smtp-Source: AGHT+IGdPBQ3zETVLPwW9GHziBIpni9b2WH0sh9OZieFfAHwVq0FTe5faoVEGkk5nH5SE5bNpj+ghHCvK/Pg
X-Received: by 2002:a05:6214:260b:b0:6a0:cef7:c54d with SMTP id
 gu11-20020a056214260b00b006a0cef7c54dmr6167804qvb.56.1714639799514; 
 Thu, 02 May 2024 01:49:59 -0700 (PDT)
Received: from postal.iol.unh.edu (postal.iol.unh.edu.
 [2606:4100:3880:1234::84]) by smtp-relay.gmail.com with ESMTPS id
 c2-20020a0ceb42000000b006a05c4180e5sm36429qvq.30.2024.05.02.01.49.59
 (version=TLS1_2 cipher=ECDHE-ECDSA-AES128-GCM-SHA256 bits=128/128);
 Thu, 02 May 2024 01:49:59 -0700 (PDT)
X-Relaying-Domain: iol.unh.edu
Date: Thu, 02 May 2024 01:49:59 -0700 (PDT)
Message-ID: <663353b7.0c0a0220.ad7c5.1590SMTPIN_ADDED_MISSING@mx.google.com>
Received: from [172.17.0.4] (unknown [172.18.0.217])
 by postal.iol.unh.edu (Postfix) with ESMTP id 344566052514;
 Thu,  2 May 2024 04:49:59 -0400 (EDT)
Subject: |FAILURE| pw139795-139798 [PATCH] [RFC,v6,6/6] eal: add unit tests f
From: dpdklab@iol.unh.edu
To: Test Report <test-report@dpdk.org>
Cc: dpdk-test-reports@iol.unh.edu,
 Mattias Ronnblom <mattias.ronnblom@ericsson.com>
In-Reply-To: <20240502055706.112443-7-mattias.ronnblom@ericsson.com>
References: <20240502055706.112443-7-mattias.ronnblom@ericsson.com>
Content-Type: text/plain
X-BeenThere: test-report@dpdk.org
X-Mailman-Version: 2.1.29
Precedence: list
List-Id: automatic DPDK test reports <test-report.dpdk.org>
List-Unsubscribe: <https://mails.dpdk.org/options/test-report>,
 <mailto:test-report-request@dpdk.org?subject=unsubscribe>
List-Archive: <http://mails.dpdk.org/archives/test-report/>
List-Post: <mailto:test-report@dpdk.org>
List-Help: <mailto:test-report-request@dpdk.org?subject=help>
List-Subscribe: <https://mails.dpdk.org/listinfo/test-report>,
 <mailto:test-report-request@dpdk.org?subject=subscribe>
Errors-To: test-report-bounces@dpdk.org

Test-Label: iol-unit-amd64-testing
Test-Status: FAILURE
http://dpdk.org/patch/139798

_Testing issues_

Submitter: Mattias Ronnblom <mattias.ronnblom@ericsson.com>
Date: Thursday, May 02 2024 05:57:06 
DPDK git baseline: Repo:dpdk
  Branch: master
  CommitID:7e06c0de1952d3109a5b0c4779d7e7d8059c9d78

139795-139798 --> testing fail

Test environment and result as below:

+------------------+----------------+
|   Environment    | dpdk_unit_test |
+==================+================+
| CentOS Stream 8  | PASS           |
+------------------+----------------+
| CentOS Stream 9  | PASS           |
+------------------+----------------+
| Fedora 37        | PASS           |
+------------------+----------------+
| Debian Bullseye  | PASS           |
+------------------+----------------+
| Debian 12        | PASS           |
+------------------+----------------+
| Fedora 38        | PASS           |
+------------------+----------------+
| Fedora 39        | PASS           |
+------------------+----------------+
| openSUSE Leap 15 | PASS           |
+------------------+----------------+
| RHEL8            | PASS           |
+------------------+----------------+


CentOS Stream 8
	Kernel: 5.4.0-167-generic
	Compiler: gcc 8.5.0 20210514

CentOS Stream 9
	Kernel: 5.4.0-167-generic
	Compiler: gcc 11.4.1 20230605

Fedora 37
	Kernel: Depends on container host system
	Compiler: gcc 12.3.1

Debian Bullseye
	Kernel: 5.4.0-167-generic
	Compiler: gcc 10.2.1-6

Debian 12
	Kernel: Container Host Kernel
	Compiler: gcc 10.2.1

Fedora 38
	Kernel: Depends on container host
	Compiler: gcc 13.2.1

Fedora 39
	Kernel: Depends on container host
	Compiler: clang 17.0.6

openSUSE Leap 15
	Kernel: 5.4.0-167-generic
	Compiler: gcc 7.5.0

RHEL8
	Kernel: 5.4.0-167-generic
	Compiler: gcc 8.5.0 20210514 (Red Hat 8.5.0-20)

To view detailed results, visit:
https://lab.dpdk.org/results/dashboard/patchsets/29896/

UNH-IOL DPDK Community Lab

To manage your email subscriptions, visit: 
https://lab.dpdk.org/results/dashboard/preferences/subscriptions/