From mboxrd@z Thu Jan  1 00:00:00 1970
Return-Path: <test-report-bounces@dpdk.org>
Received: from mails.dpdk.org (mails.dpdk.org [217.70.189.124])
	by inbox.dpdk.org (Postfix) with ESMTP id 7ACDB4400A
	for <public@inbox.dpdk.org>; Sun, 12 May 2024 08:39:47 +0200 (CEST)
Received: from mails.dpdk.org (localhost [127.0.0.1])
	by mails.dpdk.org (Postfix) with ESMTP id 75B2E402BD;
	Sun, 12 May 2024 08:39:47 +0200 (CEST)
Received: from mail-pf1-f225.google.com (mail-pf1-f225.google.com
 [209.85.210.225])
 by mails.dpdk.org (Postfix) with ESMTP id D907C402BC
 for <test-report@dpdk.org>; Sun, 12 May 2024 08:39:45 +0200 (CEST)
Received: by mail-pf1-f225.google.com with SMTP id
 d2e1a72fcca58-6f44e3fd382so2828316b3a.1
 for <test-report@dpdk.org>; Sat, 11 May 2024 23:39:45 -0700 (PDT)
DKIM-Signature: v=1; a=rsa-sha256; c=relaxed/relaxed;
 d=iol.unh.edu; s=unh-iol; t=1715495985; x=1716100785; darn=dpdk.org;
 h=references:in-reply-to:cc:to:from:subject:message-id:date:from:to
 :cc:subject:date:message-id:reply-to;
 bh=pJY4q+p4RncXmXfOp+ep/4M8in5v50zJBlRgF5hVZlA=;
 b=ImWQJLpaf4fKgLROWTbLbhmEafxT8VFz78u+Ew/ZqM10dwsbEsvhufv5guNrMCQEF9
 yCzVCvqQoWays/c7jnfnmUj1DrHZt9wfaeMj/28WwKqfd7zz0e6LMwCJEew2ZGrEFJTZ
 Ry2JtqBYi4dZcR8AHVOVYBfTpTd7tWsIxheFU=
X-Google-DKIM-Signature: v=1; a=rsa-sha256; c=relaxed/relaxed;
 d=1e100.net; s=20230601; t=1715495985; x=1716100785;
 h=references:in-reply-to:cc:to:from:subject:message-id:date
 :x-gm-message-state:from:to:cc:subject:date:message-id:reply-to;
 bh=pJY4q+p4RncXmXfOp+ep/4M8in5v50zJBlRgF5hVZlA=;
 b=uLHLqVqFgrVI22FreFem2nkgm5YueGedHVi07kgPOyPS7X4grfT+xdIHGv4IGrLgXU
 UhYJetKacel3VZAZCSoc74+TQLOrjHdgFcSYMAxgtqdyS1LBRPwaPYUsBiGp5G0MJrGC
 619Z2cDp3fVxcR/ZY+lF9L3WWOOgOo0OI5VZscJFS0kxWeeeg5V9jNK4LmE7i/sJnlr7
 NRjRhWDqzxSh9czvcWElQ4qG0k0QnLL0vtJ/hvFw3JY4CYVAAyh3QIXA0wgtpTQshvyE
 vD+LWHF3EEa2qA0a2rotSjavp6WDac24qmdbXkJa2mXlf1Qc6qMs0/sAtfaeuf3lu/qz
 2O6Q==
X-Gm-Message-State: AOJu0Ywjz2k+Mxuo9J6xfiix9FiTzBqZXDmM7Drw+1DTuUjKCFznX0yT
 FpZnJ26CrmfhC9uQcvl2REvUKtRk0SzTDpHs4U51t7r869UbOTTIdy8lVYZAtHjAN7k3kObr9lQ
 R75E+e9N2WH5mlutFWV3edboAhk60CihBI2lkmxqzop2ZDHDg
X-Google-Smtp-Source: AGHT+IHDR8qT36s9Pikh4qf5arQxt4EmrnywLIM7puJ8hjk2E3pVp5xeZtZeV0TnpehpFpaQzQ9NR3Qnpf37
X-Received: by 2002:a05:6a20:9786:b0:1af:c0f9:b155 with SMTP id
 adf61e73a8af0-1afde201d70mr6100423637.38.1715495985030; 
 Sat, 11 May 2024 23:39:45 -0700 (PDT)
Received: from postal.iol.unh.edu (postal.iol.unh.edu.
 [2606:4100:3880:1234::84]) by smtp-relay.gmail.com with ESMTPS id
 98e67ed59e1d1-2b6702559e0sm360024a91.0.2024.05.11.23.39.44
 (version=TLS1_2 cipher=ECDHE-ECDSA-AES128-GCM-SHA256 bits=128/128);
 Sat, 11 May 2024 23:39:45 -0700 (PDT)
X-Relaying-Domain: iol.unh.edu
Date: Sat, 11 May 2024 23:39:45 -0700 (PDT)
Message-ID: <66406431.170a0220.c4e34.265fSMTPIN_ADDED_MISSING@mx.google.com>
Received: from [172.21.0.6] (unknown [172.18.0.240])
 by postal.iol.unh.edu (Postfix) with ESMTP id 2DFDA604A954;
 Sun, 12 May 2024 02:39:44 -0400 (EDT)
Subject: |WARNING| pw140024 [PATCH] bpf: don't verify classic bpfs
From: dpdklab@iol.unh.edu
To: Test Report <test-report@dpdk.org>
Cc: dpdk-test-reports@iol.unh.edu, Yoav Winstein <yoav.w@claroty.com>
In-Reply-To: <20240512053542.88416-1-yoav.w@claroty.com>
References: <20240512053542.88416-1-yoav.w@claroty.com>
Content-Type: text/plain
X-BeenThere: test-report@dpdk.org
X-Mailman-Version: 2.1.29
Precedence: list
List-Id: automatic DPDK test reports <test-report.dpdk.org>
List-Unsubscribe: <https://mails.dpdk.org/options/test-report>,
 <mailto:test-report-request@dpdk.org?subject=unsubscribe>
List-Archive: <http://mails.dpdk.org/archives/test-report/>
List-Post: <mailto:test-report@dpdk.org>
List-Help: <mailto:test-report-request@dpdk.org?subject=help>
List-Subscribe: <https://mails.dpdk.org/listinfo/test-report>,
 <mailto:test-report-request@dpdk.org?subject=subscribe>
Errors-To: test-report-bounces@dpdk.org

Test-Label: iol-abi-testing
Test-Status: WARNING
http://dpdk.org/patch/140024

_Testing issues_

Submitter: Yoav Winstein <yoav.w@claroty.com>
Date: Sunday, May 12 2024 05:35:42 
DPDK git baseline: Repo:dpdk
  Branch: master
  CommitID:7e06c0de1952d3109a5b0c4779d7e7d8059c9d78

140024 --> testing fail

Test environment and result as below:

+------------------+----------+
|   Environment    | abi_test |
+==================+==========+
| CentOS Stream 9  | FAIL     |
+------------------+----------+
| RHEL8            | FAIL     |
+------------------+----------+
| Debian Bullseye  | FAIL     |
+------------------+----------+
| openSUSE Leap 15 | FAIL     |
+------------------+----------+
| CentOS Stream 8  | FAIL     |
+------------------+----------+
| Fedora 38        | FAIL     |
+------------------+----------+

==== 20 line log output for Fedora 38 (abi_test): ====

CentOS Stream 9
	Kernel: 5.4.0-167-generic
	Compiler: gcc 11.4.1 20230605

RHEL8
	Kernel: 5.4.0-167-generic
	Compiler: gcc 8.5.0 20210514 (Red Hat 8.5.0-20)

Debian Bullseye
	Kernel: 5.4.0-167-generic
	Compiler: gcc 10.2.1-6

openSUSE Leap 15
	Kernel: 5.4.0-167-generic
	Compiler: gcc 7.5.0

CentOS Stream 8
	Kernel: 5.4.0-167-generic
	Compiler: gcc 8.5.0 20210514

Fedora 38
	Kernel: Depends on container host
	Compiler: clang 16.0.6

To view detailed results, visit:
https://lab.dpdk.org/results/dashboard/patchsets/29940/

UNH-IOL DPDK Community Lab

To manage your email subscriptions, visit: 
https://lab.dpdk.org/results/dashboard/preferences/subscriptions/