From: dpdklab@iol.unh.edu
To: Test Report <test-report@dpdk.org>
Cc: dpdk-test-reports@iol.unh.edu
Subject: |SUCCESS| pw140024 [PATCH] bpf: don't verify classic bpfs
Date: Sat, 11 May 2024 23:51:46 -0700 (PDT) [thread overview]
Message-ID: <66406702.630a0220.23221.d1e8SMTPIN_ADDED_MISSING@mx.google.com> (raw)
In-Reply-To: <20240512053542.88416-1-yoav.w@claroty.com>
Test-Label: iol-unit-arm64-testing
Test-Status: SUCCESS
http://dpdk.org/patch/140024
_Testing PASS_
Submitter: Yoav Winstein <yoav.w@claroty.com>
Date: Sunday, May 12 2024 05:35:42
DPDK git baseline: Repo:dpdk
Branch: master
CommitID:7e06c0de1952d3109a5b0c4779d7e7d8059c9d78
140024 --> testing pass
Test environment and result as below:
+--------------------------+----------------+---------------------------+------------------------------+
| Environment | dpdk_unit_test | cryptodev_sw_zuc_autotest | cryptodev_sw_snow3g_autotest |
+==========================+================+===========================+==============================+
| CentOS Stream 9 (ARM) | PASS | SKIPPED | SKIPPED |
+--------------------------+----------------+---------------------------+------------------------------+
| Debian 12 (arm) | PASS | PASS | PASS |
+--------------------------+----------------+---------------------------+------------------------------+
| Debian 11 (Buster) (ARM) | PASS | SKIPPED | SKIPPED |
+--------------------------+----------------+---------------------------+------------------------------+
| Fedora 38 (ARM) | PASS | SKIPPED | SKIPPED |
+--------------------------+----------------+---------------------------+------------------------------+
| Fedora 37 (ARM) | PASS | SKIPPED | SKIPPED |
+--------------------------+----------------+---------------------------+------------------------------+
| Fedora 39 (ARM) | PASS | SKIPPED | SKIPPED |
+--------------------------+----------------+---------------------------+------------------------------+
CentOS Stream 9 (ARM)
Kernel: Container Host Kernel
Compiler: gcc 11.4.1
Debian 12 (arm)
Kernel: Container Host Kernel
Compiler: gcc 12.2.0
Debian 11 (Buster) (ARM)
Kernel: Container Host Kernel
Compiler: gcc 10.2.1
Fedora 38 (ARM)
Kernel: Depends on container host
Compiler: gcc 13.2.1
Fedora 37 (ARM)
Kernel: Depends on container host
Compiler: gcc 12.3.1
Fedora 39 (ARM)
Kernel: Depends on container host
Compiler: gcc 13.2.1
To view detailed results, visit:
https://lab.dpdk.org/results/dashboard/patchsets/29940/
UNH-IOL DPDK Community Lab
To manage your email subscriptions, visit:
https://lab.dpdk.org/results/dashboard/preferences/subscriptions/
next prev parent reply other threads:[~2024-05-12 6:51 UTC|newest]
Thread overview: 90+ messages / expand[flat|nested] mbox.gz Atom feed top
[not found] <20240512053542.88416-1-yoav.w@claroty.com>
2024-05-12 5:09 ` qemudev
2024-05-12 5:14 ` qemudev
2024-05-12 5:36 ` |WARNING| " checkpatch
2024-05-12 6:24 ` |FAILURE| " 0-day Robot
2024-05-12 6:32 ` |SUCCESS| " dpdklab
2024-05-12 6:33 ` dpdklab
2024-05-12 6:34 ` dpdklab
2024-05-12 6:34 ` dpdklab
2024-05-12 6:35 ` dpdklab
2024-05-12 6:35 ` dpdklab
2024-05-12 6:35 ` dpdklab
2024-05-12 6:37 ` dpdklab
2024-05-12 6:37 ` dpdklab
2024-05-12 6:37 ` dpdklab
2024-05-12 6:37 ` dpdklab
2024-05-12 6:37 ` dpdklab
2024-05-12 6:38 ` dpdklab
2024-05-12 6:39 ` dpdklab
2024-05-12 6:39 ` |WARNING| " dpdklab
2024-05-12 6:40 ` |SUCCESS| " dpdklab
2024-05-12 6:40 ` dpdklab
2024-05-12 6:41 ` dpdklab
2024-05-12 6:42 ` dpdklab
2024-05-12 6:42 ` dpdklab
2024-05-12 6:42 ` dpdklab
2024-05-12 6:42 ` dpdklab
2024-05-12 6:43 ` |WARNING| " dpdklab
2024-05-12 6:43 ` |SUCCESS| " dpdklab
2024-05-12 6:44 ` dpdklab
2024-05-12 6:44 ` dpdklab
2024-05-12 6:45 ` |WARNING| " dpdklab
2024-05-12 6:45 ` |SUCCESS| " dpdklab
2024-05-12 6:45 ` dpdklab
2024-05-12 6:46 ` |WARNING| " dpdklab
2024-05-12 6:47 ` dpdklab
2024-05-12 6:48 ` |SUCCESS| " dpdklab
2024-05-12 6:50 ` dpdklab
2024-05-12 6:51 ` dpdklab
2024-05-12 6:51 ` dpdklab
2024-05-12 6:51 ` dpdklab [this message]
2024-05-12 6:52 ` |WARNING| " dpdklab
2024-05-12 6:52 ` |SUCCESS| " dpdklab
2024-05-12 6:52 ` dpdklab
2024-05-12 6:53 ` dpdklab
2024-05-12 6:53 ` dpdklab
2024-05-12 6:53 ` dpdklab
2024-05-12 6:53 ` dpdklab
2024-05-12 6:53 ` dpdklab
2024-05-12 6:53 ` dpdklab
2024-05-12 6:54 ` |WARNING| " dpdklab
2024-05-12 6:54 ` |SUCCESS| " dpdklab
2024-05-12 6:54 ` dpdklab
2024-05-12 6:54 ` dpdklab
2024-05-12 6:55 ` |WARNING| " dpdklab
2024-05-12 6:55 ` |SUCCESS| " dpdklab
2024-05-12 6:55 ` dpdklab
2024-05-12 6:56 ` dpdklab
2024-05-12 6:56 ` dpdklab
2024-05-12 6:56 ` dpdklab
2024-05-12 6:57 ` dpdklab
2024-05-12 6:57 ` dpdklab
2024-05-12 6:57 ` |WARNING| " dpdklab
2024-05-12 6:58 ` |SUCCESS| " dpdklab
2024-05-12 6:58 ` dpdklab
2024-05-12 7:00 ` dpdklab
2024-05-12 7:01 ` dpdklab
2024-05-12 7:03 ` dpdklab
2024-05-12 7:05 ` |WARNING| " dpdklab
2024-05-12 7:05 ` dpdklab
2024-05-12 7:05 ` |SUCCESS| " dpdklab
2024-05-12 7:07 ` dpdklab
2024-05-12 7:07 ` dpdklab
2024-05-12 7:11 ` dpdklab
2024-05-12 7:11 ` dpdklab
2024-05-12 7:13 ` dpdklab
2024-05-12 7:15 ` dpdklab
2024-05-12 7:15 ` dpdklab
2024-05-12 7:18 ` dpdklab
2024-05-12 7:19 ` dpdklab
2024-05-12 7:19 ` dpdklab
2024-05-12 7:22 ` dpdklab
2024-05-12 7:26 ` dpdklab
2024-05-12 7:29 ` dpdklab
2024-05-12 7:33 ` dpdklab
2024-05-12 7:37 ` dpdklab
2024-05-12 7:47 ` dpdklab
2024-05-12 7:56 ` dpdklab
2024-05-12 8:58 ` dpdklab
2024-05-12 9:13 ` dpdklab
2024-05-12 9:34 ` dpdklab
Reply instructions:
You may reply publicly to this message via plain-text email
using any one of the following methods:
* Save the following mbox file, import it into your mail client,
and reply-to-all from there: mbox
Avoid top-posting and favor interleaved quoting:
https://en.wikipedia.org/wiki/Posting_style#Interleaved_style
* Reply using the --to, --cc, and --in-reply-to
switches of git-send-email(1):
git send-email \
--in-reply-to=66406702.630a0220.23221.d1e8SMTPIN_ADDED_MISSING@mx.google.com \
--to=dpdklab@iol.unh.edu \
--cc=dpdk-test-reports@iol.unh.edu \
--cc=test-report@dpdk.org \
/path/to/YOUR_REPLY
https://kernel.org/pub/software/scm/git/docs/git-send-email.html
* If your mail client supports setting the In-Reply-To header
via mailto: links, try the mailto: link
Be sure your reply has a Subject: header at the top and a blank line
before the message body.
This is a public inbox, see mirroring instructions
for how to clone and mirror all data and code used for this inbox;
as well as URLs for NNTP newsgroup(s).